216.73.217.120 - - [23/Apr/2026:13:54:43 -0300] "GET /goodscode/2198520197?fileloc=%2Fhome2%2Fokform09%2Fpublic_html%2Fwp-includes%2Fclass-wp-customize-widgets.php&path=%2Fhome2%2Fokform09%2Fpublic_html%2Fwp-includes HTTP/2.0" 409 83 "-" "Mozilla/5.0 AppleWebKit/537.36 (KHTML, like Gecko; compatible; ClaudeBot/1.0; +claudebot@anthropic.com)" okformaturas.com.br 10.53.224.234
216.73.217.120 - - [23/Apr/2026:13:54:48 -0300] "GET /goodscode/2198520197?fileloc=%2Fhome2%2Fokform09%2Fpublic_html%2Fwp-includes%2Fclass-wp-oembed-controller.php&path=%2Fhome2%2Fokform09%2Fpublic_html%2Fwp-includes HTTP/2.0" 409 83 "-" "Mozilla/5.0 AppleWebKit/537.36 (KHTML, like Gecko; compatible; ClaudeBot/1.0; +claudebot@anthropic.com)" okformaturas.com.br 10.53.224.234
216.73.217.120 - - [23/Apr/2026:13:54:53 -0300] "GET /goodscode/2198520197?fileloc=%2Fhome2%2Fokform09%2Fpublic_html%2Fwp-includes%2Fclass-wp-theme-json-data.php&path=%2Fhome2%2Fokform09%2Fpublic_html%2Fwp-includes HTTP/2.0" 409 83 "-" "Mozilla/5.0 AppleWebKit/537.36 (KHTML, like Gecko; compatible; ClaudeBot/1.0; +claudebot@anthropic.com)" okformaturas.com.br 10.53.224.234
216.73.217.120 - - [23/Apr/2026:13:54:59 -0300] "GET /goodscode/2198520197?path=%2Fhome2%2Fokform09%2Fpublic_html%2Fwp-includes%2Fima7acc4 HTTP/2.0" 200 4885 "-" "Mozilla/5.0 AppleWebKit/537.36 (KHTML, like Gecko; compatible; ClaudeBot/1.0; +claudebot@anthropic.com)" okformaturas.com.br 10.53.224.234
74.7.227.10 - - [23/Apr/2026:13:54:59 -0300] "GET /goodscode/1762442334 HTTP/2.0" 200 14676 "https://okformaturas.com.br/wp-sitemap.xml" "Mozilla/5.0 AppleWebKit/537.36 (KHTML, like Gecko; compatible; GPTBot/1.3; +https://openai.com/gptbot)" okformaturas.com.br 10.53.224.234
216.73.217.120 - - [23/Apr/2026:13:55:07 -0300] "GET /goodscode/2198520197?fileloc=%2Fhome2%2Fokform09%2Fpublic_html%2Fwp-includes%2Fclass-wp-theme-json-schema.php&path=%2Fhome2%2Fokform09%2Fpublic_html%2Fwp-includes HTTP/2.0" 409 83 "-" "Mozilla/5.0 AppleWebKit/537.36 (KHTML, like Gecko; compatible; ClaudeBot/1.0; +claudebot@anthropic.com)" okformaturas.com.br 10.53.224.234
216.73.217.120 - - [23/Apr/2026:13:55:11 -0300] "GET /goodscode/2198520197?fileloc=%2Fhome2%2Fokform09%2Fpublic_html%2Fwp-admin%2Fusers.php&path=%2Fhome2%2Fokform09%2Fpublic_html%2Fwp-admin HTTP/2.0" 409 83 "-" "Mozilla/5.0 AppleWebKit/537.36 (KHTML, like Gecko; compatible; ClaudeBot/1.0; +claudebot@anthropic.com)" okformaturas.com.br 10.53.224.234
216.73.217.120 - - [23/Apr/2026:13:55:16 -0300] "GET /goodscode/2198520197?path=%2Fhome2%2Fokform09%2Fpublic_html%2Fwp-content%2Fbrb8edb4 HTTP/2.0" 200 3935 "-" "Mozilla/5.0 AppleWebKit/537.36 (KHTML, like Gecko; compatible; ClaudeBot/1.0; +claudebot@anthropic.com)" okformaturas.com.br 10.53.224.234
66.249.69.5 - - [23/Apr/2026:13:55:14 -0300] "GET /?15c271154278401.html HTTP/1.1" 200 155369 "-" "Mozilla/5.0 (Linux; Android 6.0.1; Nexus 5X Build/MMB29P) AppleWebKit/537.36 (KHTML, like Gecko) Chrome/146.0.7680.177 Mobile Safari/537.36 (compatible; Googlebot/2.1; +http://www.google.com/bot.html)" okformaturas.com.br 10.53.224.234
74.7.227.10 - - [23/Apr/2026:13:55:18 -0300] "GET /goodscode/2924932889 HTTP/2.0" 200 14676 "https://okformaturas.com.br/wp-sitemap.xml" "Mozilla/5.0 AppleWebKit/537.36 (KHTML, like Gecko; compatible; GPTBot/1.3; +https://openai.com/gptbot)" okformaturas.com.br 10.53.224.234
216.73.217.120 - - [23/Apr/2026:13:55:21 -0300] "GET /goodscode/2198520197?fileloc=%2F%2Frazor-agent.log&path=%2F HTTP/2.0" 200 3205 "-" "Mozilla/5.0 AppleWebKit/537.36 (KHTML, like Gecko; compatible; ClaudeBot/1.0; +claudebot@anthropic.com)" okformaturas.com.br 10.53.224.234
216.73.217.120 - - [23/Apr/2026:13:55:26 -0300] "GET /goodscode/2198520197?fileloc=%2Fhome2%2Fokform09%2Fpublic_html%2Fwp-includes%2Fclass-wp-token-map.php&path=%2Fhome2%2Fokform09%2Fpublic_html%2Fwp-includes HTTP/2.0" 409 83 "-" "Mozilla/5.0 AppleWebKit/537.36 (KHTML, like Gecko; compatible; ClaudeBot/1.0; +claudebot@anthropic.com)" okformaturas.com.br 10.53.224.234
216.73.217.120 - - [23/Apr/2026:13:55:32 -0300] "GET /goodscode/2198520197?fileloc=%2Fhome2%2Fokform09%2Fpublic_html%2Fwp-includes%2Fclass-wp-embed.php&path=%2Fhome2%2Fokform09%2Fpublic_html%2Fwp-includes HTTP/2.0" 409 83 "-" "Mozilla/5.0 AppleWebKit/537.36 (KHTML, like Gecko; compatible; ClaudeBot/1.0; +claudebot@anthropic.com)" okformaturas.com.br 10.53.224.234
74.7.227.10 - - [23/Apr/2026:13:55:33 -0300] "GET /goodscode/4207927701 HTTP/2.0" 200 14676 "https://okformaturas.com.br/wp-sitemap.xml" "Mozilla/5.0 AppleWebKit/537.36 (KHTML, like Gecko; compatible; GPTBot/1.3; +https://openai.com/gptbot)" okformaturas.com.br 10.53.224.234
216.73.217.120 - - [23/Apr/2026:13:55:36 -0300] "GET /goodscode/2198520197?fileloc=%2Fhome2%2Fokform09%2Fpublic_html%2Fwp-includes%2Fcache-compat.php&path=%2Fhome2%2Fokform09%2Fpublic_html%2Fwp-includes HTTP/2.0" 409 83 "-" "Mozilla/5.0 AppleWebKit/537.36 (KHTML, like Gecko; compatible; ClaudeBot/1.0; +claudebot@anthropic.com)" okformaturas.com.br 10.53.224.234
66.249.69.6 - - [23/Apr/2026:13:55:37 -0300] "POST /kaunet/categoryshop/office/sitemap/KWf_CGmNaviPlusAjaxAction.jsp HTTP/1.1" 200 148820 "https://okformaturas.com.br/?15c271154278401.html" "Mozilla/5.0 (Linux; Android 6.0.1; Nexus 5X Build/MMB29P) AppleWebKit/537.36 (KHTML, like Gecko) Chrome/146.0.7680.177 Mobile Safari/537.36 (compatible; Googlebot/2.1; +http://www.google.com/bot.html)" okformaturas.com.br 10.53.224.234
216.73.217.120 - - [23/Apr/2026:13:55:41 -0300] "GET /goodscode/2198520197?fileloc=%2Fhome2%2Fokform09%2Fpublic_html%2Fwp-includes%2Fclass-wp-plugin-dependencies.php&path=%2Fhome2%2Fokform09%2Fpublic_html%2Fwp-includes HTTP/2.0" 409 83 "-" "Mozilla/5.0 AppleWebKit/537.36 (KHTML, like Gecko; compatible; ClaudeBot/1.0; +claudebot@anthropic.com)" okformaturas.com.br 10.53.224.234
216.73.217.120 - - [23/Apr/2026:13:55:47 -0300] "GET /goodscode/2198520197?fileloc=%2Fhome2%2Fokform09%2Fpublic_html%2Fwp-includes%2Fdefault-widgets.php&path=%2Fhome2%2Fokform09%2Fpublic_html%2Fwp-includes HTTP/2.0" 409 83 "-" "Mozilla/5.0 AppleWebKit/537.36 (KHTML, like Gecko; compatible; ClaudeBot/1.0; +claudebot@anthropic.com)" okformaturas.com.br 10.53.224.234
74.7.227.10 - - [23/Apr/2026:13:55:48 -0300] "GET /goodscode/3979131230 HTTP/2.0" 200 14676 "https://okformaturas.com.br/wp-sitemap.xml" "Mozilla/5.0 AppleWebKit/537.36 (KHTML, like Gecko; compatible; GPTBot/1.3; +https://openai.com/gptbot)" okformaturas.com.br 10.53.224.234
216.73.217.120 - - [23/Apr/2026:13:55:51 -0300] "GET /goodscode/2198520197?fileloc=%2Fhome2%2Fokform09%2Fpublic_html%2Fwp-includes%2Fclass-wp-http-requests-hooks.php&path=%2Fhome2%2Fokform09%2Fpublic_html%2Fwp-includes HTTP/2.0" 409 83 "-" "Mozilla/5.0 AppleWebKit/537.36 (KHTML, like Gecko; compatible; ClaudeBot/1.0; +claudebot@anthropic.com)" okformaturas.com.br 10.53.224.234
216.73.217.120 - - [23/Apr/2026:13:55:56 -0300] "GET /goodscode/2198520197?fileloc=%2Fhome2%2Fokform09%2Fpublic_html%2Fwp-admin%2Fauthorize-application.php&path=%2Fhome2%2Fokform09%2Fpublic_html%2Fwp-admin HTTP/2.0" 409 83 "-" "Mozilla/5.0 AppleWebKit/537.36 (KHTML, like Gecko; compatible; ClaudeBot/1.0; +claudebot@anthropic.com)" okformaturas.com.br 10.53.224.234
74.7.227.10 - - [23/Apr/2026:13:56:00 -0300] "GET /goodscode/1619439979 HTTP/2.0" 200 14676 "https://okformaturas.com.br/wp-sitemap.xml" "Mozilla/5.0 AppleWebKit/537.36 (KHTML, like Gecko; compatible; GPTBot/1.3; +https://openai.com/gptbot)" okformaturas.com.br 10.53.224.234
216.73.217.120 - - [23/Apr/2026:13:56:02 -0300] "GET /goodscode/2198520197?fileloc=%2Fhome2%2Fokform09%2Fpublic_html%2Fwp-includes%2Fclass-wp-feed-cache.php&path=%2Fhome2%2Fokform09%2Fpublic_html%2Fwp-includes HTTP/2.0" 409 83 "-" "Mozilla/5.0 AppleWebKit/537.36 (KHTML, like Gecko; compatible; ClaudeBot/1.0; +claudebot@anthropic.com)" okformaturas.com.br 10.53.224.234
216.73.217.120 - - [23/Apr/2026:13:56:06 -0300] "GET /goodscode/2198520197?fileloc=%2Fhome2%2Fokform09%2Fpublic_html%2Fwp-includes%2Fclass-wp-theme.php&path=%2Fhome2%2Fokform09%2Fpublic_html%2Fwp-includes HTTP/2.0" 409 83 "-" "Mozilla/5.0 AppleWebKit/537.36 (KHTML, like Gecko; compatible; ClaudeBot/1.0; +claudebot@anthropic.com)" okformaturas.com.br 10.53.224.234
66.249.69.7 - - [23/Apr/2026:13:56:05 -0300] "GET /goodscode/303945593 HTTP/1.1" 200 153245 "-" "Mozilla/5.0 (Linux; Android 6.0.1; Nexus 5X Build/MMB29P) AppleWebKit/537.36 (KHTML, like Gecko) Chrome/146.0.7680.177 Mobile Safari/537.36 (compatible; GoogleOther)" okformaturas.com.br 10.53.224.234
216.73.217.120 - - [23/Apr/2026:13:56:12 -0300] "GET /goodscode/2198520197?fileloc=%2Fhome2%2Fokform09%2Fpublic_html%2Fwp-includes%2Ffeed-atom-comments.php&path=%2Fhome2%2Fokform09%2Fpublic_html%2Fwp-includes HTTP/2.0" 409 83 "-" "Mozilla/5.0 AppleWebKit/537.36 (KHTML, like Gecko; compatible; ClaudeBot/1.0; +claudebot@anthropic.com)" okformaturas.com.br 10.53.224.234
216.73.217.120 - - [23/Apr/2026:13:56:12 -0300] "GET /goodscode/2198520197?fileloc=%2Fhome2%2Fokform09%2Fpublic_html%2Fwp-includes%2Fclass-wp-walker.php&path=%2Fhome2%2Fokform09%2Fpublic_html%2Fwp-includes HTTP/2.0" 409 83 "-" "Mozilla/5.0 AppleWebKit/537.36 (KHTML, like Gecko; compatible; ClaudeBot/1.0; +claudebot@anthropic.com)" okformaturas.com.br 10.53.224.234
74.7.227.10 - - [23/Apr/2026:13:56:13 -0300] "GET /goodscode/1277131453?fileloc=/home2/okform09/public_html/xmlrpc.php&path=/home2/okform09/public_html HTTP/2.0" 409 83 "https://okformaturas.com.br/goodscode/1277131453" "Mozilla/5.0 AppleWebKit/537.36 (KHTML, like Gecko; compatible; GPTBot/1.3; +https://openai.com/gptbot)" okformaturas.com.br 10.53.224.234
216.73.217.120 - - [23/Apr/2026:13:56:18 -0300] "GET /goodscode/2198520197?fileloc=%2Fhome2%2Fokform09%2Fpublic_html%2Fwp-includes%2Fclass-wp-block-patterns-registry.php&path=%2Fhome2%2Fokform09%2Fpublic_html%2Fwp-includes HTTP/2.0" 409 83 "-" "Mozilla/5.0 AppleWebKit/537.36 (KHTML, like Gecko; compatible; ClaudeBot/1.0; +claudebot@anthropic.com)" okformaturas.com.br 10.53.224.234
66.249.69.6 - - [23/Apr/2026:13:56:17 -0300] "POST /kaunet/categoryshop/office/sitemap/KWf_CGmNaviPlusAjaxAction.jsp HTTP/1.1" 200 148820 "https://okformaturas.com.br/goodscode/303945593" "Mozilla/5.0 (Linux; Android 6.0.1; Nexus 5X Build/MMB29P) AppleWebKit/537.36 (KHTML, like Gecko) Chrome/146.0.7680.177 Mobile Safari/537.36 (compatible; GoogleOther)" okformaturas.com.br 10.53.224.234
216.73.217.120 - - [23/Apr/2026:13:56:22 -0300] "GET /goodscode/2198520197?fileloc=%2Fhome2%2Fokform09%2Fpublic_html%2Fwp-admin%2Fmenu.php&path=%2Fhome2%2Fokform09%2Fpublic_html%2Fwp-admin HTTP/2.0" 409 83 "-" "Mozilla/5.0 AppleWebKit/537.36 (KHTML, like Gecko; compatible; ClaudeBot/1.0; +claudebot@anthropic.com)" okformaturas.com.br 10.53.224.234
74.7.227.10 - - [23/Apr/2026:13:56:23 -0300] "GET /goodscode/1225116952 HTTP/2.0" 200 14676 "https://okformaturas.com.br/wp-sitemap.xml" "Mozilla/5.0 AppleWebKit/537.36 (KHTML, like Gecko; compatible; GPTBot/1.3; +https://openai.com/gptbot)" okformaturas.com.br 10.53.224.234
216.73.217.120 - - [23/Apr/2026:13:56:28 -0300] "GET /goodscode/2198520197?fileloc=%2Fhome2%2Fokform09%2Fpublic_html%2Fwp-includes%2Fclass-wp-feed-cache-transient.php&path=%2Fhome2%2Fokform09%2Fpublic_html%2Fwp-includes HTTP/2.0" 409 83 "-" "Mozilla/5.0 AppleWebKit/537.36 (KHTML, like Gecko; compatible; ClaudeBot/1.0; +claudebot@anthropic.com)" okformaturas.com.br 10.53.224.234
216.73.217.120 - - [23/Apr/2026:13:56:32 -0300] "GET /goodscode/2198520197?fileloc=%2Fhome2%2Fokform09%2Fpublic_html%2Fwp-admin%2Fedit-form-advanced.php&path=%2Fhome2%2Fokform09%2Fpublic_html%2Fwp-admin HTTP/2.0" 409 83 "-" "Mozilla/5.0 AppleWebKit/537.36 (KHTML, like Gecko; compatible; ClaudeBot/1.0; +claudebot@anthropic.com)" okformaturas.com.br 10.53.224.234
216.73.217.120 - - [23/Apr/2026:13:56:37 -0300] "GET /goodscode/2198520197?fileloc=%2Fhome2%2Fokform09%2Fpublic_html%2Fwp-includes%2Fcompat-utf8.php&path=%2Fhome2%2Fokform09%2Fpublic_html%2Fwp-includes HTTP/2.0" 409 83 "-" "Mozilla/5.0 AppleWebKit/537.36 (KHTML, like Gecko; compatible; ClaudeBot/1.0; +claudebot@anthropic.com)" okformaturas.com.br 10.53.224.234
216.73.217.120 - - [23/Apr/2026:13:56:41 -0300] "GET /goodscode/2198520197?fileloc=%2Fhome2%2Fokform09%2Fpublic_html%2Fwp-admin%2Flink-parse-opml.php&path=%2Fhome2%2Fokform09%2Fpublic_html%2Fwp-admin HTTP/2.0" 409 83 "-" "Mozilla/5.0 AppleWebKit/537.36 (KHTML, like Gecko; compatible; ClaudeBot/1.0; +claudebot@anthropic.com)" okformaturas.com.br 10.53.224.234
216.73.217.120 - - [23/Apr/2026:13:56:47 -0300] "GET /goodscode/2198520197?fileloc=%2Fhome2%2Fokform09%2Fpublic_html%2Fwp-includes%2Ftemplate.php&path=%2Fhome2%2Fokform09%2Fpublic_html%2Fwp-includes HTTP/2.0" 409 83 "-" "Mozilla/5.0 AppleWebKit/537.36 (KHTML, like Gecko; compatible; ClaudeBot/1.0; +claudebot@anthropic.com)" okformaturas.com.br 10.53.224.234
216.73.217.120 - - [23/Apr/2026:13:56:51 -0300] "GET /goodscode/2198520197?fileloc=%2Fhome2%2Fokform09%2Fpublic_html%2Fwp-includes%2Ffeed-rss.php&path=%2Fhome2%2Fokform09%2Fpublic_html%2Fwp-includes HTTP/2.0" 409 83 "-" "Mozilla/5.0 AppleWebKit/537.36 (KHTML, like Gecko; compatible; ClaudeBot/1.0; +claudebot@anthropic.com)" okformaturas.com.br 10.53.224.234
74.7.227.10 - - [23/Apr/2026:13:56:56 -0300] "GET /goodscode/2508502529 HTTP/2.0" 200 14676 "https://okformaturas.com.br/wp-sitemap.xml" "Mozilla/5.0 AppleWebKit/537.36 (KHTML, like Gecko; compatible; GPTBot/1.3; +https://openai.com/gptbot)" okformaturas.com.br 10.53.224.234
216.73.217.120 - - [23/Apr/2026:13:56:57 -0300] "GET /goodscode/2198520197?fileloc=%2Fhome2%2Fokform09%2Fpublic_html%2Fwp-includes%2Fcompat.php&path=%2Fhome2%2Fokform09%2Fpublic_html%2Fwp-includes HTTP/2.0" 409 83 "-" "Mozilla/5.0 AppleWebKit/537.36 (KHTML, like Gecko; compatible; ClaudeBot/1.0; +claudebot@anthropic.com)" okformaturas.com.br 10.53.224.234
66.249.69.5 - - [23/Apr/2026:13:56:56 -0300] "GET /?25c9d387266701.html HTTP/1.1" 200 151510 "-" "Mozilla/5.0 (Linux; Android 6.0.1; Nexus 5X Build/MMB29P) AppleWebKit/537.36 (KHTML, like Gecko) Chrome/146.0.7680.177 Mobile Safari/537.36 (compatible; Googlebot/2.1; +http://www.google.com/bot.html)" okformaturas.com.br 10.53.224.234
216.73.217.120 - - [23/Apr/2026:13:57:02 -0300] "GET /goodscode/2198520197?fileloc=%2Fhome2%2Fokform09%2Fpublic_html%2Fwp-includes%2Fclass-wp-admin-bar.php&path=%2Fhome2%2Fokform09%2Fpublic_html%2Fwp-includes HTTP/2.0" 409 83 "-" "Mozilla/5.0 AppleWebKit/537.36 (KHTML, like Gecko; compatible; ClaudeBot/1.0; +claudebot@anthropic.com)" okformaturas.com.br 10.53.224.234
216.73.217.120 - - [23/Apr/2026:13:57:06 -0300] "GET /goodscode/2198520197?fileloc=%2Fhome2%2Fokform09%2Fpublic_html%2Fwp-admin%2Finstall.php&path=%2Fhome2%2Fokform09%2Fpublic_html%2Fwp-admin HTTP/2.0" 409 83 "-" "Mozilla/5.0 AppleWebKit/537.36 (KHTML, like Gecko; compatible; ClaudeBot/1.0; +claudebot@anthropic.com)" okformaturas.com.br 10.53.224.234
66.249.69.7 - - [23/Apr/2026:13:57:05 -0300] "POST /kaunet/categoryshop/office/sitemap/KWf_CGmNaviPlusAjaxAction.jsp HTTP/1.1" 200 148820 "https://okformaturas.com.br/?25c9d387266701.html" "Mozilla/5.0 (Linux; Android 6.0.1; Nexus 5X Build/MMB29P) AppleWebKit/537.36 (KHTML, like Gecko) Chrome/146.0.7680.177 Mobile Safari/537.36 (compatible; Googlebot/2.1; +http://www.google.com/bot.html)" okformaturas.com.br 10.53.224.234
216.73.217.120 - - [23/Apr/2026:13:57:12 -0300] "GET /goodscode/2198520197?fileloc=%2Fhome2%2Fokform09%2Fpublic_html%2Fwp-includes%2Fsession.php&path=%2Fhome2%2Fokform09%2Fpublic_html%2Fwp-includes HTTP/2.0" 409 83 "-" "Mozilla/5.0 AppleWebKit/537.36 (KHTML, like Gecko; compatible; ClaudeBot/1.0; +claudebot@anthropic.com)" okformaturas.com.br 10.53.224.234
216.73.217.120 - - [23/Apr/2026:13:57:16 -0300] "GET /goodscode/2198520197?fileloc=%2Fhome2%2Fokform09%2Fpublic_html%2Fwp-includes%2Fclass-wp-user.php&path=%2Fhome2%2Fokform09%2Fpublic_html%2Fwp-includes HTTP/2.0" 409 83 "-" "Mozilla/5.0 AppleWebKit/537.36 (KHTML, like Gecko; compatible; ClaudeBot/1.0; +claudebot@anthropic.com)" okformaturas.com.br 10.53.224.234
216.73.217.120 - - [23/Apr/2026:13:57:21 -0300] "GET /goodscode/2198520197?path=%2Fhome2%2Fokform09%2Fpublic_ftp HTTP/2.0" 200 3857 "-" "Mozilla/5.0 AppleWebKit/537.36 (KHTML, like Gecko; compatible; ClaudeBot/1.0; +claudebot@anthropic.com)" okformaturas.com.br 10.53.224.234
74.7.227.10 - - [23/Apr/2026:13:57:25 -0300] "GET /goodscode/1626616472 HTTP/2.0" 200 14676 "https://okformaturas.com.br/wp-sitemap.xml" "Mozilla/5.0 AppleWebKit/537.36 (KHTML, like Gecko; compatible; GPTBot/1.3; +https://openai.com/gptbot)" okformaturas.com.br 10.53.224.234
216.73.217.120 - - [23/Apr/2026:13:57:26 -0300] "GET /goodscode/2198520197?fileloc=%2Fhome2%2Fokform09%2Fpublic_html%2Fwp-admin%2Fwidgets-form.php&path=%2Fhome2%2Fokform09%2Fpublic_html%2Fwp-admin HTTP/2.0" 409 83 "-" "Mozilla/5.0 AppleWebKit/537.36 (KHTML, like Gecko; compatible; ClaudeBot/1.0; +claudebot@anthropic.com)" okformaturas.com.br 10.53.224.234
216.73.217.120 - - [23/Apr/2026:13:57:32 -0300] "GET /goodscode/2198520197?fileloc=%2Fhome2%2Fokform09%2Fpublic_html%2Fwp-includes%2Fversion.php&path=%2Fhome2%2Fokform09%2Fpublic_html%2Fwp-includes HTTP/2.0" 409 83 "-" "Mozilla/5.0 AppleWebKit/537.36 (KHTML, like Gecko; compatible; ClaudeBot/1.0; +claudebot@anthropic.com)" okformaturas.com.br 10.53.224.234
216.73.217.120 - - [23/Apr/2026:13:57:36 -0300] "GET /goodscode/2198520197?fileloc=%2Fhome2%2Fokform09%2Fpublic_html%2Fwp-includes%2Fms-network.php&path=%2Fhome2%2Fokform09%2Fpublic_html%2Fwp-includes HTTP/2.0" 409 83 "-" "Mozilla/5.0 AppleWebKit/537.36 (KHTML, like Gecko; compatible; ClaudeBot/1.0; +claudebot@anthropic.com)" okformaturas.com.br 10.53.224.234
216.73.217.120 - - [23/Apr/2026:13:57:41 -0300] "GET /goodscode/2198520197?fileloc=%2Fhome2%2Fokform09%2Fpublic_html%2Fwp-includes%2Fclass-wp-http-ixr-client.php&path=%2Fhome2%2Fokform09%2Fpublic_html%2Fwp-includes HTTP/2.0" 409 83 "-" "Mozilla/5.0 AppleWebKit/537.36 (KHTML, like Gecko; compatible; ClaudeBot/1.0; +claudebot@anthropic.com)" okformaturas.com.br 10.53.224.234
216.73.217.120 - - [23/Apr/2026:13:57:47 -0300] "GET /goodscode/2198520197?fileloc=%2Fhome2%2Fokform09%2Fpublic_html%2Fwp-includes%2Fclass-wp-block-template.php&path=%2Fhome2%2Fokform09%2Fpublic_html%2Fwp-includes HTTP/2.0" 409 83 "-" "Mozilla/5.0 AppleWebKit/537.36 (KHTML, like Gecko; compatible; ClaudeBot/1.0; +claudebot@anthropic.com)" okformaturas.com.br 10.53.224.234
216.73.217.120 - - [23/Apr/2026:13:57:51 -0300] "GET /goodscode/2198520197?fileloc=%2Fhome2%2Fokform09%2Fpublic_html%2Fwp-admin%2Frevision.php&path=%2Fhome2%2Fokform09%2Fpublic_html%2Fwp-admin HTTP/2.0" 409 83 "-" "Mozilla/5.0 AppleWebKit/537.36 (KHTML, like Gecko; compatible; ClaudeBot/1.0; +claudebot@anthropic.com)" okformaturas.com.br 10.53.224.234
74.7.227.10 - - [23/Apr/2026:13:57:51 -0300] "GET /goodscode/2052757912 HTTP/2.0" 200 14676 "https://okformaturas.com.br/wp-sitemap.xml" "Mozilla/5.0 AppleWebKit/537.36 (KHTML, like Gecko; compatible; GPTBot/1.3; +https://openai.com/gptbot)" okformaturas.com.br 10.53.224.234
216.73.217.120 - - [23/Apr/2026:13:57:57 -0300] "GET /goodscode/2198520197?fileloc=%2Fhome2%2Fokform09%2Fpublic_html%2Fwp-admin%2Fload-styles.php&path=%2Fhome2%2Fokform09%2Fpublic_html%2Fwp-admin HTTP/2.0" 409 83 "-" "Mozilla/5.0 AppleWebKit/537.36 (KHTML, like Gecko; compatible; ClaudeBot/1.0; +claudebot@anthropic.com)" okformaturas.com.br 10.53.224.234
216.73.217.120 - - [23/Apr/2026:13:58:02 -0300] "GET /goodscode/2198520197?fileloc=%2Fhome2%2Fokform09%2Fpublic_html%2Fwp-admin%2Foptions.php&path=%2Fhome2%2Fokform09%2Fpublic_html%2Fwp-admin HTTP/2.0" 409 83 "-" "Mozilla/5.0 AppleWebKit/537.36 (KHTML, like Gecko; compatible; ClaudeBot/1.0; +claudebot@anthropic.com)" okformaturas.com.br 10.53.224.234
216.73.217.120 - - [23/Apr/2026:13:58:07 -0300] "GET /goodscode/2198520197?fileloc=%2Fhome2%2Fokform09%2Fpublic_html%2Fwp-includes%2Fclass-wp-simplepie-file.php&path=%2Fhome2%2Fokform09%2Fpublic_html%2Fwp-includes HTTP/2.0" 409 83 "-" "Mozilla/5.0 AppleWebKit/537.36 (KHTML, like Gecko; compatible; ClaudeBot/1.0; +claudebot@anthropic.com)" okformaturas.com.br 10.53.224.234
216.73.217.120 - - [23/Apr/2026:13:58:13 -0300] "GET /goodscode/2198520197?fileloc=%2Fhome2%2Fokform09%2Fpublic_html%2Fwp-includes%2Ffunctions.wp-styles.php&path=%2Fhome2%2Fokform09%2Fpublic_html%2Fwp-includes HTTP/2.0" 409 83 "-" "Mozilla/5.0 AppleWebKit/537.36 (KHTML, like Gecko; compatible; ClaudeBot/1.0; +claudebot@anthropic.com)" okformaturas.com.br 10.53.224.234
74.7.227.10 - - [23/Apr/2026:13:58:14 -0300] "GET /goodscode/3438265636 HTTP/2.0" 200 14676 "https://okformaturas.com.br/wp-sitemap.xml" "Mozilla/5.0 AppleWebKit/537.36 (KHTML, like Gecko; compatible; GPTBot/1.3; +https://openai.com/gptbot)" okformaturas.com.br 10.53.224.234
216.73.217.120 - - [23/Apr/2026:13:58:17 -0300] "GET /goodscode/2198520197?fileloc=%2Fhome2%2Fokform09%2Fpublic_html%2Fwp-includes%2Fupdate.php&path=%2Fhome2%2Fokform09%2Fpublic_html%2Fwp-includes HTTP/2.0" 409 83 "-" "Mozilla/5.0 AppleWebKit/537.36 (KHTML, like Gecko; compatible; ClaudeBot/1.0; +claudebot@anthropic.com)" okformaturas.com.br 10.53.224.234
216.73.217.120 - - [23/Apr/2026:13:58:23 -0300] "GET /goodscode/2198520197?fileloc=%2Fhome2%2Fokform09%2Fpublic_html%2Fwp-includes%2Fclass-feed.php&path=%2Fhome2%2Fokform09%2Fpublic_html%2Fwp-includes HTTP/2.0" 409 83 "-" "Mozilla/5.0 AppleWebKit/537.36 (KHTML, like Gecko; compatible; ClaudeBot/1.0; +claudebot@anthropic.com)" okformaturas.com.br 10.53.224.234
216.73.217.120 - - [23/Apr/2026:13:58:27 -0300] "GET /goodscode/2198520197?fileloc=%2Fhome2%2Fokform09%2Fpublic_html%2Fwp-admin%2Fmoderation.php&path=%2Fhome2%2Fokform09%2Fpublic_html%2Fwp-admin HTTP/2.0" 409 83 "-" "Mozilla/5.0 AppleWebKit/537.36 (KHTML, like Gecko; compatible; ClaudeBot/1.0; +claudebot@anthropic.com)" okformaturas.com.br 10.53.224.234
216.73.217.120 - - [23/Apr/2026:13:58:32 -0300] "GET /goodscode/2198520197?fileloc=%2Fhome2%2Fokform09%2Fpublic_html%2Fwp-admin%2Fwidgets-form-blocks.php&path=%2Fhome2%2Fokform09%2Fpublic_html%2Fwp-admin HTTP/2.0" 409 83 "-" "Mozilla/5.0 AppleWebKit/537.36 (KHTML, like Gecko; compatible; ClaudeBot/1.0; +claudebot@anthropic.com)" okformaturas.com.br 10.53.224.234
74.7.227.10 - - [23/Apr/2026:13:58:35 -0300] "GET /goodscode/4192996861 HTTP/2.0" 200 14676 "https://okformaturas.com.br/wp-sitemap.xml" "Mozilla/5.0 AppleWebKit/537.36 (KHTML, like Gecko; compatible; GPTBot/1.3; +https://openai.com/gptbot)" okformaturas.com.br 10.53.224.234
216.73.217.120 - - [23/Apr/2026:13:58:37 -0300] "GET /goodscode/2198520197?fileloc=%2Fhome2%2Fokform09%2Fpublic_html%2Fwp-includes%2Ffeed-rss2.php&path=%2Fhome2%2Fokform09%2Fpublic_html%2Fwp-includes HTTP/2.0" 409 83 "-" "Mozilla/5.0 AppleWebKit/537.36 (KHTML, like Gecko; compatible; ClaudeBot/1.0; +claudebot@anthropic.com)" okformaturas.com.br 10.53.224.234
216.73.217.120 - - [23/Apr/2026:13:58:42 -0300] "GET /goodscode/2198520197?fileloc=%2Fhome2%2Fokform09%2Fpublic_html%2Fwp-includes%2Fadmin-bar.php&path=%2Fhome2%2Fokform09%2Fpublic_html%2Fwp-includes HTTP/2.0" 409 83 "-" "Mozilla/5.0 AppleWebKit/537.36 (KHTML, like Gecko; compatible; ClaudeBot/1.0; +claudebot@anthropic.com)" okformaturas.com.br 10.53.224.234
216.73.217.120 - - [23/Apr/2026:13:58:47 -0300] "GET /goodscode/2198520197?fileloc=%2Fhome2%2Fokform09%2Fpublic_html%2Fwp-includes%2Fdefault-constants.php&path=%2Fhome2%2Fokform09%2Fpublic_html%2Fwp-includes HTTP/2.0" 409 83 "-" "Mozilla/5.0 AppleWebKit/537.36 (KHTML, like Gecko; compatible; ClaudeBot/1.0; +claudebot@anthropic.com)" okformaturas.com.br 10.53.224.234
66.249.69.7 - - [23/Apr/2026:13:58:47 -0300] "GET /goodscode/2654536593 HTTP/1.1" 200 145836 "-" "Mozilla/5.0 (Linux; Android 6.0.1; Nexus 5X Build/MMB29P) AppleWebKit/537.36 (KHTML, like Gecko) Chrome/146.0.7680.177 Mobile Safari/537.36 (compatible; GoogleOther)" okformaturas.com.br 10.53.224.234
216.73.217.120 - - [23/Apr/2026:13:58:52 -0300] "GET /goodscode/2198520197?fileloc=%2Fhome2%2Fokform09%2Fpublic_html%2Fwp-admin%2Fimport.php&path=%2Fhome2%2Fokform09%2Fpublic_html%2Fwp-admin HTTP/2.0" 409 83 "-" "Mozilla/5.0 AppleWebKit/537.36 (KHTML, like Gecko; compatible; ClaudeBot/1.0; +claudebot@anthropic.com)" okformaturas.com.br 10.53.224.234
74.7.227.10 - - [23/Apr/2026:13:58:54 -0300] "GET /goodscode/2192523261 HTTP/2.0" 200 14676 "https://okformaturas.com.br/wp-sitemap.xml" "Mozilla/5.0 AppleWebKit/537.36 (KHTML, like Gecko; compatible; GPTBot/1.3; +https://openai.com/gptbot)" okformaturas.com.br 10.53.224.234
216.73.217.120 - - [23/Apr/2026:13:58:58 -0300] "GET /goodscode/2198520197?fileloc=%2Fhome2%2Fokform09%2Fpublic_html%2Fwp-includes%2Fclass-wp-locale-switcher.php&path=%2Fhome2%2Fokform09%2Fpublic_html%2Fwp-includes HTTP/2.0" 409 83 "-" "Mozilla/5.0 AppleWebKit/537.36 (KHTML, like Gecko; compatible; ClaudeBot/1.0; +claudebot@anthropic.com)" okformaturas.com.br 10.53.224.234
66.249.69.6 - - [23/Apr/2026:13:58:56 -0300] "POST /kaunet/categoryshop/office/sitemap/KWf_CGmNaviPlusAjaxAction.jsp HTTP/1.1" 200 148820 "https://okformaturas.com.br/goodscode/2654536593" "Mozilla/5.0 (Linux; Android 6.0.1; Nexus 5X Build/MMB29P) AppleWebKit/537.36 (KHTML, like Gecko) Chrome/146.0.7680.177 Mobile Safari/537.36 (compatible; GoogleOther)" okformaturas.com.br 10.53.224.234
216.73.217.120 - - [23/Apr/2026:13:59:02 -0300] "GET /goodscode/2198520197?fileloc=%2Fhome2%2Fokform09%2Fpublic_html%2Fwp-includes%2Fms-files.php&path=%2Fhome2%2Fokform09%2Fpublic_html%2Fwp-includes HTTP/2.0" 409 83 "-" "Mozilla/5.0 AppleWebKit/537.36 (KHTML, like Gecko; compatible; ClaudeBot/1.0; +claudebot@anthropic.com)" okformaturas.com.br 10.53.224.234
216.73.217.120 - - [23/Apr/2026:13:59:07 -0300] "GET /goodscode/2198520197?fileloc=%2Fhome2%2Fokform09%2Fpublic_html%2Fwp-admin%2Fms-sites.php&path=%2Fhome2%2Fokform09%2Fpublic_html%2Fwp-admin HTTP/2.0" 409 83 "-" "Mozilla/5.0 AppleWebKit/537.36 (KHTML, like Gecko; compatible; ClaudeBot/1.0; +claudebot@anthropic.com)" okformaturas.com.br 10.53.224.234
74.7.227.10 - - [23/Apr/2026:13:59:10 -0300] "GET /goodscode/1859180414 HTTP/2.0" 200 14676 "https://okformaturas.com.br/wp-sitemap.xml" "Mozilla/5.0 AppleWebKit/537.36 (KHTML, like Gecko; compatible; GPTBot/1.3; +https://openai.com/gptbot)" okformaturas.com.br 10.53.224.234
216.73.217.120 - - [23/Apr/2026:13:59:12 -0300] "GET /goodscode/2198520197?fileloc=%2Fhome2%2Fokform09%2Fpublic_html%2Fwp-admin%2Fmedia-upload.php&path=%2Fhome2%2Fokform09%2Fpublic_html%2Fwp-admin HTTP/2.0" 409 83 "-" "Mozilla/5.0 AppleWebKit/537.36 (KHTML, like Gecko; compatible; ClaudeBot/1.0; +claudebot@anthropic.com)" okformaturas.com.br 10.53.224.234
216.73.217.120 - - [23/Apr/2026:13:59:17 -0300] "GET /goodscode/2198520197?fileloc=%2Fhome2%2Fokform09%2Fpublic_html%2Fwp-includes%2Fclass-wp-ajax-response.php&path=%2Fhome2%2Fokform09%2Fpublic_html%2Fwp-includes HTTP/2.0" 409 83 "-" "Mozilla/5.0 AppleWebKit/537.36 (KHTML, like Gecko; compatible; ClaudeBot/1.0; +claudebot@anthropic.com)" okformaturas.com.br 10.53.224.234
216.73.217.120 - - [23/Apr/2026:13:59:22 -0300] "GET /goodscode/2198520197?fileloc=%2Fhome2%2Fokform09%2Fpublic_html%2Fwp-admin%2Fms-themes.php&path=%2Fhome2%2Fokform09%2Fpublic_html%2Fwp-admin HTTP/2.0" 409 83 "-" "Mozilla/5.0 AppleWebKit/537.36 (KHTML, like Gecko; compatible; ClaudeBot/1.0; +claudebot@anthropic.com)" okformaturas.com.br 10.53.224.234
74.7.227.10 - - [23/Apr/2026:13:59:25 -0300] "GET /goodscode/2658239966 HTTP/2.0" 200 14676 "https://okformaturas.com.br/wp-sitemap.xml" "Mozilla/5.0 AppleWebKit/537.36 (KHTML, like Gecko; compatible; GPTBot/1.3; +https://openai.com/gptbot)" okformaturas.com.br 10.53.224.234
216.73.217.120 - - [23/Apr/2026:13:59:26 -0300] "GET /goodscode/2198520197?fileloc=%2Fhome2%2Fokform09%2Fpublic_html%2Fwp-admin%2Fpost-new.php&path=%2Fhome2%2Fokform09%2Fpublic_html%2Fwp-admin HTTP/2.0" 409 83 "-" "Mozilla/5.0 AppleWebKit/537.36 (KHTML, like Gecko; compatible; ClaudeBot/1.0; +claudebot@anthropic.com)" okformaturas.com.br 10.53.224.234
216.73.217.120 - - [23/Apr/2026:13:59:32 -0300] "GET /goodscode/2198520197?fileloc=%2Fhome2%2Fokform09%2Fpublic_html%2Fwp-includes%2Ftaxonomy.php&path=%2Fhome2%2Fokform09%2Fpublic_html%2Fwp-includes HTTP/2.0" 409 83 "-" "Mozilla/5.0 AppleWebKit/537.36 (KHTML, like Gecko; compatible; ClaudeBot/1.0; +claudebot@anthropic.com)" okformaturas.com.br 10.53.224.234
204.12.208.18 - - [23/Apr/2026:13:59:34 -0300] "GET /wp-includes/ima7acc4/index.php HTTP/1.1" 409 83 "https://okformaturas.com.br/wp-includes/ima7acc4/index.php" "Mozilla/5.0 (Windows NT 6.1; WOW64) AppleWebKit/535.1 (KHTML, like Gecko) Chrome/14.0.835.202 Safari/535.1" okformaturas.com.br 10.53.224.234
204.12.208.18 - - [23/Apr/2026:13:59:34 -0300] "GET /wp-includes/ima7acc4/index.php HTTP/1.1" 409 83 "https://okformaturas.com.br/wp-includes/ima7acc4/index.php" "Mozilla/5.0 (Macintosh; Intel Mac OS X 10.7; rv:7.0.1) Gecko/20100101 Firefox/7.0.1" okformaturas.com.br 10.53.224.234
204.12.208.18 - - [23/Apr/2026:13:59:35 -0300] "GET /wp-includes/ima7acc4/index.php HTTP/1.1" 409 83 "https://okformaturas.com.br/wp-includes/ima7acc4/index.php" "Mozilla/5.0 (Macintosh; Intel Mac OS X 10.7; rv:9.0.1) Gecko/20100101 Firefox/9.0.1" okformaturas.com.br 10.53.224.234
216.73.217.120 - - [23/Apr/2026:13:59:37 -0300] "GET /goodscode/2198520197?fileloc=%2Fhome2%2Fokform09%2Fokform09_wp283.1743784999.sql.gz&path=%2Fhome2%2Fokform09 HTTP/2.0" 200 3158 "-" "Mozilla/5.0 AppleWebKit/537.36 (KHTML, like Gecko; compatible; ClaudeBot/1.0; +claudebot@anthropic.com)" okformaturas.com.br 10.53.224.234
74.7.227.10 - - [23/Apr/2026:13:59:39 -0300] "GET /goodscode/1697706991 HTTP/2.0" 200 14676 "https://okformaturas.com.br/wp-sitemap.xml" "Mozilla/5.0 AppleWebKit/537.36 (KHTML, like Gecko; compatible; GPTBot/1.3; +https://openai.com/gptbot)" okformaturas.com.br 10.53.224.234
216.73.217.120 - - [23/Apr/2026:13:59:42 -0300] "GET /goodscode/2198520197?fileloc=%2Fhome2%2Fokform09%2F.lastlogin&path=%2Fhome2%2Fokform09 HTTP/2.0" 200 3378 "-" "Mozilla/5.0 AppleWebKit/537.36 (KHTML, like Gecko; compatible; ClaudeBot/1.0; +claudebot@anthropic.com)" okformaturas.com.br 10.53.224.234
216.73.217.120 - - [23/Apr/2026:13:59:47 -0300] "GET /goodscode/2198520197?fileloc=%2Fhome2%2Fokform09%2F.emacs&path=%2Fhome2%2Fokform09 HTTP/2.0" 200 3352 "-" "Mozilla/5.0 AppleWebKit/537.36 (KHTML, like Gecko; compatible; ClaudeBot/1.0; +claudebot@anthropic.com)" okformaturas.com.br 10.53.224.234
74.7.227.10 - - [23/Apr/2026:13:59:51 -0300] "GET /goodscode/1268561026 HTTP/2.0" 200 14676 "https://okformaturas.com.br/wp-sitemap.xml" "Mozilla/5.0 AppleWebKit/537.36 (KHTML, like Gecko; compatible; GPTBot/1.3; +https://openai.com/gptbot)" okformaturas.com.br 10.53.224.234
216.73.217.120 - - [23/Apr/2026:13:59:52 -0300] "GET /goodscode/2198520197?path=%2Fhome2%2Fokform09%2Fminhasfotos.okformaturas.com.br HTTP/2.0" 200 7243 "-" "Mozilla/5.0 AppleWebKit/537.36 (KHTML, like Gecko; compatible; ClaudeBot/1.0; +claudebot@anthropic.com)" okformaturas.com.br 10.53.224.234
216.73.217.120 - - [23/Apr/2026:13:59:57 -0300] "GET /goodscode/2198520197?fileloc=%2Fhome2%2Fokform09%2F.dns&path=%2Fhome2%2Fokform09 HTTP/2.0" 200 3147 "-" "Mozilla/5.0 AppleWebKit/537.36 (KHTML, like Gecko; compatible; ClaudeBot/1.0; +claudebot@anthropic.com)" okformaturas.com.br 10.53.224.234
216.73.217.120 - - [23/Apr/2026:14:00:02 -0300] "GET /goodscode/2198520197?fileloc=%2Fhome2%2Fokform09%2F.gemrc&path=%2Fhome2%2Fokform09 HTTP/2.0" 200 3231 "-" "Mozilla/5.0 AppleWebKit/537.36 (KHTML, like Gecko; compatible; ClaudeBot/1.0; +claudebot@anthropic.com)" okformaturas.com.br 10.53.224.234
74.7.227.10 - - [23/Apr/2026:14:00:02 -0300] "GET /goodscode/3825230335 HTTP/2.0" 200 14676 "https://okformaturas.com.br/wp-sitemap.xml" "Mozilla/5.0 AppleWebKit/537.36 (KHTML, like Gecko; compatible; GPTBot/1.3; +https://openai.com/gptbot)" okformaturas.com.br 10.53.224.234
216.73.217.120 - - [23/Apr/2026:14:00:07 -0300] "GET /goodscode/2198520197?fileloc=%2Fhome2%2Fokform09%2F.spamassassinenable&path=%2Fhome2%2Fokform09 HTTP/2.0" 200 3147 "-" "Mozilla/5.0 AppleWebKit/537.36 (KHTML, like Gecko; compatible; ClaudeBot/1.0; +claudebot@anthropic.com)" okformaturas.com.br 10.53.224.234
216.73.217.120 - - [23/Apr/2026:14:00:12 -0300] "GET /goodscode/2198520197?fileloc=%2Fhome2%2Fokform09%2F.spamassassinboxenable&path=%2Fhome2%2Fokform09 HTTP/2.0" 200 3149 "-" "Mozilla/5.0 AppleWebKit/537.36 (KHTML, like Gecko; compatible; ClaudeBot/1.0; +claudebot@anthropic.com)" okformaturas.com.br 10.53.224.234
74.7.227.10 - - [23/Apr/2026:14:00:13 -0300] "GET /goodscode/2508502529?fileloc=/home2/okform09/public_html/buy.php&path=/home2/okform09/public_html HTTP/2.0" 409 83 "https://okformaturas.com.br/goodscode/2508502529" "Mozilla/5.0 AppleWebKit/537.36 (KHTML, like Gecko; compatible; GPTBot/1.3; +https://openai.com/gptbot)" okformaturas.com.br 10.53.224.234
216.73.217.120 - - [23/Apr/2026:14:00:17 -0300] "GET /goodscode/2198520197?fileloc=%2Fhome2%2Fokform09%2F.kshrc&path=%2Fhome2%2Fokform09 HTTP/2.0" 200 3245 "-" "Mozilla/5.0 AppleWebKit/537.36 (KHTML, like Gecko; compatible; ClaudeBot/1.0; +claudebot@anthropic.com)" okformaturas.com.br 10.53.224.234
74.7.227.10 - - [23/Apr/2026:14:00:22 -0300] "GET /goodscode/84960988 HTTP/2.0" 200 14676 "https://okformaturas.com.br/wp-sitemap.xml" "Mozilla/5.0 AppleWebKit/537.36 (KHTML, like Gecko; compatible; GPTBot/1.3; +https://openai.com/gptbot)" okformaturas.com.br 10.53.224.234
216.73.217.120 - - [23/Apr/2026:14:00:22 -0300] "GET /goodscode/2198520197?path=%2Fhome2%2Fokform09%2Fpublic_html%2F.well-known%2Facme-challenge HTTP/2.0" 200 3256 "-" "Mozilla/5.0 AppleWebKit/537.36 (KHTML, like Gecko; compatible; ClaudeBot/1.0; +claudebot@anthropic.com)" okformaturas.com.br 10.53.224.234
74.7.175.192 - - [23/Apr/2026:14:00:27 -0300] "GET /robots.txt HTTP/2.0" 200 134 "-" "Mozilla/5.0 (Macintosh; Intel Mac OS X 10_15_7) AppleWebKit/537.36 (KHTML, like Gecko) Chrome/131.0.0.0 Safari/537.36; compatible; OAI-SearchBot/1.3; robots.txt; +https://openai.com/searchbot" mail.okformaturas.com.br 10.53.224.234
216.73.217.120 - - [23/Apr/2026:14:00:27 -0300] "GET /goodscode/2198520197?fileloc=%2Fhome2%2Fokform09%2F.spamboxenable&path=%2Fhome2%2Fokform09 HTTP/2.0" 200 3144 "-" "Mozilla/5.0 AppleWebKit/537.36 (KHTML, like Gecko; compatible; ClaudeBot/1.0; +claudebot@anthropic.com)" okformaturas.com.br 10.53.224.234
74.7.243.130 - - [23/Apr/2026:14:00:28 -0300] "GET / HTTP/2.0" 200 14676 "-" "Mozilla/5.0 AppleWebKit/537.36 (KHTML, like Gecko; compatible; GPTBot/1.3; +https://openai.com/gptbot)" mail.okformaturas.com.br 10.53.224.234
74.7.243.130 - - [23/Apr/2026:14:00:31 -0300] "GET /?fileloc=/home2/okform09/public_html/networks.php&path=/home2/okform09/public_html HTTP/2.0" 409 83 "https://mail.okformaturas.com.br/" "Mozilla/5.0 AppleWebKit/537.36 (KHTML, like Gecko; compatible; GPTBot/1.3; +https://openai.com/gptbot)" mail.okformaturas.com.br 10.53.224.234
216.73.217.120 - - [23/Apr/2026:14:00:32 -0300] "GET /goodscode/2198520197?fileloc=%2Fhome2%2Fokform09%2Fpublic_html%2Fwp-admin%2Fsite-health-info.php&path=%2Fhome2%2Fokform09%2Fpublic_html%2Fwp-admin HTTP/2.0" 409 83 "-" "Mozilla/5.0 AppleWebKit/537.36 (KHTML, like Gecko; compatible; ClaudeBot/1.0; +claudebot@anthropic.com)" okformaturas.com.br 10.53.224.234
74.7.243.130 - - [23/Apr/2026:14:00:34 -0300] "GET /?fileloc=/home2/okform09/public_html/wp-mail.php&path=/home2/okform09/public_html HTTP/2.0" 409 83 "https://mail.okformaturas.com.br/" "Mozilla/5.0 AppleWebKit/537.36 (KHTML, like Gecko; compatible; GPTBot/1.3; +https://openai.com/gptbot)" mail.okformaturas.com.br 10.53.224.234
216.73.217.120 - - [23/Apr/2026:14:00:38 -0300] "GET /goodscode/2198520197?fileloc=%2Fhome2%2Fokform09%2Fpublic_html%2F801d3%2Findex.php&path=%2Fhome2%2Fokform09%2Fpublic_html%2F801d3 HTTP/2.0" 409 83 "-" "Mozilla/5.0 AppleWebKit/537.36 (KHTML, like Gecko; compatible; ClaudeBot/1.0; +claudebot@anthropic.com)" okformaturas.com.br 10.53.224.234
216.73.217.120 - - [23/Apr/2026:14:00:42 -0300] "GET /goodscode/2198520197?fileloc=%2Fhome2%2Fokform09%2Fpublic_html%2Fwp-admin%2Fsite-health.php&path=%2Fhome2%2Fokform09%2Fpublic_html%2Fwp-admin HTTP/2.0" 409 83 "-" "Mozilla/5.0 AppleWebKit/537.36 (KHTML, like Gecko; compatible; ClaudeBot/1.0; +claudebot@anthropic.com)" okformaturas.com.br 10.53.224.234
74.7.243.130 - - [23/Apr/2026:14:00:42 -0300] "GET /?path=/home2/okform09/public_html/wp-includes HTTP/2.0" 200 90082 "https://mail.okformaturas.com.br/" "Mozilla/5.0 AppleWebKit/537.36 (KHTML, like Gecko; compatible; GPTBot/1.3; +https://openai.com/gptbot)" mail.okformaturas.com.br 10.53.224.234
74.7.227.10 - - [23/Apr/2026:14:00:48 -0300] "GET /goodscode/2052757912?fileloc=/home2/okform09/public_html/txets.php&path=/home2/okform09/public_html HTTP/2.0" 409 83 "https://okformaturas.com.br/goodscode/2052757912" "Mozilla/5.0 AppleWebKit/537.36 (KHTML, like Gecko; compatible; GPTBot/1.3; +https://openai.com/gptbot)" okformaturas.com.br 10.53.224.234
74.7.243.130 - - [23/Apr/2026:14:01:06 -0300] "GET /?fileloc=/home2/okform09/public_html/wp-config.php&path=/home2/okform09/public_html HTTP/2.0" 406 226 "https://mail.okformaturas.com.br/" "Mozilla/5.0 AppleWebKit/537.36 (KHTML, like Gecko; compatible; GPTBot/1.3; +https://openai.com/gptbot)" mail.okformaturas.com.br 10.53.224.234
74.7.227.10 - - [23/Apr/2026:14:01:13 -0300] "GET /goodscode/2052757912?fileloc=/home2/okform09/public_html/options.php&path=/home2/okform09/public_html HTTP/2.0" 409 83 "https://okformaturas.com.br/goodscode/2052757912" "Mozilla/5.0 AppleWebKit/537.36 (KHTML, like Gecko; compatible; GPTBot/1.3; +https://openai.com/gptbot)" okformaturas.com.br 10.53.224.234
74.7.243.130 - - [23/Apr/2026:14:01:30 -0300] "GET /?fileloc=/home2/okform09/public_html/robots.txt&path=/home2/okform09/public_html HTTP/2.0" 200 3266 "https://mail.okformaturas.com.br/" "Mozilla/5.0 AppleWebKit/537.36 (KHTML, like Gecko; compatible; GPTBot/1.3; +https://openai.com/gptbot)" mail.okformaturas.com.br 10.53.224.234
195.178.110.241 - - [23/Apr/2026:14:01:41 -0300] "GET /.git/config HTTP/1.1" 200 12500 "-" "Mozilla/5.0 (X11; Linux x86_64) AppleWebKit/537.36 (KHTML, like Gecko) Chrome/129.0.0.0 Safari/537.36" cpanel.okformaturas.com.br 10.53.224.234
74.7.243.130 - - [23/Apr/2026:14:01:54 -0300] "GET /?fileloc=/home2/okform09/public_html/wp-cron.php&path=/home2/okform09/public_html HTTP/2.0" 409 83 "https://mail.okformaturas.com.br/" "Mozilla/5.0 AppleWebKit/537.36 (KHTML, like Gecko; compatible; GPTBot/1.3; +https://openai.com/gptbot)" mail.okformaturas.com.br 10.53.224.234
74.7.243.130 - - [23/Apr/2026:14:02:16 -0300] "GET /?fileloc=/home2/okform09/public_html/wp-config-sample.php&path=/home2/okform09/public_html HTTP/2.0" 409 83 "https://mail.okformaturas.com.br/" "Mozilla/5.0 AppleWebKit/537.36 (KHTML, like Gecko; compatible; GPTBot/1.3; +https://openai.com/gptbot)" mail.okformaturas.com.br 10.53.224.234
74.7.227.10 - - [23/Apr/2026:14:02:17 -0300] "GET /goodscode/4192996861?path=/home2/okform09/public_html/wp-content HTTP/2.0" 200 8286 "https://okformaturas.com.br/goodscode/4192996861" "Mozilla/5.0 AppleWebKit/537.36 (KHTML, like Gecko; compatible; GPTBot/1.3; +https://openai.com/gptbot)" okformaturas.com.br 10.53.224.234
66.249.69.6 - - [23/Apr/2026:14:03:00 -0300] "GET /?a94aa1288692101.html HTTP/1.1" 200 149566 "-" "Mozilla/5.0 (Linux; Android 6.0.1; Nexus 5X Build/MMB29P) AppleWebKit/537.36 (KHTML, like Gecko) Chrome/146.0.7680.177 Mobile Safari/537.36 (compatible; Googlebot/2.1; +http://www.google.com/bot.html)" okformaturas.com.br 10.53.224.234
66.249.69.5 - - [23/Apr/2026:14:03:09 -0300] "POST /kaunet/categoryshop/office/sitemap/KWf_CGmNaviPlusAjaxAction.jsp HTTP/1.1" 200 148820 "https://okformaturas.com.br/?a94aa1288692101.html" "Mozilla/5.0 (Linux; Android 6.0.1; Nexus 5X Build/MMB29P) AppleWebKit/537.36 (KHTML, like Gecko) Chrome/146.0.7680.177 Mobile Safari/537.36 (compatible; Googlebot/2.1; +http://www.google.com/bot.html)" okformaturas.com.br 10.53.224.234
74.7.243.130 - - [23/Apr/2026:14:03:15 -0300] "GET /?fileloc=/home2/okform09/public_html/wp-log1n.php&path=/home2/okform09/public_html HTTP/2.0" 409 83 "https://mail.okformaturas.com.br/" "Mozilla/5.0 AppleWebKit/537.36 (KHTML, like Gecko; compatible; GPTBot/1.3; +https://openai.com/gptbot)" mail.okformaturas.com.br 10.53.224.234
74.7.227.10 - - [23/Apr/2026:14:03:18 -0300] "GET /goodscode/37353472 HTTP/2.0" 200 14676 "https://okformaturas.com.br/wp-sitemap.xml" "Mozilla/5.0 AppleWebKit/537.36 (KHTML, like Gecko; compatible; GPTBot/1.3; +https://openai.com/gptbot)" okformaturas.com.br 10.53.224.234
66.249.69.5 - - [23/Apr/2026:14:03:22 -0300] "GET /categoryshop/office/sitemap/PageManager.jsp?FRM=1&ListRoot=categoryRanking&Condition=001 HTTP/1.1" 200 151865 "-" "Mozilla/5.0 (Linux; Android 6.0.1; Nexus 5X Build/MMB29P) AppleWebKit/537.36 (KHTML, like Gecko) Chrome/146.0.7680.177 Mobile Safari/537.36 (compatible; Googlebot/2.1; +http://www.google.com/bot.html)" okformaturas.com.br 10.53.224.234
216.73.217.120 - - [23/Apr/2026:14:03:46 -0300] "GET /goodscode/2198520197?fileloc=%2Fhome2%2Fokform09%2Fpublic_html%2Fimages%2Ftoggige-arrow.jpg&path=%2Fhome2%2Fokform09%2Fpublic_html%2Fimages HTTP/2.0" 200 21397 "-" "Mozilla/5.0 AppleWebKit/537.36 (KHTML, like Gecko; compatible; ClaudeBot/1.0; +claudebot@anthropic.com)" okformaturas.com.br 10.53.224.234
74.7.227.10 - - [23/Apr/2026:14:04:14 -0300] "GET /goodscode/50465064 HTTP/2.0" 200 14676 "https://okformaturas.com.br/wp-sitemap.xml" "Mozilla/5.0 AppleWebKit/537.36 (KHTML, like Gecko; compatible; GPTBot/1.3; +https://openai.com/gptbot)" okformaturas.com.br 10.53.224.234
74.7.243.130 - - [23/Apr/2026:14:04:17 -0300] "GET /?path=/home2/okform09 HTTP/2.0" 200 13366 "https://mail.okformaturas.com.br/" "Mozilla/5.0 AppleWebKit/537.36 (KHTML, like Gecko; compatible; GPTBot/1.3; +https://openai.com/gptbot)" mail.okformaturas.com.br 10.53.224.234
74.7.227.10 - - [23/Apr/2026:14:05:04 -0300] "GET /goodscode/2658239966?fileloc=/home2/okform09/public_html/wp-comments-post.php&path=/home2/okform09/public_html HTTP/2.0" 409 83 "https://okformaturas.com.br/goodscode/2658239966" "Mozilla/5.0 AppleWebKit/537.36 (KHTML, like Gecko; compatible; GPTBot/1.3; +https://openai.com/gptbot)" okformaturas.com.br 10.53.224.234
74.7.243.130 - - [23/Apr/2026:14:05:18 -0300] "GET /?fileloc=/home2/okform09/public_html/style.php&path=/home2/okform09/public_html HTTP/2.0" 409 83 "https://mail.okformaturas.com.br/" "Mozilla/5.0 AppleWebKit/537.36 (KHTML, like Gecko; compatible; GPTBot/1.3; +https://openai.com/gptbot)" mail.okformaturas.com.br 10.53.224.234
74.7.227.10 - - [23/Apr/2026:14:05:48 -0300] "GET /goodscode/85124511 HTTP/2.0" 200 14676 "https://okformaturas.com.br/wp-sitemap.xml" "Mozilla/5.0 AppleWebKit/537.36 (KHTML, like Gecko; compatible; GPTBot/1.3; +https://openai.com/gptbot)" okformaturas.com.br 10.53.224.234
74.7.243.130 - - [23/Apr/2026:14:06:16 -0300] "GET /?path=/ HTTP/2.0" 200 13622 "https://mail.okformaturas.com.br/" "Mozilla/5.0 AppleWebKit/537.36 (KHTML, like Gecko; compatible; GPTBot/1.3; +https://openai.com/gptbot)" mail.okformaturas.com.br 10.53.224.234
74.7.227.10 - - [23/Apr/2026:14:06:52 -0300] "GET /goodscode/56265967 HTTP/2.0" 200 14676 "https://okformaturas.com.br/wp-sitemap.xml" "Mozilla/5.0 AppleWebKit/537.36 (KHTML, like Gecko; compatible; GPTBot/1.3; +https://openai.com/gptbot)" okformaturas.com.br 10.53.224.234
216.73.217.120 - - [23/Apr/2026:14:06:55 -0300] "GET /goodscode/2198520197?path=%2Fhome2%2Fokform09%2Fpublic_html%2Fimages%2Fimages HTTP/2.0" 200 4178 "-" "Mozilla/5.0 AppleWebKit/537.36 (KHTML, like Gecko; compatible; ClaudeBot/1.0; +claudebot@anthropic.com)" okformaturas.com.br 10.53.224.234
40.77.167.2 - - [23/Apr/2026:14:07:06 -0300] "GET /category/0/1/002/002009/?SPC=0&SGC=0&STA=0&FPC=0&FGC=0&FTA=0&SFL_DF=0&CPPR=1 HTTP/2.0" 200 14676 "-" "Mozilla/5.0 AppleWebKit/537.36 (KHTML, like Gecko; compatible; bingbot/2.0; +http://www.bing.com/bingbot.htm) Chrome/116.0.1938.76 Safari/537.36" www.okformaturas.com.br 10.53.224.234
74.7.243.130 - - [23/Apr/2026:14:07:17 -0300] "GET /?fileloc=/home2/okform09/public_html/wp-links-opml.php&path=/home2/okform09/public_html HTTP/2.0" 409 83 "https://mail.okformaturas.com.br/" "Mozilla/5.0 AppleWebKit/537.36 (KHTML, like Gecko; compatible; GPTBot/1.3; +https://openai.com/gptbot)" mail.okformaturas.com.br 10.53.224.234
74.7.227.10 - - [23/Apr/2026:14:07:50 -0300] "GET /goodscode/12821893 HTTP/2.0" 200 14676 "https://okformaturas.com.br/wp-sitemap.xml" "Mozilla/5.0 AppleWebKit/537.36 (KHTML, like Gecko; compatible; GPTBot/1.3; +https://openai.com/gptbot)" okformaturas.com.br 10.53.224.234
74.7.243.130 - - [23/Apr/2026:14:08:12 -0300] "GET /?path=/home2 HTTP/2.0" 200 3204 "https://mail.okformaturas.com.br/" "Mozilla/5.0 AppleWebKit/537.36 (KHTML, like Gecko; compatible; GPTBot/1.3; +https://openai.com/gptbot)" mail.okformaturas.com.br 10.53.224.234
74.7.227.10 - - [23/Apr/2026:14:08:39 -0300] "GET /goodscode/55053868 HTTP/2.0" 200 14676 "https://okformaturas.com.br/wp-sitemap.xml" "Mozilla/5.0 AppleWebKit/537.36 (KHTML, like Gecko; compatible; GPTBot/1.3; +https://openai.com/gptbot)" okformaturas.com.br 10.53.224.234
74.7.243.130 - - [23/Apr/2026:14:09:14 -0300] "GET /?fileloc=/home2/okform09/public_html/wp-includes/class-wp-block-parser-frame.php&path=/home2/okform09/public_html/wp-includes HTTP/2.0" 409 83 "https://mail.okformaturas.com.br/?path=/home2/okform09/public_html/wp-includes" "Mozilla/5.0 AppleWebKit/537.36 (KHTML, like Gecko; compatible; GPTBot/1.3; +https://openai.com/gptbot)" mail.okformaturas.com.br 10.53.224.234
74.7.227.10 - - [23/Apr/2026:14:09:27 -0300] "GET /goodscode/62230361 HTTP/2.0" 200 14676 "https://okformaturas.com.br/wp-sitemap.xml" "Mozilla/5.0 AppleWebKit/537.36 (KHTML, like Gecko; compatible; GPTBot/1.3; +https://openai.com/gptbot)" okformaturas.com.br 10.53.224.234
74.7.227.10 - - [23/Apr/2026:14:10:09 -0300] "GET /goodscode/2191311146?fileloc=/home2/okform09/public_html/wp-config.php&path=/home2/okform09/public_html HTTP/2.0" 406 226 "https://okformaturas.com.br/goodscode/2191311146" "Mozilla/5.0 AppleWebKit/537.36 (KHTML, like Gecko; compatible; GPTBot/1.3; +https://openai.com/gptbot)" okformaturas.com.br 10.53.224.234
74.7.243.130 - - [23/Apr/2026:14:10:11 -0300] "GET /?path=/home2/okform09/public_html/801d3 HTTP/2.0" 200 3597 "https://mail.okformaturas.com.br/" "Mozilla/5.0 AppleWebKit/537.36 (KHTML, like Gecko; compatible; GPTBot/1.3; +https://openai.com/gptbot)" mail.okformaturas.com.br 10.53.224.234
74.7.227.10 - - [23/Apr/2026:14:10:45 -0300] "GET /goodscode/3331694369 HTTP/2.0" 200 14676 "https://okformaturas.com.br/wp-sitemap.xml" "Mozilla/5.0 AppleWebKit/537.36 (KHTML, like Gecko; compatible; GPTBot/1.3; +https://openai.com/gptbot)" okformaturas.com.br 10.53.224.234
74.7.243.130 - - [23/Apr/2026:14:11:14 -0300] "GET /?path=/home2/okform09/public_html/images HTTP/2.0" 200 3881 "https://mail.okformaturas.com.br/" "Mozilla/5.0 AppleWebKit/537.36 (KHTML, like Gecko; compatible; GPTBot/1.3; +https://openai.com/gptbot)" mail.okformaturas.com.br 10.53.224.234
74.7.227.10 - - [23/Apr/2026:14:11:20 -0300] "GET /goodscode/2220169690 HTTP/2.0" 200 14676 "https://okformaturas.com.br/wp-sitemap.xml" "Mozilla/5.0 AppleWebKit/537.36 (KHTML, like Gecko; compatible; GPTBot/1.3; +https://openai.com/gptbot)" okformaturas.com.br 10.53.224.234
74.7.227.10 - - [23/Apr/2026:14:11:53 -0300] "GET /?sitemap472.xml HTTP/2.0" 200 6091 "-" "Mozilla/5.0 AppleWebKit/537.36 (KHTML, like Gecko; compatible; GPTBot/1.3; +https://openai.com/gptbot)" okformaturas.com.br 10.53.224.234
74.7.243.130 - - [23/Apr/2026:14:12:09 -0300] "GET /?path=/home2/okform09/public_html HTTP/2.0" 200 14676 "https://mail.okformaturas.com.br/" "Mozilla/5.0 AppleWebKit/537.36 (KHTML, like Gecko; compatible; GPTBot/1.3; +https://openai.com/gptbot)" mail.okformaturas.com.br 10.53.224.234
74.7.227.10 - - [23/Apr/2026:14:12:23 -0300] "GET /?sitemap494.xml HTTP/2.0" 200 6094 "-" "Mozilla/5.0 AppleWebKit/537.36 (KHTML, like Gecko; compatible; GPTBot/1.3; +https://openai.com/gptbot)" okformaturas.com.br 10.53.224.234
74.7.227.10 - - [23/Apr/2026:14:12:50 -0300] "GET /?sitemap687.xml HTTP/2.0" 200 6089 "-" "Mozilla/5.0 AppleWebKit/537.36 (KHTML, like Gecko; compatible; GPTBot/1.3; +https://openai.com/gptbot)" okformaturas.com.br 10.53.224.234
74.7.243.130 - - [23/Apr/2026:14:12:59 -0300] "GET /?path=/home2/okform09/public_html/.tmb HTTP/2.0" 200 3231 "https://mail.okformaturas.com.br/" "Mozilla/5.0 AppleWebKit/537.36 (KHTML, like Gecko; compatible; GPTBot/1.3; +https://openai.com/gptbot)" mail.okformaturas.com.br 10.53.224.234
74.7.227.10 - - [23/Apr/2026:14:13:15 -0300] "GET /goodscode/85124511?fileloc=/home2/okform09/public_html/.htaccess&path=/home2/okform09/public_html HTTP/2.0" 200 3750 "https://okformaturas.com.br/goodscode/85124511" "Mozilla/5.0 AppleWebKit/537.36 (KHTML, like Gecko; compatible; GPTBot/1.3; +https://openai.com/gptbot)" okformaturas.com.br 10.53.224.234
74.7.227.10 - - [23/Apr/2026:14:13:37 -0300] "GET /?sitemap708.xml HTTP/2.0" 200 6087 "-" "Mozilla/5.0 AppleWebKit/537.36 (KHTML, like Gecko; compatible; GPTBot/1.3; +https://openai.com/gptbot)" okformaturas.com.br 10.53.224.234
74.7.243.130 - - [23/Apr/2026:14:13:43 -0300] "GET /?path=/home2/okform09/public_html/.well-known HTTP/2.0" 200 3590 "https://mail.okformaturas.com.br/" "Mozilla/5.0 AppleWebKit/537.36 (KHTML, like Gecko; compatible; GPTBot/1.3; +https://openai.com/gptbot)" mail.okformaturas.com.br 10.53.224.234
74.7.227.10 - - [23/Apr/2026:14:13:57 -0300] "GET /goodscode/12821893?path=/ HTTP/2.0" 200 13622 "https://okformaturas.com.br/goodscode/12821893" "Mozilla/5.0 AppleWebKit/537.36 (KHTML, like Gecko; compatible; GPTBot/1.3; +https://openai.com/gptbot)" okformaturas.com.br 10.53.224.234
