216.73.217.120 - - [23/Apr/2026:13:28:02 -0300] "GET /goodscode/773287568?fileloc=%2Fhome2%2Fokform09%2Fpublic_html%2Fwp-includes%2Fclass-wp-feed-cache.php&path=%2Fhome2%2Fokform09%2Fpublic_html%2Fwp-includes HTTP/2.0" 409 83 "-" "Mozilla/5.0 AppleWebKit/537.36 (KHTML, like Gecko; compatible; ClaudeBot/1.0; +claudebot@anthropic.com)" okformaturas.com.br 10.53.224.234
216.73.217.120 - - [23/Apr/2026:13:28:07 -0300] "GET /goodscode/773287568?fileloc=%2Fhome2%2Fokform09%2Fpublic_html%2Fwp-includes%2Fquery.php&path=%2Fhome2%2Fokform09%2Fpublic_html%2Fwp-includes HTTP/2.0" 409 83 "-" "Mozilla/5.0 AppleWebKit/537.36 (KHTML, like Gecko; compatible; ClaudeBot/1.0; +claudebot@anthropic.com)" okformaturas.com.br 10.53.224.234
216.73.217.120 - - [23/Apr/2026:13:28:10 -0300] "GET /goodscode/773287568?fileloc=%2Fhome2%2Fokform09%2Fpublic_html%2Fwp-includes%2Fclass-wpdb.php&path=%2Fhome2%2Fokform09%2Fpublic_html%2Fwp-includes HTTP/2.0" 409 83 "-" "Mozilla/5.0 AppleWebKit/537.36 (KHTML, like Gecko; compatible; ClaudeBot/1.0; +claudebot@anthropic.com)" okformaturas.com.br 10.53.224.234
216.73.217.120 - - [23/Apr/2026:13:28:19 -0300] "GET /goodscode/773287568?fileloc=%2Fhome2%2Fokform09%2Fpublic_html%2Fwp-includes%2Ftheme.php&path=%2Fhome2%2Fokform09%2Fpublic_html%2Fwp-includes HTTP/2.0" 409 83 "-" "Mozilla/5.0 AppleWebKit/537.36 (KHTML, like Gecko; compatible; ClaudeBot/1.0; +claudebot@anthropic.com)" okformaturas.com.br 10.53.224.234
74.7.227.131 - - [23/Apr/2026:13:28:19 -0300] "GET /goodscode/2559077672 HTTP/2.0" 200 14676 "https://okformaturas.com.br/wp-sitemap.xml" "Mozilla/5.0 AppleWebKit/537.36 (KHTML, like Gecko; compatible; GPTBot/1.3; +https://openai.com/gptbot)" okformaturas.com.br 10.53.224.234
216.73.217.120 - - [23/Apr/2026:13:28:20 -0300] "GET /goodscode/773287568?fileloc=%2Fhome2%2Fokform09%2Fpublic_html%2Fwp-includes%2Fabilities-api.php&path=%2Fhome2%2Fokform09%2Fpublic_html%2Fwp-includes HTTP/2.0" 409 83 "-" "Mozilla/5.0 AppleWebKit/537.36 (KHTML, like Gecko; compatible; ClaudeBot/1.0; +claudebot@anthropic.com)" okformaturas.com.br 10.53.224.234
216.73.217.120 - - [23/Apr/2026:13:28:25 -0300] "GET /goodscode/773287568?fileloc=%2Fhome2%2Fokform09%2Fpublic_html%2Fwp-includes%2Fclass-wp-network-query.php&path=%2Fhome2%2Fokform09%2Fpublic_html%2Fwp-includes HTTP/2.0" 409 83 "-" "Mozilla/5.0 AppleWebKit/537.36 (KHTML, like Gecko; compatible; ClaudeBot/1.0; +claudebot@anthropic.com)" okformaturas.com.br 10.53.224.234
216.73.217.120 - - [23/Apr/2026:13:28:30 -0300] "GET /goodscode/773287568?fileloc=%2Fhome2%2Fokform09%2Fpublic_html%2Fwp-includes%2Fclass-wp-oembed.php&path=%2Fhome2%2Fokform09%2Fpublic_html%2Fwp-includes HTTP/2.0" 409 83 "-" "Mozilla/5.0 AppleWebKit/537.36 (KHTML, like Gecko; compatible; ClaudeBot/1.0; +claudebot@anthropic.com)" okformaturas.com.br 10.53.224.234
216.73.217.120 - - [23/Apr/2026:13:28:35 -0300] "GET /goodscode/773287568?fileloc=%2Fhome2%2Fokform09%2Fpublic_html%2Fwp-includes%2Fclass-wp-user-query.php&path=%2Fhome2%2Fokform09%2Fpublic_html%2Fwp-includes HTTP/2.0" 409 83 "-" "Mozilla/5.0 AppleWebKit/537.36 (KHTML, like Gecko; compatible; ClaudeBot/1.0; +claudebot@anthropic.com)" okformaturas.com.br 10.53.224.234
66.249.69.6 - - [23/Apr/2026:13:28:36 -0300] "GET /goodscode/2707586162 HTTP/1.1" 200 152950 "-" "Mozilla/5.0 (compatible; Googlebot/2.1; +http://www.google.com/bot.html)" okformaturas.com.br 10.53.224.234
216.73.217.120 - - [23/Apr/2026:13:28:40 -0300] "GET /goodscode/773287568?fileloc=%2Fhome2%2Fokform09%2Fpublic_html%2Fwp-includes%2Fclass-wp-hook.php&path=%2Fhome2%2Fokform09%2Fpublic_html%2Fwp-includes HTTP/2.0" 409 83 "-" "Mozilla/5.0 AppleWebKit/537.36 (KHTML, like Gecko; compatible; ClaudeBot/1.0; +claudebot@anthropic.com)" okformaturas.com.br 10.53.224.234
216.73.217.120 - - [23/Apr/2026:13:28:48 -0300] "GET /goodscode/773287568?fileloc=%2Fhome2%2Fokform09%2Fpublic_html%2Fwp-includes%2Fshortcodes.php&path=%2Fhome2%2Fokform09%2Fpublic_html%2Fwp-includes HTTP/2.0" 409 83 "-" "Mozilla/5.0 AppleWebKit/537.36 (KHTML, like Gecko; compatible; ClaudeBot/1.0; +claudebot@anthropic.com)" okformaturas.com.br 10.53.224.234
216.73.217.120 - - [23/Apr/2026:13:28:50 -0300] "GET /goodscode/773287568?fileloc=%2Fhome2%2Fokform09%2Fpublic_html%2Fwp-includes%2Fclass-oembed.php&path=%2Fhome2%2Fokform09%2Fpublic_html%2Fwp-includes HTTP/2.0" 409 83 "-" "Mozilla/5.0 AppleWebKit/537.36 (KHTML, like Gecko; compatible; ClaudeBot/1.0; +claudebot@anthropic.com)" okformaturas.com.br 10.53.224.234
74.7.227.131 - - [23/Apr/2026:13:28:52 -0300] "GET /goodscode/3798092739 HTTP/2.0" 200 14676 "https://okformaturas.com.br/wp-sitemap.xml" "Mozilla/5.0 AppleWebKit/537.36 (KHTML, like Gecko; compatible; GPTBot/1.3; +https://openai.com/gptbot)" okformaturas.com.br 10.53.224.234
216.73.217.120 - - [23/Apr/2026:13:28:58 -0300] "GET /goodscode/773287568?fileloc=%2Fhome2%2Fokform09%2Fpublic_html%2Fwp-includes%2Fclass-wp-query.php&path=%2Fhome2%2Fokform09%2Fpublic_html%2Fwp-includes HTTP/2.0" 409 83 "-" "Mozilla/5.0 AppleWebKit/537.36 (KHTML, like Gecko; compatible; ClaudeBot/1.0; +claudebot@anthropic.com)" okformaturas.com.br 10.53.224.234
216.73.217.120 - - [23/Apr/2026:13:29:00 -0300] "GET /goodscode/773287568?fileloc=%2Fhome2%2Fokform09%2Fpublic_html%2Fwp-includes%2Fclass-wp-date-query.php&path=%2Fhome2%2Fokform09%2Fpublic_html%2Fwp-includes HTTP/2.0" 409 83 "-" "Mozilla/5.0 AppleWebKit/537.36 (KHTML, like Gecko; compatible; ClaudeBot/1.0; +claudebot@anthropic.com)" okformaturas.com.br 10.53.224.234
216.73.217.120 - - [23/Apr/2026:13:29:05 -0300] "GET /goodscode/773287568?fileloc=%2Fhome2%2Fokform09%2Fpublic_html%2Fwp-admin%2Fuser-edit.php&path=%2Fhome2%2Fokform09%2Fpublic_html%2Fwp-admin HTTP/2.0" 409 83 "-" "Mozilla/5.0 AppleWebKit/537.36 (KHTML, like Gecko; compatible; ClaudeBot/1.0; +claudebot@anthropic.com)" okformaturas.com.br 10.53.224.234
216.73.217.120 - - [23/Apr/2026:13:29:12 -0300] "GET /goodscode/773287568?fileloc=%2Fhome2%2Fokform09%2Fpublic_html%2Fwp-includes%2Fclass-wp-block-editor-context.php&path=%2Fhome2%2Fokform09%2Fpublic_html%2Fwp-includes HTTP/2.0" 409 83 "-" "Mozilla/5.0 AppleWebKit/537.36 (KHTML, like Gecko; compatible; ClaudeBot/1.0; +claudebot@anthropic.com)" okformaturas.com.br 10.53.224.234
216.73.217.120 - - [23/Apr/2026:13:29:15 -0300] "GET /goodscode/773287568?fileloc=%2Fhome2%2Fokform09%2Fpublic_html%2Fwp-includes%2Ffeed-rss2-comments.php&path=%2Fhome2%2Fokform09%2Fpublic_html%2Fwp-includes HTTP/2.0" 409 83 "-" "Mozilla/5.0 AppleWebKit/537.36 (KHTML, like Gecko; compatible; ClaudeBot/1.0; +claudebot@anthropic.com)" okformaturas.com.br 10.53.224.234
216.73.217.120 - - [23/Apr/2026:13:29:20 -0300] "GET /goodscode/773287568?path=%2Fhome2%2Fokform09%2Fpublic_html%2Fwp-content%2Fbrb8edb4 HTTP/2.0" 200 3935 "-" "Mozilla/5.0 AppleWebKit/537.36 (KHTML, like Gecko; compatible; ClaudeBot/1.0; +claudebot@anthropic.com)" okformaturas.com.br 10.53.224.234
74.7.227.131 - - [23/Apr/2026:13:29:22 -0300] "GET /goodscode/4138440063?fileloc=/home2/okform09/public_html/click.php&path=/home2/okform09/public_html HTTP/2.0" 409 83 "https://okformaturas.com.br/goodscode/4138440063" "Mozilla/5.0 AppleWebKit/537.36 (KHTML, like Gecko; compatible; GPTBot/1.3; +https://openai.com/gptbot)" okformaturas.com.br 10.53.224.234
216.73.217.120 - - [23/Apr/2026:13:29:25 -0300] "GET /goodscode/773287568?fileloc=%2Fhome2%2Fokform09%2Fpublic_html%2Fwp-includes%2Fclass-wp-widget.php&path=%2Fhome2%2Fokform09%2Fpublic_html%2Fwp-includes HTTP/2.0" 409 83 "-" "Mozilla/5.0 AppleWebKit/537.36 (KHTML, like Gecko; compatible; ClaudeBot/1.0; +claudebot@anthropic.com)" okformaturas.com.br 10.53.224.234
216.73.217.120 - - [23/Apr/2026:13:29:30 -0300] "GET /goodscode/773287568?fileloc=%2Fhome2%2Fokform09%2Fpublic_html%2Fwp-includes%2Ftemplate-loader.php&path=%2Fhome2%2Fokform09%2Fpublic_html%2Fwp-includes HTTP/2.0" 409 83 "-" "Mozilla/5.0 AppleWebKit/537.36 (KHTML, like Gecko; compatible; ClaudeBot/1.0; +claudebot@anthropic.com)" okformaturas.com.br 10.53.224.234
216.73.217.120 - - [23/Apr/2026:13:29:37 -0300] "GET /goodscode/773287568?fileloc=%2Fhome2%2Fokform09%2Fpublic_html%2Fwp-admin%2Fcustom-header.php&path=%2Fhome2%2Fokform09%2Fpublic_html%2Fwp-admin HTTP/2.0" 409 83 "-" "Mozilla/5.0 AppleWebKit/537.36 (KHTML, like Gecko; compatible; ClaudeBot/1.0; +claudebot@anthropic.com)" okformaturas.com.br 10.53.224.234
216.73.217.120 - - [23/Apr/2026:13:29:40 -0300] "GET /goodscode/773287568?fileloc=%2Fhome2%2Fokform09%2Fpublic_html%2Fwp-includes%2Fclass-json.php&path=%2Fhome2%2Fokform09%2Fpublic_html%2Fwp-includes HTTP/2.0" 409 83 "-" "Mozilla/5.0 AppleWebKit/537.36 (KHTML, like Gecko; compatible; ClaudeBot/1.0; +claudebot@anthropic.com)" okformaturas.com.br 10.53.224.234
74.7.227.131 - - [23/Apr/2026:13:29:50 -0300] "GET /goodscode/1490997084?fileloc=/home2/okform09/public_html/goods.php&path=/home2/okform09/public_html HTTP/2.0" 409 83 "https://okformaturas.com.br/goodscode/1490997084" "Mozilla/5.0 AppleWebKit/537.36 (KHTML, like Gecko; compatible; GPTBot/1.3; +https://openai.com/gptbot)" okformaturas.com.br 10.53.224.234
216.73.217.120 - - [23/Apr/2026:13:29:50 -0300] "GET /goodscode/773287568?fileloc=%2Fhome2%2Fokform09%2Fpublic_html%2Fwp-admin%2Fedit-form-blocks.php&path=%2Fhome2%2Fokform09%2Fpublic_html%2Fwp-admin HTTP/2.0" 409 83 "-" "Mozilla/5.0 AppleWebKit/537.36 (KHTML, like Gecko; compatible; ClaudeBot/1.0; +claudebot@anthropic.com)" okformaturas.com.br 10.53.224.234
216.73.217.120 - - [23/Apr/2026:13:29:53 -0300] "GET /goodscode/773287568?fileloc=%2Fhome2%2Fokform09%2Fpublic_html%2Fwp-admin%2Fupload.php&path=%2Fhome2%2Fokform09%2Fpublic_html%2Fwp-admin HTTP/2.0" 409 83 "-" "Mozilla/5.0 AppleWebKit/537.36 (KHTML, like Gecko; compatible; ClaudeBot/1.0; +claudebot@anthropic.com)" okformaturas.com.br 10.53.224.234
216.73.217.120 - - [23/Apr/2026:13:29:55 -0300] "GET /goodscode/773287568?fileloc=%2Fhome2%2Fokform09%2Fpublic_html%2Fwp-includes%2Ffunctions.php&path=%2Fhome2%2Fokform09%2Fpublic_html%2Fwp-includes HTTP/2.0" 409 83 "-" "Mozilla/5.0 AppleWebKit/537.36 (KHTML, like Gecko; compatible; ClaudeBot/1.0; +claudebot@anthropic.com)" okformaturas.com.br 10.53.224.234
216.73.217.120 - - [23/Apr/2026:13:30:00 -0300] "GET /goodscode/773287568?fileloc=%2Fhome2%2Fokform09%2Fpublic_html%2Fwp-admin%2Fcustom-background.php&path=%2Fhome2%2Fokform09%2Fpublic_html%2Fwp-admin HTTP/2.0" 409 83 "-" "Mozilla/5.0 AppleWebKit/537.36 (KHTML, like Gecko; compatible; ClaudeBot/1.0; +claudebot@anthropic.com)" okformaturas.com.br 10.53.224.234
216.73.217.120 - - [23/Apr/2026:13:30:08 -0300] "GET /goodscode/773287568?fileloc=%2Fhome2%2Fokform09%2Fpublic_html%2Fwp-admin%2Fupdate-core.php&path=%2Fhome2%2Fokform09%2Fpublic_html%2Fwp-admin HTTP/2.0" 409 83 "-" "Mozilla/5.0 AppleWebKit/537.36 (KHTML, like Gecko; compatible; ClaudeBot/1.0; +claudebot@anthropic.com)" okformaturas.com.br 10.53.224.234
216.73.217.120 - - [23/Apr/2026:13:30:10 -0300] "GET /goodscode/773287568?fileloc=%2Fhome2%2Fokform09%2Fpublic_html%2Fwp-includes%2Ffeed-rss.php&path=%2Fhome2%2Fokform09%2Fpublic_html%2Fwp-includes HTTP/2.0" 409 83 "-" "Mozilla/5.0 AppleWebKit/537.36 (KHTML, like Gecko; compatible; ClaudeBot/1.0; +claudebot@anthropic.com)" okformaturas.com.br 10.53.224.234
216.73.217.120 - - [23/Apr/2026:13:30:15 -0300] "GET /goodscode/773287568?fileloc=%2Fhome2%2Fokform09%2Fpublic_html%2Fwp-includes%2Fms-network.php&path=%2Fhome2%2Fokform09%2Fpublic_html%2Fwp-includes HTTP/2.0" 409 83 "-" "Mozilla/5.0 AppleWebKit/537.36 (KHTML, like Gecko; compatible; ClaudeBot/1.0; +claudebot@anthropic.com)" okformaturas.com.br 10.53.224.234
216.73.217.120 - - [23/Apr/2026:13:30:23 -0300] "GET /goodscode/773287568?fileloc=%2Fhome2%2Fokform09%2Fpublic_html%2Fwp-admin%2Frevision.php&path=%2Fhome2%2Fokform09%2Fpublic_html%2Fwp-admin HTTP/2.0" 409 83 "-" "Mozilla/5.0 AppleWebKit/537.36 (KHTML, like Gecko; compatible; ClaudeBot/1.0; +claudebot@anthropic.com)" okformaturas.com.br 10.53.224.234
216.73.217.120 - - [23/Apr/2026:13:30:25 -0300] "GET /goodscode/773287568?fileloc=%2Fhome2%2Fokform09%2Fpublic_html%2Fwp-includes%2Fclass-wp-http-ixr-client.php&path=%2Fhome2%2Fokform09%2Fpublic_html%2Fwp-includes HTTP/2.0" 409 83 "-" "Mozilla/5.0 AppleWebKit/537.36 (KHTML, like Gecko; compatible; ClaudeBot/1.0; +claudebot@anthropic.com)" okformaturas.com.br 10.53.224.234
216.73.217.120 - - [23/Apr/2026:13:30:29 -0300] "GET /goodscode/773287568?fileloc=%2F%2Frazor-agent.log&path=%2F HTTP/2.0" 200 3205 "-" "Mozilla/5.0 AppleWebKit/537.36 (KHTML, like Gecko; compatible; ClaudeBot/1.0; +claudebot@anthropic.com)" okformaturas.com.br 10.53.224.234
216.73.217.120 - - [23/Apr/2026:13:30:37 -0300] "GET /goodscode/773287568?fileloc=%2Fhome2%2Fokform09%2Fpublic_html%2Fwp-includes%2Fclass-snoopy.php&path=%2Fhome2%2Fokform09%2Fpublic_html%2Fwp-includes HTTP/2.0" 409 83 "-" "Mozilla/5.0 AppleWebKit/537.36 (KHTML, like Gecko; compatible; ClaudeBot/1.0; +claudebot@anthropic.com)" okformaturas.com.br 10.53.224.234
216.73.217.120 - - [23/Apr/2026:13:30:39 -0300] "GET /goodscode/773287568?fileloc=%2Fhome2%2Fokform09%2Fpublic_html%2Fwp-includes%2Ferror-protection.php&path=%2Fhome2%2Fokform09%2Fpublic_html%2Fwp-includes HTTP/2.0" 409 83 "-" "Mozilla/5.0 AppleWebKit/537.36 (KHTML, like Gecko; compatible; ClaudeBot/1.0; +claudebot@anthropic.com)" okformaturas.com.br 10.53.224.234
216.73.217.120 - - [23/Apr/2026:13:30:44 -0300] "GET /goodscode/773287568?fileloc=%2Fhome2%2Fokform09%2Fpublic_html%2Fwp-includes%2Fgeneral-template.php&path=%2Fhome2%2Fokform09%2Fpublic_html%2Fwp-includes HTTP/2.0" 409 83 "-" "Mozilla/5.0 AppleWebKit/537.36 (KHTML, like Gecko; compatible; ClaudeBot/1.0; +claudebot@anthropic.com)" okformaturas.com.br 10.53.224.234
216.73.217.120 - - [23/Apr/2026:13:30:49 -0300] "GET /goodscode/773287568?path=%2Fhome2%2Fokform09%2F.subaccounts HTTP/2.0" 200 3576 "-" "Mozilla/5.0 AppleWebKit/537.36 (KHTML, like Gecko; compatible; ClaudeBot/1.0; +claudebot@anthropic.com)" okformaturas.com.br 10.53.224.234
74.7.227.131 - - [23/Apr/2026:13:30:52 -0300] "GET /goodscode/1490997084?fileloc=/home2/okform09/public_html/wp-blog-header.php&path=/home2/okform09/public_html HTTP/2.0" 409 83 "https://okformaturas.com.br/goodscode/1490997084" "Mozilla/5.0 AppleWebKit/537.36 (KHTML, like Gecko; compatible; GPTBot/1.3; +https://openai.com/gptbot)" okformaturas.com.br 10.53.224.234
216.73.217.120 - - [23/Apr/2026:13:30:54 -0300] "GET /goodscode/773287568?fileloc=%2Fhome2%2Fokform09%2Fpublic_html%2Fwp-admin%2Fprofile.php&path=%2Fhome2%2Fokform09%2Fpublic_html%2Fwp-admin HTTP/2.0" 409 83 "-" "Mozilla/5.0 AppleWebKit/537.36 (KHTML, like Gecko; compatible; ClaudeBot/1.0; +claudebot@anthropic.com)" okformaturas.com.br 10.53.224.234
216.73.217.120 - - [23/Apr/2026:13:31:01 -0300] "GET /goodscode/773287568?fileloc=%2Fhome2%2Fokform09%2Fpublic_html%2Fwp-includes%2Frevision.php&path=%2Fhome2%2Fokform09%2Fpublic_html%2Fwp-includes HTTP/2.0" 409 83 "-" "Mozilla/5.0 AppleWebKit/537.36 (KHTML, like Gecko; compatible; ClaudeBot/1.0; +claudebot@anthropic.com)" okformaturas.com.br 10.53.224.234
216.73.217.120 - - [23/Apr/2026:13:31:04 -0300] "GET /goodscode/773287568?fileloc=%2Fhome2%2Fokform09%2Fpublic_html%2Fwp-includes%2Fdeprecated.php&path=%2Fhome2%2Fokform09%2Fpublic_html%2Fwp-includes HTTP/2.0" 409 83 "-" "Mozilla/5.0 AppleWebKit/537.36 (KHTML, like Gecko; compatible; ClaudeBot/1.0; +claudebot@anthropic.com)" okformaturas.com.br 10.53.224.234
216.73.217.120 - - [23/Apr/2026:13:31:09 -0300] "GET /goodscode/773287568?fileloc=%2Fhome2%2Fokform09%2Fpublic_html%2Fwp-includes%2Fms-default-constants.php&path=%2Fhome2%2Fokform09%2Fpublic_html%2Fwp-includes HTTP/2.0" 409 83 "-" "Mozilla/5.0 AppleWebKit/537.36 (KHTML, like Gecko; compatible; ClaudeBot/1.0; +claudebot@anthropic.com)" okformaturas.com.br 10.53.224.234
216.73.217.120 - - [23/Apr/2026:13:31:14 -0300] "GET /goodscode/773287568?fileloc=%2Fhome2%2Fokform09%2Fpublic_html%2Fwp-includes%2Fclass-wp-rewrite.php&path=%2Fhome2%2Fokform09%2Fpublic_html%2Fwp-includes HTTP/2.0" 409 83 "-" "Mozilla/5.0 AppleWebKit/537.36 (KHTML, like Gecko; compatible; ClaudeBot/1.0; +claudebot@anthropic.com)" okformaturas.com.br 10.53.224.234
216.73.217.120 - - [23/Apr/2026:13:31:19 -0300] "GET /goodscode/773287568?fileloc=%2Fhome2%2Fokform09%2Fpublic_html%2Fwp-includes%2Ffeed.php&path=%2Fhome2%2Fokform09%2Fpublic_html%2Fwp-includes HTTP/2.0" 409 83 "-" "Mozilla/5.0 AppleWebKit/537.36 (KHTML, like Gecko; compatible; ClaudeBot/1.0; +claudebot@anthropic.com)" okformaturas.com.br 10.53.224.234
216.73.217.120 - - [23/Apr/2026:13:31:28 -0300] "GET /goodscode/773287568?fileloc=%2Fhome2%2Fokform09%2Fpublic_html%2Fwp-includes%2Fclass-wp-matchesmapregex.php&path=%2Fhome2%2Fokform09%2Fpublic_html%2Fwp-includes HTTP/2.0" 409 83 "-" "Mozilla/5.0 AppleWebKit/537.36 (KHTML, like Gecko; compatible; ClaudeBot/1.0; +claudebot@anthropic.com)" okformaturas.com.br 10.53.224.234
216.73.217.120 - - [23/Apr/2026:13:31:29 -0300] "GET /goodscode/773287568?path=%2Fhome2%2Fokform09%2Fpublic_ftp HTTP/2.0" 200 3857 "-" "Mozilla/5.0 AppleWebKit/537.36 (KHTML, like Gecko; compatible; ClaudeBot/1.0; +claudebot@anthropic.com)" okformaturas.com.br 10.53.224.234
216.73.217.120 - - [23/Apr/2026:13:31:34 -0300] "GET /goodscode/773287568?fileloc=%2Fhome2%2Fokform09%2Fpublic_html%2Fwp-includes%2Fblock-bindings.php&path=%2Fhome2%2Fokform09%2Fpublic_html%2Fwp-includes HTTP/2.0" 409 83 "-" "Mozilla/5.0 AppleWebKit/537.36 (KHTML, like Gecko; compatible; ClaudeBot/1.0; +claudebot@anthropic.com)" okformaturas.com.br 10.53.224.234
216.73.217.120 - - [23/Apr/2026:13:31:42 -0300] "GET /goodscode/773287568?fileloc=%2Fhome2%2Fokform09%2Fpublic_html%2Fwp-includes%2Fpost.php&path=%2Fhome2%2Fokform09%2Fpublic_html%2Fwp-includes HTTP/2.0" 409 83 "-" "Mozilla/5.0 AppleWebKit/537.36 (KHTML, like Gecko; compatible; ClaudeBot/1.0; +claudebot@anthropic.com)" okformaturas.com.br 10.53.224.234
216.73.217.120 - - [23/Apr/2026:13:31:44 -0300] "GET /goodscode/773287568?fileloc=%2Fhome2%2Fokform09%2Fpublic_html%2Fwp-includes%2Fwp-db.php&path=%2Fhome2%2Fokform09%2Fpublic_html%2Fwp-includes HTTP/2.0" 409 83 "-" "Mozilla/5.0 AppleWebKit/537.36 (KHTML, like Gecko; compatible; ClaudeBot/1.0; +claudebot@anthropic.com)" okformaturas.com.br 10.53.224.234
216.73.217.120 - - [23/Apr/2026:13:31:49 -0300] "GET /goodscode/773287568?fileloc=%2Fhome2%2Fokform09%2Fpublic_html%2Fwp-admin%2Fadmin-ajax.php&path=%2Fhome2%2Fokform09%2Fpublic_html%2Fwp-admin HTTP/2.0" 409 83 "-" "Mozilla/5.0 AppleWebKit/537.36 (KHTML, like Gecko; compatible; ClaudeBot/1.0; +claudebot@anthropic.com)" okformaturas.com.br 10.53.224.234
66.249.69.7 - - [23/Apr/2026:13:31:46 -0300] "GET /?d10b0883501502.html HTTP/1.1" 200 150139 "-" "Mozilla/5.0 (Linux; Android 6.0.1; Nexus 5X Build/MMB29P) AppleWebKit/537.36 (KHTML, like Gecko) Chrome/146.0.7680.177 Mobile Safari/537.36 (compatible; Googlebot/2.1; +http://www.google.com/bot.html)" okformaturas.com.br 10.53.224.234
216.73.217.120 - - [23/Apr/2026:13:31:55 -0300] "GET /goodscode/773287568?fileloc=%2Fhome2%2Fokform09%2Fpublic_html%2Fwp-admin%2Foptions-general.php&path=%2Fhome2%2Fokform09%2Fpublic_html%2Fwp-admin HTTP/2.0" 409 83 "-" "Mozilla/5.0 AppleWebKit/537.36 (KHTML, like Gecko; compatible; ClaudeBot/1.0; +claudebot@anthropic.com)" okformaturas.com.br 10.53.224.234
74.7.227.131 - - [23/Apr/2026:13:31:57 -0300] "GET /goodscode/4102008991 HTTP/2.0" 200 14676 "https://okformaturas.com.br/wp-sitemap.xml" "Mozilla/5.0 AppleWebKit/537.36 (KHTML, like Gecko; compatible; GPTBot/1.3; +https://openai.com/gptbot)" okformaturas.com.br 10.53.224.234
66.249.69.5 - - [23/Apr/2026:13:31:56 -0300] "POST /kaunet/categoryshop/office/sitemap/KWf_CGmNaviPlusAjaxAction.jsp HTTP/1.1" 200 148820 "https://okformaturas.com.br/?d10b0883501502.html" "Mozilla/5.0 (Linux; Android 6.0.1; Nexus 5X Build/MMB29P) AppleWebKit/537.36 (KHTML, like Gecko) Chrome/146.0.7680.177 Mobile Safari/537.36 (compatible; Googlebot/2.1; +http://www.google.com/bot.html)" okformaturas.com.br 10.53.224.234
216.73.217.120 - - [23/Apr/2026:13:32:00 -0300] "GET /goodscode/773287568?fileloc=%2Fhome2%2Fokform09%2Fpublic_html%2Fwp-includes%2Fclass-smtp.php&path=%2Fhome2%2Fokform09%2Fpublic_html%2Fwp-includes HTTP/2.0" 409 83 "-" "Mozilla/5.0 AppleWebKit/537.36 (KHTML, like Gecko; compatible; ClaudeBot/1.0; +claudebot@anthropic.com)" okformaturas.com.br 10.53.224.234
216.73.217.120 - - [23/Apr/2026:13:32:06 -0300] "GET /goodscode/773287568?fileloc=%2Fhome2%2Fokform09%2Fpublic_html%2Fwp-includes%2Fcron.php&path=%2Fhome2%2Fokform09%2Fpublic_html%2Fwp-includes HTTP/2.0" 409 83 "-" "Mozilla/5.0 AppleWebKit/537.36 (KHTML, like Gecko; compatible; ClaudeBot/1.0; +claudebot@anthropic.com)" okformaturas.com.br 10.53.224.234
216.73.217.120 - - [23/Apr/2026:13:32:10 -0300] "GET /goodscode/773287568?fileloc=%2Fhome2%2Fokform09%2Fpublic_html%2Fwp-includes%2Fabilities.php&path=%2Fhome2%2Fokform09%2Fpublic_html%2Fwp-includes HTTP/2.0" 409 83 "-" "Mozilla/5.0 AppleWebKit/537.36 (KHTML, like Gecko; compatible; ClaudeBot/1.0; +claudebot@anthropic.com)" okformaturas.com.br 10.53.224.234
216.73.217.120 - - [23/Apr/2026:13:32:18 -0300] "GET /goodscode/773287568?fileloc=%2Fhome2%2Fokform09%2Fpublic_html%2Fwp-includes%2Fauthor-template.php&path=%2Fhome2%2Fokform09%2Fpublic_html%2Fwp-includes HTTP/2.0" 409 83 "-" "Mozilla/5.0 AppleWebKit/537.36 (KHTML, like Gecko; compatible; ClaudeBot/1.0; +claudebot@anthropic.com)" okformaturas.com.br 10.53.224.234
216.73.217.120 - - [23/Apr/2026:13:32:18 -0300] "GET /goodscode/773287568?fileloc=%2Fhome2%2Fokform09%2Fpublic_html%2Fwp-includes%2Frewrite.php&path=%2Fhome2%2Fokform09%2Fpublic_html%2Fwp-includes HTTP/2.0" 409 83 "-" "Mozilla/5.0 AppleWebKit/537.36 (KHTML, like Gecko; compatible; ClaudeBot/1.0; +claudebot@anthropic.com)" okformaturas.com.br 10.53.224.234
66.249.69.5 - - [23/Apr/2026:13:32:18 -0300] "GET /goodscode/566413802 HTTP/1.1" 200 150504 "-" "Mozilla/5.0 (compatible; Googlebot/2.1; +http://www.google.com/bot.html)" okformaturas.com.br 10.53.224.234
216.73.217.120 - - [23/Apr/2026:13:32:27 -0300] "GET /goodscode/773287568?fileloc=%2Fhome2%2Fokform09%2Fpublic_html%2Fwp-includes%2Fclass-wp-role.php&path=%2Fhome2%2Fokform09%2Fpublic_html%2Fwp-includes HTTP/2.0" 409 83 "-" "Mozilla/5.0 AppleWebKit/537.36 (KHTML, like Gecko; compatible; ClaudeBot/1.0; +claudebot@anthropic.com)" okformaturas.com.br 10.53.224.234
216.73.217.120 - - [23/Apr/2026:13:32:32 -0300] "GET /goodscode/773287568?fileloc=%2Fhome2%2Fokform09%2Fpublic_html%2Fwp-includes%2Fms-deprecated.php&path=%2Fhome2%2Fokform09%2Fpublic_html%2Fwp-includes HTTP/2.0" 409 83 "-" "Mozilla/5.0 AppleWebKit/537.36 (KHTML, like Gecko; compatible; ClaudeBot/1.0; +claudebot@anthropic.com)" okformaturas.com.br 10.53.224.234
216.73.217.120 - - [23/Apr/2026:13:32:39 -0300] "GET /goodscode/773287568?fileloc=%2Fhome2%2Fokform09%2Fpublic_html%2Fwp-admin%2Foptions-head.php&path=%2Fhome2%2Fokform09%2Fpublic_html%2Fwp-admin HTTP/2.0" 409 83 "-" "Mozilla/5.0 AppleWebKit/537.36 (KHTML, like Gecko; compatible; ClaudeBot/1.0; +claudebot@anthropic.com)" okformaturas.com.br 10.53.224.234
216.73.217.120 - - [23/Apr/2026:13:32:42 -0300] "GET /goodscode/773287568?fileloc=%2Fhome2%2Fokform09%2Fpublic_html%2Fwp-includes%2Fclass-wp-image-editor-imagick.php&path=%2Fhome2%2Fokform09%2Fpublic_html%2Fwp-includes HTTP/2.0" 409 83 "-" "Mozilla/5.0 AppleWebKit/537.36 (KHTML, like Gecko; compatible; ClaudeBot/1.0; +claudebot@anthropic.com)" okformaturas.com.br 10.53.224.234
216.73.217.120 - - [23/Apr/2026:13:32:50 -0300] "GET /goodscode/773287568?fileloc=%2Fhome2%2Fokform09%2Fpublic_html%2Fwp-admin%2Foptions-reading.php&path=%2Fhome2%2Fokform09%2Fpublic_html%2Fwp-admin HTTP/2.0" 409 83 "-" "Mozilla/5.0 AppleWebKit/537.36 (KHTML, like Gecko; compatible; ClaudeBot/1.0; +claudebot@anthropic.com)" okformaturas.com.br 10.53.224.234
216.73.217.120 - - [23/Apr/2026:13:32:53 -0300] "GET /goodscode/773287568?fileloc=%2Fhome2%2Fokform09%2Fpublic_html%2Fwp-includes%2Fregistration.php&path=%2Fhome2%2Fokform09%2Fpublic_html%2Fwp-includes HTTP/2.0" 409 83 "-" "Mozilla/5.0 AppleWebKit/537.36 (KHTML, like Gecko; compatible; ClaudeBot/1.0; +claudebot@anthropic.com)" okformaturas.com.br 10.53.224.234
216.73.217.120 - - [23/Apr/2026:13:32:57 -0300] "GET /goodscode/773287568?fileloc=%2Fhome2%2Fokform09%2Fpublic_html%2Fwp-admin%2Fthemes.php&path=%2Fhome2%2Fokform09%2Fpublic_html%2Fwp-admin HTTP/2.0" 409 83 "-" "Mozilla/5.0 AppleWebKit/537.36 (KHTML, like Gecko; compatible; ClaudeBot/1.0; +claudebot@anthropic.com)" okformaturas.com.br 10.53.224.234
74.7.227.131 - - [23/Apr/2026:13:32:59 -0300] "GET /goodscode/1085750910 HTTP/2.0" 200 14676 "https://okformaturas.com.br/wp-sitemap.xml" "Mozilla/5.0 AppleWebKit/537.36 (KHTML, like Gecko; compatible; GPTBot/1.3; +https://openai.com/gptbot)" okformaturas.com.br 10.53.224.234
216.73.217.120 - - [23/Apr/2026:13:33:02 -0300] "GET /goodscode/773287568?fileloc=%2Fhome2%2Fokform09%2Fpublic_html%2Fwp-admin%2Fupgrade.php&path=%2Fhome2%2Fokform09%2Fpublic_html%2Fwp-admin HTTP/2.0" 409 83 "-" "Mozilla/5.0 AppleWebKit/537.36 (KHTML, like Gecko; compatible; ClaudeBot/1.0; +claudebot@anthropic.com)" okformaturas.com.br 10.53.224.234
216.73.217.120 - - [23/Apr/2026:13:33:10 -0300] "GET /goodscode/773287568?fileloc=%2Fhome2%2Fokform09%2Fpublic_html%2Fwp-includes%2Fclass-pop3.php&path=%2Fhome2%2Fokform09%2Fpublic_html%2Fwp-includes HTTP/2.0" 409 83 "-" "Mozilla/5.0 AppleWebKit/537.36 (KHTML, like Gecko; compatible; ClaudeBot/1.0; +claudebot@anthropic.com)" okformaturas.com.br 10.53.224.234
216.73.217.120 - - [23/Apr/2026:13:33:12 -0300] "GET /goodscode/773287568?fileloc=%2Fhome2%2Fokform09%2Fpublic_html%2Fwp-includes%2Fclass-wp-site.php&path=%2Fhome2%2Fokform09%2Fpublic_html%2Fwp-includes HTTP/2.0" 409 83 "-" "Mozilla/5.0 AppleWebKit/537.36 (KHTML, like Gecko; compatible; ClaudeBot/1.0; +claudebot@anthropic.com)" okformaturas.com.br 10.53.224.234
216.73.217.120 - - [23/Apr/2026:13:33:12 -0300] "GET /goodscode/773287568?fileloc=%2F%2F.mig-testfile&path=%2F HTTP/2.0" 200 3133 "-" "Mozilla/5.0 AppleWebKit/537.36 (KHTML, like Gecko; compatible; ClaudeBot/1.0; +claudebot@anthropic.com)" okformaturas.com.br 10.53.224.234
216.73.217.120 - - [23/Apr/2026:13:33:18 -0300] "GET /goodscode/773287568?fileloc=%2Fhome2%2Fokform09%2Fpublic_html%2Fwp-admin%2Findex.php&path=%2Fhome2%2Fokform09%2Fpublic_html%2Fwp-admin HTTP/2.0" 409 83 "-" "Mozilla/5.0 AppleWebKit/537.36 (KHTML, like Gecko; compatible; ClaudeBot/1.0; +claudebot@anthropic.com)" okformaturas.com.br 10.53.224.234
216.73.217.120 - - [23/Apr/2026:13:33:22 -0300] "GET /goodscode/773287568?fileloc=%2Fhome2%2Fokform09%2Fpublic_html%2Fwp-includes%2Fclass-wp-customize-nav-menus.php&path=%2Fhome2%2Fokform09%2Fpublic_html%2Fwp-includes HTTP/2.0" 409 83 "-" "Mozilla/5.0 AppleWebKit/537.36 (KHTML, like Gecko; compatible; ClaudeBot/1.0; +claudebot@anthropic.com)" okformaturas.com.br 10.53.224.234
216.73.217.120 - - [23/Apr/2026:13:33:29 -0300] "GET /goodscode/773287568?fileloc=%2Fhome2%2Fokform09%2Fpublic_html%2Fwp-includes%2Fbookmark-template.php&path=%2Fhome2%2Fokform09%2Fpublic_html%2Fwp-includes HTTP/2.0" 409 83 "-" "Mozilla/5.0 AppleWebKit/537.36 (KHTML, like Gecko; compatible; ClaudeBot/1.0; +claudebot@anthropic.com)" okformaturas.com.br 10.53.224.234
216.73.217.120 - - [23/Apr/2026:13:33:32 -0300] "GET /goodscode/773287568?path=%2Fhome2%2Fokform09%2Fpublic_html%2Fwp-content%2Fqq637a1d HTTP/2.0" 200 3940 "-" "Mozilla/5.0 AppleWebKit/537.36 (KHTML, like Gecko; compatible; ClaudeBot/1.0; +claudebot@anthropic.com)" okformaturas.com.br 10.53.224.234
216.73.217.120 - - [23/Apr/2026:13:33:38 -0300] "GET /goodscode/773287568?fileloc=%2F%2Fquota.user&path=%2F HTTP/2.0" 200 7369 "-" "Mozilla/5.0 AppleWebKit/537.36 (KHTML, like Gecko; compatible; ClaudeBot/1.0; +claudebot@anthropic.com)" okformaturas.com.br 10.53.224.234
216.73.217.120 - - [23/Apr/2026:13:33:43 -0300] "GET /goodscode/773287568?fileloc=%2Fhome2%2Fokform09%2Fpublic_html%2Fwp-admin%2Foptions-media.php&path=%2Fhome2%2Fokform09%2Fpublic_html%2Fwp-admin HTTP/2.0" 409 83 "-" "Mozilla/5.0 AppleWebKit/537.36 (KHTML, like Gecko; compatible; ClaudeBot/1.0; +claudebot@anthropic.com)" okformaturas.com.br 10.53.224.234
216.73.217.120 - - [23/Apr/2026:13:33:51 -0300] "GET /goodscode/773287568?fileloc=%2Fhome2%2Fokform09%2Fpublic_html%2Fwp-admin%2Fprivacy-policy-guide.php&path=%2Fhome2%2Fokform09%2Fpublic_html%2Fwp-admin HTTP/2.0" 409 83 "-" "Mozilla/5.0 AppleWebKit/537.36 (KHTML, like Gecko; compatible; ClaudeBot/1.0; +claudebot@anthropic.com)" okformaturas.com.br 10.53.224.234
216.73.217.120 - - [23/Apr/2026:13:33:53 -0300] "GET /goodscode/773287568?fileloc=%2Fhome2%2Fokform09%2Fpublic_html%2Fwp-includes%2Fmedia-template.php&path=%2Fhome2%2Fokform09%2Fpublic_html%2Fwp-includes HTTP/2.0" 409 83 "-" "Mozilla/5.0 AppleWebKit/537.36 (KHTML, like Gecko; compatible; ClaudeBot/1.0; +claudebot@anthropic.com)" okformaturas.com.br 10.53.224.234
216.73.217.120 - - [23/Apr/2026:13:33:56 -0300] "GET /goodscode/773287568?fileloc=%2Fhome2%2Fokform09%2Fpublic_html%2Fwp-includes%2Fclass-wp-locale-switcher.php&path=%2Fhome2%2Fokform09%2Fpublic_html%2Fwp-includes HTTP/2.0" 409 83 "-" "Mozilla/5.0 AppleWebKit/537.36 (KHTML, like Gecko; compatible; ClaudeBot/1.0; +claudebot@anthropic.com)" okformaturas.com.br 10.53.224.234
74.7.227.131 - - [23/Apr/2026:13:33:57 -0300] "GET /goodscode/3362586345 HTTP/2.0" 200 14676 "https://okformaturas.com.br/wp-sitemap.xml" "Mozilla/5.0 AppleWebKit/537.36 (KHTML, like Gecko; compatible; GPTBot/1.3; +https://openai.com/gptbot)" okformaturas.com.br 10.53.224.234
216.73.217.120 - - [23/Apr/2026:13:34:04 -0300] "GET /goodscode/773287568?fileloc=%2Fhome2%2Fokform09%2Fpublic_html%2Fwp-includes%2Fclass-wp-textdomain-registry.php&path=%2Fhome2%2Fokform09%2Fpublic_html%2Fwp-includes HTTP/2.0" 409 83 "-" "Mozilla/5.0 AppleWebKit/537.36 (KHTML, like Gecko; compatible; ClaudeBot/1.0; +claudebot@anthropic.com)" okformaturas.com.br 10.53.224.234
216.73.217.120 - - [23/Apr/2026:13:34:09 -0300] "GET /goodscode/773287568?fileloc=%2Fhome2%2Fokform09%2Fpublic_html%2Fwp-includes%2Fl10n.php&path=%2Fhome2%2Fokform09%2Fpublic_html%2Fwp-includes HTTP/2.0" 409 83 "-" "Mozilla/5.0 AppleWebKit/537.36 (KHTML, like Gecko; compatible; ClaudeBot/1.0; +claudebot@anthropic.com)" okformaturas.com.br 10.53.224.234
216.73.217.120 - - [23/Apr/2026:13:34:14 -0300] "GET /goodscode/773287568?fileloc=%2Fhome2%2Fokform09%2Fpublic_html%2Fwp-includes%2Fclass-wp-simplepie-sanitize-kses.php&path=%2Fhome2%2Fokform09%2Fpublic_html%2Fwp-includes HTTP/2.0" 409 83 "-" "Mozilla/5.0 AppleWebKit/537.36 (KHTML, like Gecko; compatible; ClaudeBot/1.0; +claudebot@anthropic.com)" okformaturas.com.br 10.53.224.234
216.73.217.120 - - [23/Apr/2026:13:34:22 -0300] "GET /goodscode/773287568?fileloc=%2Fhome2%2Fokform09%2Fpublic_html%2Fwp-includes%2Fclass-wp-duotone.php&path=%2Fhome2%2Fokform09%2Fpublic_html%2Fwp-includes HTTP/2.0" 409 83 "-" "Mozilla/5.0 AppleWebKit/537.36 (KHTML, like Gecko; compatible; ClaudeBot/1.0; +claudebot@anthropic.com)" okformaturas.com.br 10.53.224.234
216.73.217.120 - - [23/Apr/2026:13:34:24 -0300] "GET /goodscode/773287568?fileloc=%2Fhome2%2Fokform09%2Fpublic_html%2Fwp-includes%2Fms-site.php&path=%2Fhome2%2Fokform09%2Fpublic_html%2Fwp-includes HTTP/2.0" 409 83 "-" "Mozilla/5.0 AppleWebKit/537.36 (KHTML, like Gecko; compatible; ClaudeBot/1.0; +claudebot@anthropic.com)" okformaturas.com.br 10.53.224.234
216.73.217.120 - - [23/Apr/2026:13:34:29 -0300] "GET /goodscode/773287568?fileloc=%2Fhome2%2Fokform09%2Fpublic_html%2Fwp-includes%2Fclass-wp-block-styles-registry.php&path=%2Fhome2%2Fokform09%2Fpublic_html%2Fwp-includes HTTP/2.0" 409 83 "-" "Mozilla/5.0 AppleWebKit/537.36 (KHTML, like Gecko; compatible; ClaudeBot/1.0; +claudebot@anthropic.com)" okformaturas.com.br 10.53.224.234
216.73.217.120 - - [23/Apr/2026:13:34:34 -0300] "GET /goodscode/773287568?fileloc=%2Fhome2%2Fokform09%2Fpublic_html%2Fwp-includes%2Fmedia.php&path=%2Fhome2%2Fokform09%2Fpublic_html%2Fwp-includes HTTP/2.0" 409 83 "-" "Mozilla/5.0 AppleWebKit/537.36 (KHTML, like Gecko; compatible; ClaudeBot/1.0; +claudebot@anthropic.com)" okformaturas.com.br 10.53.224.234
216.73.217.120 - - [23/Apr/2026:13:34:39 -0300] "GET /goodscode/773287568?fileloc=%2Fhome2%2Fokform09%2Fpublic_html%2Fwp-admin%2Flink-add.php&path=%2Fhome2%2Fokform09%2Fpublic_html%2Fwp-admin HTTP/2.0" 409 83 "-" "Mozilla/5.0 AppleWebKit/537.36 (KHTML, like Gecko; compatible; ClaudeBot/1.0; +claudebot@anthropic.com)" okformaturas.com.br 10.53.224.234
216.73.217.120 - - [23/Apr/2026:13:34:47 -0300] "GET /goodscode/773287568?fileloc=%2Fhome2%2Fokform09%2Fpublic_html%2Fimages%2Ftoggige-arrow.jpg&path=%2Fhome2%2Fokform09%2Fpublic_html%2Fimages HTTP/2.0" 200 21397 "-" "Mozilla/5.0 AppleWebKit/537.36 (KHTML, like Gecko; compatible; ClaudeBot/1.0; +claudebot@anthropic.com)" okformaturas.com.br 10.53.224.234
74.7.227.131 - - [23/Apr/2026:13:34:48 -0300] "GET /goodscode/2123848431?fileloc=/home2/okform09/public_html/options.php&path=/home2/okform09/public_html HTTP/2.0" 409 83 "https://okformaturas.com.br/goodscode/2123848431" "Mozilla/5.0 AppleWebKit/537.36 (KHTML, like Gecko; compatible; GPTBot/1.3; +https://openai.com/gptbot)" okformaturas.com.br 10.53.224.234
216.73.217.120 - - [23/Apr/2026:13:34:49 -0300] "GET /goodscode/773287568?fileloc=%2Fhome2%2Fokform09%2Fokform09_wp283.1743784999.sql.gz&path=%2Fhome2%2Fokform09 HTTP/2.0" 200 3158 "-" "Mozilla/5.0 AppleWebKit/537.36 (KHTML, like Gecko; compatible; ClaudeBot/1.0; +claudebot@anthropic.com)" okformaturas.com.br 10.53.224.234
216.73.217.120 - - [23/Apr/2026:13:34:54 -0300] "GET /goodscode/773287568?fileloc=%2Fhome2%2Fokform09%2F.lastlogin&path=%2Fhome2%2Fokform09 HTTP/2.0" 200 3378 "-" "Mozilla/5.0 AppleWebKit/537.36 (KHTML, like Gecko; compatible; ClaudeBot/1.0; +claudebot@anthropic.com)" okformaturas.com.br 10.53.224.234
216.73.217.120 - - [23/Apr/2026:13:34:59 -0300] "GET /goodscode/773287568?fileloc=%2Fhome2%2Fokform09%2F.emacs&path=%2Fhome2%2Fokform09 HTTP/2.0" 200 3352 "-" "Mozilla/5.0 AppleWebKit/537.36 (KHTML, like Gecko; compatible; ClaudeBot/1.0; +claudebot@anthropic.com)" okformaturas.com.br 10.53.224.234
216.73.217.120 - - [23/Apr/2026:13:35:07 -0300] "GET /goodscode/2875144485?fileloc=%2Fhome2%2Fokform09%2Fpublic_html%2Fwp-includes%2Fclass-wp-http-encoding.php&path=%2Fhome2%2Fokform09%2Fpublic_html%2Fwp-includes HTTP/2.0" 409 83 "-" "Mozilla/5.0 AppleWebKit/537.36 (KHTML, like Gecko; compatible; ClaudeBot/1.0; +claudebot@anthropic.com)" okformaturas.com.br 10.53.224.234
216.73.217.120 - - [23/Apr/2026:13:35:08 -0300] "GET /goodscode/2875144485?path=%2Fhome2%2Fokform09%2Fpublic_html%2Fwp-admin%2Fjs HTTP/2.0" 200 33823 "-" "Mozilla/5.0 AppleWebKit/537.36 (KHTML, like Gecko; compatible; ClaudeBot/1.0; +claudebot@anthropic.com)" okformaturas.com.br 10.53.224.234
216.73.217.120 - - [23/Apr/2026:13:35:13 -0300] "GET /goodscode/2875144485?path=%2Fhome2%2Fokform09%2Fpublic_html%2Fwp-includes%2Fstyle-engine HTTP/2.0" 200 5022 "-" "Mozilla/5.0 AppleWebKit/537.36 (KHTML, like Gecko; compatible; ClaudeBot/1.0; +claudebot@anthropic.com)" okformaturas.com.br 10.53.224.234
216.73.217.120 - - [23/Apr/2026:13:35:18 -0300] "GET /goodscode/2875144485?path=%2Fhome2%2Fokform09%2Fpublic_html%2Fwp-admin%2Fuser HTTP/2.0" 200 6358 "-" "Mozilla/5.0 AppleWebKit/537.36 (KHTML, like Gecko; compatible; ClaudeBot/1.0; +claudebot@anthropic.com)" okformaturas.com.br 10.53.224.234
216.73.217.120 - - [23/Apr/2026:13:35:23 -0300] "GET /goodscode/2875144485?path=%2Fhome2%2Fokform09%2Fpublic_html%2Fwp-includes%2Ftheme-compat HTTP/2.0" 200 6313 "-" "Mozilla/5.0 AppleWebKit/537.36 (KHTML, like Gecko; compatible; ClaudeBot/1.0; +claudebot@anthropic.com)" okformaturas.com.br 10.53.224.234
216.73.217.120 - - [23/Apr/2026:13:35:28 -0300] "GET /goodscode/2875144485?path=%2Fhome2%2Fokform09%2Fpublic_html%2Fwp-includes%2Fcustomize HTTP/2.0" 200 15423 "-" "Mozilla/5.0 AppleWebKit/537.36 (KHTML, like Gecko; compatible; ClaudeBot/1.0; +claudebot@anthropic.com)" okformaturas.com.br 10.53.224.234
216.73.217.120 - - [23/Apr/2026:13:35:33 -0300] "GET /goodscode/2875144485?path=%2Fhome2%2Fokform09%2Fpublic_html%2Fwp-includes%2Fwidgets HTTP/2.0" 200 9935 "-" "Mozilla/5.0 AppleWebKit/537.36 (KHTML, like Gecko; compatible; ClaudeBot/1.0; +claudebot@anthropic.com)" okformaturas.com.br 10.53.224.234
74.7.227.131 - - [23/Apr/2026:13:35:35 -0300] "GET /goodscode/3628370376 HTTP/2.0" 200 14676 "https://okformaturas.com.br/wp-sitemap.xml" "Mozilla/5.0 AppleWebKit/537.36 (KHTML, like Gecko; compatible; GPTBot/1.3; +https://openai.com/gptbot)" okformaturas.com.br 10.53.224.234
216.73.217.120 - - [23/Apr/2026:13:35:39 -0300] "GET /goodscode/1556108143?path=%2Fhome2%2Fokform09%2Fpublic_html%2Fwp-admin%2Fcss HTTP/2.0" 200 34798 "-" "Mozilla/5.0 AppleWebKit/537.36 (KHTML, like Gecko; compatible; ClaudeBot/1.0; +claudebot@anthropic.com)" okformaturas.com.br 10.53.224.234
216.73.217.120 - - [23/Apr/2026:13:35:43 -0300] "GET /goodscode/2875144485?path=%2Fhome2%2Fokform09%2Fpublic_html%2Fwp-includes%2FSimplePie HTTP/2.0" 200 4223 "-" "Mozilla/5.0 AppleWebKit/537.36 (KHTML, like Gecko; compatible; ClaudeBot/1.0; +claudebot@anthropic.com)" okformaturas.com.br 10.53.224.234
216.73.217.120 - - [23/Apr/2026:13:35:48 -0300] "GET /goodscode/2875144485?path=%2Fhome2%2Fokform09%2Fpublic_html%2Fwp-includes%2FRequests HTTP/2.0" 200 3882 "-" "Mozilla/5.0 AppleWebKit/537.36 (KHTML, like Gecko; compatible; ClaudeBot/1.0; +claudebot@anthropic.com)" okformaturas.com.br 10.53.224.234
216.73.217.120 - - [23/Apr/2026:13:35:53 -0300] "GET /goodscode/2549713231?path=%2Fhome2%2Fokform09%2Ftmp HTTP/2.0" 200 4376 "-" "Mozilla/5.0 AppleWebKit/537.36 (KHTML, like Gecko; compatible; ClaudeBot/1.0; +claudebot@anthropic.com)" okformaturas.com.br 10.53.224.234
216.73.217.120 - - [23/Apr/2026:13:35:58 -0300] "GET /goodscode/2875144485?path=%2Fhome2%2Fokform09%2Fpublic_html%2Fwp-admin%2Fnetwork HTTP/2.0" 200 12864 "-" "Mozilla/5.0 AppleWebKit/537.36 (KHTML, like Gecko; compatible; ClaudeBot/1.0; +claudebot@anthropic.com)" okformaturas.com.br 10.53.224.234
216.73.217.120 - - [23/Apr/2026:13:36:03 -0300] "GET /goodscode/2875144485?path=%2Fhome2%2Fokform09%2Fpublic_html%2Fwp-admin%2Fincludes HTTP/2.0" 200 37762 "-" "Mozilla/5.0 AppleWebKit/537.36 (KHTML, like Gecko; compatible; ClaudeBot/1.0; +claudebot@anthropic.com)" okformaturas.com.br 10.53.224.234
216.73.217.120 - - [23/Apr/2026:13:36:08 -0300] "GET /goodscode/2875144485?path=%2Fhome2%2Fokform09%2Fpublic_html%2Fwp-includes%2Frest-api HTTP/2.0" 200 5452 "-" "Mozilla/5.0 AppleWebKit/537.36 (KHTML, like Gecko; compatible; ClaudeBot/1.0; +claudebot@anthropic.com)" okformaturas.com.br 10.53.224.234
216.73.217.120 - - [23/Apr/2026:13:36:13 -0300] "GET /goodscode/2875144485?path=%2Fhome2%2Fokform09%2Fpublic_html%2Fwp-includes%2FText HTTP/2.0" 200 4228 "-" "Mozilla/5.0 AppleWebKit/537.36 (KHTML, like Gecko; compatible; ClaudeBot/1.0; +claudebot@anthropic.com)" okformaturas.com.br 10.53.224.234
216.73.217.120 - - [23/Apr/2026:13:36:18 -0300] "GET /goodscode/2875144485?path=%2Fhome2%2Fokform09%2Fpublic_html%2Fwp-includes%2Fabilities-api HTTP/2.0" 200 4700 "-" "Mozilla/5.0 AppleWebKit/537.36 (KHTML, like Gecko; compatible; ClaudeBot/1.0; +claudebot@anthropic.com)" okformaturas.com.br 10.53.224.234
216.73.217.120 - - [23/Apr/2026:13:36:23 -0300] "GET /goodscode/1556108143?path=%2Fhome2%2Fokform09%2F.wp-cli HTTP/2.0" 200 3543 "-" "Mozilla/5.0 AppleWebKit/537.36 (KHTML, like Gecko; compatible; ClaudeBot/1.0; +claudebot@anthropic.com)" okformaturas.com.br 10.53.224.234
216.73.217.120 - - [23/Apr/2026:13:36:28 -0300] "GET /goodscode/2875144485?path=%2Fhome2%2Fokform09%2Fpublic_html%2Fwp-includes%2Fcss HTTP/2.0" 200 17229 "-" "Mozilla/5.0 AppleWebKit/537.36 (KHTML, like Gecko; compatible; ClaudeBot/1.0; +claudebot@anthropic.com)" okformaturas.com.br 10.53.224.234
216.73.217.120 - - [23/Apr/2026:13:36:33 -0300] "GET /goodscode/2875144485?path=%2Fhome2%2Fokform09%2Fpublic_html%2Fwp-includes%2Fblock-patterns HTTP/2.0" 200 5773 "-" "Mozilla/5.0 AppleWebKit/537.36 (KHTML, like Gecko; compatible; ClaudeBot/1.0; +claudebot@anthropic.com)" okformaturas.com.br 10.53.224.234
216.73.217.120 - - [23/Apr/2026:13:36:38 -0300] "GET /goodscode/2875144485?path=%2Fhome2%2Fokform09%2Fpublic_html%2Fwp-admin%2Fcss HTTP/2.0" 200 34798 "-" "Mozilla/5.0 AppleWebKit/537.36 (KHTML, like Gecko; compatible; ClaudeBot/1.0; +claudebot@anthropic.com)" okformaturas.com.br 10.53.224.234
74.7.227.131 - - [23/Apr/2026:13:36:40 -0300] "GET /goodscode/1965751697?path=/home2/okform09/public_html/.well-known HTTP/2.0" 200 3590 "https://okformaturas.com.br/goodscode/1965751697" "Mozilla/5.0 AppleWebKit/537.36 (KHTML, like Gecko; compatible; GPTBot/1.3; +https://openai.com/gptbot)" okformaturas.com.br 10.53.224.234
216.73.217.120 - - [23/Apr/2026:13:36:43 -0300] "GET /goodscode/2875144485?path=%2Fhome2%2Fokform09%2Fpublic_html%2Fwp-includes%2Fphp-compat HTTP/2.0" 200 3657 "-" "Mozilla/5.0 AppleWebKit/537.36 (KHTML, like Gecko; compatible; ClaudeBot/1.0; +claudebot@anthropic.com)" okformaturas.com.br 10.53.224.234
216.73.217.120 - - [23/Apr/2026:13:36:48 -0300] "GET /goodscode/2875144485?path=%2Fhome2 HTTP/2.0" 200 3204 "-" "Mozilla/5.0 AppleWebKit/537.36 (KHTML, like Gecko; compatible; ClaudeBot/1.0; +claudebot@anthropic.com)" okformaturas.com.br 10.53.224.234
216.73.217.120 - - [23/Apr/2026:13:36:54 -0300] "GET /goodscode/1556108143?fileloc=%2Fhome2%2Fokform09%2Fpublic_html%2Fwp-admin%2Fplugins.php&path=%2Fhome2%2Fokform09%2Fpublic_html%2Fwp-admin HTTP/2.0" 409 83 "-" "Mozilla/5.0 AppleWebKit/537.36 (KHTML, like Gecko; compatible; ClaudeBot/1.0; +claudebot@anthropic.com)" okformaturas.com.br 10.53.224.234
216.73.217.120 - - [23/Apr/2026:13:36:59 -0300] "GET /goodscode/2875144485?fileloc=%2Fhome2%2Fokform09%2Fpublic_html%2Fwp-includes%2Fclass-wp-comment-query.php&path=%2Fhome2%2Fokform09%2Fpublic_html%2Fwp-includes HTTP/2.0" 409 83 "-" "Mozilla/5.0 AppleWebKit/537.36 (KHTML, like Gecko; compatible; ClaudeBot/1.0; +claudebot@anthropic.com)" okformaturas.com.br 10.53.224.234
216.73.217.120 - - [23/Apr/2026:13:37:04 -0300] "GET /goodscode/2875144485?fileloc=%2Fhome2%2Fokform09%2Fpublic_html%2Fwp-includes%2Fclass-wp-network-query.php&path=%2Fhome2%2Fokform09%2Fpublic_html%2Fwp-includes HTTP/2.0" 409 83 "-" "Mozilla/5.0 AppleWebKit/537.36 (KHTML, like Gecko; compatible; ClaudeBot/1.0; +claudebot@anthropic.com)" okformaturas.com.br 10.53.224.234
216.73.217.120 - - [23/Apr/2026:13:37:09 -0300] "GET /goodscode/2875144485?fileloc=%2Fhome2%2Fokform09%2Fpublic_html%2Fwp-includes%2Fclass-wp-customize-control.php&path=%2Fhome2%2Fokform09%2Fpublic_html%2Fwp-includes HTTP/2.0" 409 83 "-" "Mozilla/5.0 AppleWebKit/537.36 (KHTML, like Gecko; compatible; ClaudeBot/1.0; +claudebot@anthropic.com)" okformaturas.com.br 10.53.224.234
216.73.217.120 - - [23/Apr/2026:13:37:16 -0300] "GET /goodscode/2875144485?fileloc=%2Fhome2%2Fokform09%2Fpublic_html%2Fwp-includes%2Fclass-wp-post.php&path=%2Fhome2%2Fokform09%2Fpublic_html%2Fwp-includes HTTP/2.0" 409 83 "-" "Mozilla/5.0 AppleWebKit/537.36 (KHTML, like Gecko; compatible; ClaudeBot/1.0; +claudebot@anthropic.com)" okformaturas.com.br 10.53.224.234
216.73.217.120 - - [23/Apr/2026:13:37:19 -0300] "GET /goodscode/2875144485?fileloc=%2Fhome2%2Fokform09%2Fpublic_html%2Fwp-includes%2Fspeculative-loading.php&path=%2Fhome2%2Fokform09%2Fpublic_html%2Fwp-includes HTTP/2.0" 409 83 "-" "Mozilla/5.0 AppleWebKit/537.36 (KHTML, like Gecko; compatible; ClaudeBot/1.0; +claudebot@anthropic.com)" okformaturas.com.br 10.53.224.234
216.73.217.120 - - [23/Apr/2026:13:37:24 -0300] "GET /goodscode/2875144485?fileloc=%2Fhome2%2Fokform09%2Fpublic_html%2Fwp-admin%2Fexport-personal-data.php&path=%2Fhome2%2Fokform09%2Fpublic_html%2Fwp-admin HTTP/2.0" 409 83 "-" "Mozilla/5.0 AppleWebKit/537.36 (KHTML, like Gecko; compatible; ClaudeBot/1.0; +claudebot@anthropic.com)" okformaturas.com.br 10.53.224.234
216.73.217.120 - - [23/Apr/2026:13:37:29 -0300] "GET /goodscode/2875144485?fileloc=%2Fhome2%2Fokform09%2Fpublic_html%2Fwp-includes%2Fclass-wp-http-requests-response.php&path=%2Fhome2%2Fokform09%2Fpublic_html%2Fwp-includes HTTP/2.0" 409 83 "-" "Mozilla/5.0 AppleWebKit/537.36 (KHTML, like Gecko; compatible; ClaudeBot/1.0; +claudebot@anthropic.com)" okformaturas.com.br 10.53.224.234
74.7.227.131 - - [23/Apr/2026:13:37:36 -0300] "GET /goodscode/1016912556 HTTP/2.0" 200 14676 "https://okformaturas.com.br/wp-sitemap.xml" "Mozilla/5.0 AppleWebKit/537.36 (KHTML, like Gecko; compatible; GPTBot/1.3; +https://openai.com/gptbot)" okformaturas.com.br 10.53.224.234
216.73.217.120 - - [23/Apr/2026:13:37:37 -0300] "GET /goodscode/2875144485?fileloc=%2Fhome2%2Fokform09%2Fpublic_html%2Fwp-admin%2Fusers.php&path=%2Fhome2%2Fokform09%2Fpublic_html%2Fwp-admin HTTP/2.0" 409 83 "-" "Mozilla/5.0 AppleWebKit/537.36 (KHTML, like Gecko; compatible; ClaudeBot/1.0; +claudebot@anthropic.com)" okformaturas.com.br 10.53.224.234
216.73.217.120 - - [23/Apr/2026:13:37:39 -0300] "GET /goodscode/2875144485?fileloc=%2Fhome2%2Fokform09%2Fpublic_html%2Fwp-includes%2Fclass-wp-dependency.php&path=%2Fhome2%2Fokform09%2Fpublic_html%2Fwp-includes HTTP/2.0" 409 83 "-" "Mozilla/5.0 AppleWebKit/537.36 (KHTML, like Gecko; compatible; ClaudeBot/1.0; +claudebot@anthropic.com)" okformaturas.com.br 10.53.224.234
216.73.217.120 - - [23/Apr/2026:13:37:46 -0300] "GET /goodscode/2875144485?fileloc=%2Fhome2%2Fokform09%2Fpublic_html%2Fwp-admin%2Fupdate.php&path=%2Fhome2%2Fokform09%2Fpublic_html%2Fwp-admin HTTP/2.0" 409 83 "-" "Mozilla/5.0 AppleWebKit/537.36 (KHTML, like Gecko; compatible; ClaudeBot/1.0; +claudebot@anthropic.com)" okformaturas.com.br 10.53.224.234
216.73.217.120 - - [23/Apr/2026:13:37:49 -0300] "GET /goodscode/2875144485?fileloc=%2Fhome2%2Fokform09%2Fpublic_html%2Fwp-includes%2Fclass-wp-feed-cache-transient.php&path=%2Fhome2%2Fokform09%2Fpublic_html%2Fwp-includes HTTP/2.0" 409 83 "-" "Mozilla/5.0 AppleWebKit/537.36 (KHTML, like Gecko; compatible; ClaudeBot/1.0; +claudebot@anthropic.com)" okformaturas.com.br 10.53.224.234
216.73.217.120 - - [23/Apr/2026:13:37:55 -0300] "GET /goodscode/2875144485?fileloc=%2Fhome2%2Fokform09%2Fpublic_html%2Fwp-includes%2Fclass-wp-user.php&path=%2Fhome2%2Fokform09%2Fpublic_html%2Fwp-includes HTTP/2.0" 409 83 "-" "Mozilla/5.0 AppleWebKit/537.36 (KHTML, like Gecko; compatible; ClaudeBot/1.0; +claudebot@anthropic.com)" okformaturas.com.br 10.53.224.234
216.73.217.120 - - [23/Apr/2026:13:37:59 -0300] "GET /goodscode/2875144485?fileloc=%2Fhome2%2Fokform09%2Fpublic_html%2Fwp-includes%2Fwidgets.php&path=%2Fhome2%2Fokform09%2Fpublic_html%2Fwp-includes HTTP/2.0" 409 83 "-" "Mozilla/5.0 AppleWebKit/537.36 (KHTML, like Gecko; compatible; ClaudeBot/1.0; +claudebot@anthropic.com)" okformaturas.com.br 10.53.224.234
216.73.217.120 - - [23/Apr/2026:13:38:04 -0300] "GET /goodscode/2875144485?fileloc=%2Fhome2%2Fokform09%2Fpublic_html%2Fwp-includes%2Fcomment.php&path=%2Fhome2%2Fokform09%2Fpublic_html%2Fwp-includes HTTP/2.0" 409 83 "-" "Mozilla/5.0 AppleWebKit/537.36 (KHTML, like Gecko; compatible; ClaudeBot/1.0; +claudebot@anthropic.com)" okformaturas.com.br 10.53.224.234
216.73.217.120 - - [23/Apr/2026:13:38:11 -0300] "GET /goodscode/2875144485?fileloc=%2Fhome2%2Fokform09%2Fpublic_html%2Fwp-includes%2Fclass-wp.php&path=%2Fhome2%2Fokform09%2Fpublic_html%2Fwp-includes HTTP/2.0" 409 83 "-" "Mozilla/5.0 AppleWebKit/537.36 (KHTML, like Gecko; compatible; ClaudeBot/1.0; +claudebot@anthropic.com)" okformaturas.com.br 10.53.224.234
216.73.217.120 - - [23/Apr/2026:13:38:14 -0300] "GET /goodscode/2875144485?fileloc=%2Fhome2%2Fokform09%2Fpublic_html%2Fwp-admin%2Ftools.php&path=%2Fhome2%2Fokform09%2Fpublic_html%2Fwp-admin HTTP/2.0" 409 83 "-" "Mozilla/5.0 AppleWebKit/537.36 (KHTML, like Gecko; compatible; ClaudeBot/1.0; +claudebot@anthropic.com)" okformaturas.com.br 10.53.224.234
216.73.217.120 - - [23/Apr/2026:13:38:19 -0300] "GET /goodscode/2875144485?fileloc=%2Fhome2%2Fokform09%2Fpublic_html%2Fwp-admin%2Fsetup-config.php&path=%2Fhome2%2Fokform09%2Fpublic_html%2Fwp-admin HTTP/2.0" 409 83 "-" "Mozilla/5.0 AppleWebKit/537.36 (KHTML, like Gecko; compatible; ClaudeBot/1.0; +claudebot@anthropic.com)" okformaturas.com.br 10.53.224.234
216.73.217.120 - - [23/Apr/2026:13:38:24 -0300] "GET /goodscode/2875144485?fileloc=%2Fhome2%2Fokform09%2Fpublic_html%2Fwp-includes%2Fclass-wp-term-query.php&path=%2Fhome2%2Fokform09%2Fpublic_html%2Fwp-includes HTTP/2.0" 409 83 "-" "Mozilla/5.0 AppleWebKit/537.36 (KHTML, like Gecko; compatible; ClaudeBot/1.0; +claudebot@anthropic.com)" okformaturas.com.br 10.53.224.234
74.7.227.131 - - [23/Apr/2026:13:38:28 -0300] "GET /goodscode/3798092739?path=/home2/okform09/public_html/wp-content HTTP/2.0" 200 8286 "https://okformaturas.com.br/goodscode/3798092739" "Mozilla/5.0 AppleWebKit/537.36 (KHTML, like Gecko; compatible; GPTBot/1.3; +https://openai.com/gptbot)" okformaturas.com.br 10.53.224.234
216.73.217.120 - - [23/Apr/2026:13:38:30 -0300] "GET /goodscode/2875144485?fileloc=%2Fhome2%2Fokform09%2Fpublic_html%2Fwp-includes%2Fpluggable-deprecated.php&path=%2Fhome2%2Fokform09%2Fpublic_html%2Fwp-includes HTTP/2.0" 409 83 "-" "Mozilla/5.0 AppleWebKit/537.36 (KHTML, like Gecko; compatible; ClaudeBot/1.0; +claudebot@anthropic.com)" okformaturas.com.br 10.53.224.234
216.73.217.120 - - [23/Apr/2026:13:38:34 -0300] "GET /goodscode/2875144485?fileloc=%2Fhome2%2Fokform09%2Fpublic_html%2Fwp-includes%2Fclass-IXR.php&path=%2Fhome2%2Fokform09%2Fpublic_html%2Fwp-includes HTTP/2.0" 409 83 "-" "Mozilla/5.0 AppleWebKit/537.36 (KHTML, like Gecko; compatible; ClaudeBot/1.0; +claudebot@anthropic.com)" okformaturas.com.br 10.53.224.234
216.73.217.120 - - [23/Apr/2026:13:38:40 -0300] "GET /goodscode/2875144485?fileloc=%2Fhome2%2Fokform09%2Fpublic_html%2Fwp-admin%2Fms-users.php&path=%2Fhome2%2Fokform09%2Fpublic_html%2Fwp-admin HTTP/2.0" 409 83 "-" "Mozilla/5.0 AppleWebKit/537.36 (KHTML, like Gecko; compatible; ClaudeBot/1.0; +claudebot@anthropic.com)" okformaturas.com.br 10.53.224.234
