216.73.217.120 - - [23/Apr/2026:13:38:44 -0300] "GET /goodscode/2875144485?fileloc=%2Fhome2%2Fokform09%2Fpublic_html%2Fwp-includes%2Fblock-template-utils.php&path=%2Fhome2%2Fokform09%2Fpublic_html%2Fwp-includes HTTP/2.0" 409 83 "-" "Mozilla/5.0 AppleWebKit/537.36 (KHTML, like Gecko; compatible; ClaudeBot/1.0; +claudebot@anthropic.com)" okformaturas.com.br 10.53.224.234
216.73.217.120 - - [23/Apr/2026:13:38:49 -0300] "GET /goodscode/1556108143?fileloc=%2Fhome2%2Fokform09%2Fpublic_html%2Fwp-admin%2Fadmin-functions.php&path=%2Fhome2%2Fokform09%2Fpublic_html%2Fwp-admin HTTP/2.0" 409 83 "-" "Mozilla/5.0 AppleWebKit/537.36 (KHTML, like Gecko; compatible; ClaudeBot/1.0; +claudebot@anthropic.com)" okformaturas.com.br 10.53.224.234
216.73.217.120 - - [23/Apr/2026:13:38:55 -0300] "GET /goodscode/1556108143?fileloc=%2Fhome2%2Fokform09%2Fpublic_html%2Fwp-admin%2Fplugin-install.php&path=%2Fhome2%2Fokform09%2Fpublic_html%2Fwp-admin HTTP/2.0" 409 83 "-" "Mozilla/5.0 AppleWebKit/537.36 (KHTML, like Gecko; compatible; ClaudeBot/1.0; +claudebot@anthropic.com)" okformaturas.com.br 10.53.224.234
216.73.217.120 - - [23/Apr/2026:13:38:59 -0300] "GET /goodscode/1556108143?path=%2Fhome2%2Fokform09%2F.koality HTTP/2.0" 200 3218 "-" "Mozilla/5.0 AppleWebKit/537.36 (KHTML, like Gecko; compatible; ClaudeBot/1.0; +claudebot@anthropic.com)" okformaturas.com.br 10.53.224.234
216.73.217.120 - - [23/Apr/2026:13:39:04 -0300] "GET /goodscode/2875144485?fileloc=%2Fhome2%2Fokform09%2Fpublic_html%2Fwp-includes%2Fembed-template.php&path=%2Fhome2%2Fokform09%2Fpublic_html%2Fwp-includes HTTP/2.0" 409 83 "-" "Mozilla/5.0 AppleWebKit/537.36 (KHTML, like Gecko; compatible; ClaudeBot/1.0; +claudebot@anthropic.com)" okformaturas.com.br 10.53.224.234
216.73.217.120 - - [23/Apr/2026:13:39:09 -0300] "GET /goodscode/2549713231?path=%2Fhome2%2Fokform09%2Faccess-logs HTTP/2.0" 200 6453 "-" "Mozilla/5.0 AppleWebKit/537.36 (KHTML, like Gecko; compatible; ClaudeBot/1.0; +claudebot@anthropic.com)" okformaturas.com.br 10.53.224.234
74.7.227.131 - - [23/Apr/2026:13:39:14 -0300] "GET /goodscode/3602326796 HTTP/2.0" 200 14676 "https://okformaturas.com.br/wp-sitemap.xml" "Mozilla/5.0 AppleWebKit/537.36 (KHTML, like Gecko; compatible; GPTBot/1.3; +https://openai.com/gptbot)" okformaturas.com.br 10.53.224.234
216.73.217.120 - - [23/Apr/2026:13:39:14 -0300] "GET /goodscode/2875144485?fileloc=%2Fhome2%2Fokform09%2Fpublic_html%2Fwp-includes%2Fclass-wp-oembed.php&path=%2Fhome2%2Fokform09%2Fpublic_html%2Fwp-includes HTTP/2.0" 409 83 "-" "Mozilla/5.0 AppleWebKit/537.36 (KHTML, like Gecko; compatible; ClaudeBot/1.0; +claudebot@anthropic.com)" okformaturas.com.br 10.53.224.234
216.73.217.120 - - [23/Apr/2026:13:39:19 -0300] "GET /goodscode/2875144485?fileloc=%2Fhome2%2Fokform09%2Fpublic_html%2Fwp-includes%2Fclass-wp-hook.php&path=%2Fhome2%2Fokform09%2Fpublic_html%2Fwp-includes HTTP/2.0" 409 83 "-" "Mozilla/5.0 AppleWebKit/537.36 (KHTML, like Gecko; compatible; ClaudeBot/1.0; +claudebot@anthropic.com)" okformaturas.com.br 10.53.224.234
52.167.144.21 - - [23/Apr/2026:13:39:18 -0300] "GET /?568781308010101.html HTTP/2.0" 200 153623 "-" "Mozilla/5.0 AppleWebKit/537.36 (KHTML, like Gecko; compatible; bingbot/2.0; +http://www.bing.com/bingbot.htm) Chrome/116.0.1938.76 Safari/537.36" www.okformaturas.com.br 10.53.224.234
216.73.217.120 - - [23/Apr/2026:13:39:25 -0300] "GET /goodscode/2875144485?fileloc=%2Fhome2%2Fokform09%2Fpublic_html%2Fwp-includes%2Fclass-wp-meta-query.php&path=%2Fhome2%2Fokform09%2Fpublic_html%2Fwp-includes HTTP/2.0" 409 83 "-" "Mozilla/5.0 AppleWebKit/537.36 (KHTML, like Gecko; compatible; ClaudeBot/1.0; +claudebot@anthropic.com)" okformaturas.com.br 10.53.224.234
66.249.69.5 - - [23/Apr/2026:13:39:25 -0300] "GET /goodscode/2372487531 HTTP/1.1" 200 148962 "-" "Mozilla/5.0 (Linux; Android 6.0.1; Nexus 5X Build/MMB29P) AppleWebKit/537.36 (KHTML, like Gecko) Chrome/146.0.7680.177 Mobile Safari/537.36 (compatible; GoogleOther)" okformaturas.com.br 10.53.224.234
216.73.217.120 - - [23/Apr/2026:13:39:30 -0300] "GET /goodscode/2875144485?fileloc=%2Fhome2%2Fokform09%2Fpublic_html%2Fwp-includes%2Fclass-snoopy.php&path=%2Fhome2%2Fokform09%2Fpublic_html%2Fwp-includes HTTP/2.0" 409 83 "-" "Mozilla/5.0 AppleWebKit/537.36 (KHTML, like Gecko; compatible; ClaudeBot/1.0; +claudebot@anthropic.com)" okformaturas.com.br 10.53.224.234
216.73.217.120 - - [23/Apr/2026:13:39:35 -0300] "GET /goodscode/1556108143?fileloc=%2Fhome2%2Fokform09%2Fpublic_html%2Fwp-admin%2Fsetup-config.php&path=%2Fhome2%2Fokform09%2Fpublic_html%2Fwp-admin HTTP/2.0" 409 83 "-" "Mozilla/5.0 AppleWebKit/537.36 (KHTML, like Gecko; compatible; ClaudeBot/1.0; +claudebot@anthropic.com)" okformaturas.com.br 10.53.224.234
216.73.217.120 - - [23/Apr/2026:13:39:40 -0300] "GET /goodscode/2875144485?fileloc=%2Fhome2%2Fokform09%2Fpublic_html%2Fwp-includes%2Fclass-wp-phpmailer.php&path=%2Fhome2%2Fokform09%2Fpublic_html%2Fwp-includes HTTP/2.0" 409 83 "-" "Mozilla/5.0 AppleWebKit/537.36 (KHTML, like Gecko; compatible; ClaudeBot/1.0; +claudebot@anthropic.com)" okformaturas.com.br 10.53.224.234
216.73.217.120 - - [23/Apr/2026:13:39:45 -0300] "GET /goodscode/2549713231?path=%2Fhome2%2Fokform09%2Fpublic_html%2Fwp-content%2Fpl3a4728 HTTP/2.0" 200 3938 "-" "Mozilla/5.0 AppleWebKit/537.36 (KHTML, like Gecko; compatible; ClaudeBot/1.0; +claudebot@anthropic.com)" okformaturas.com.br 10.53.224.234
216.73.217.120 - - [23/Apr/2026:13:39:50 -0300] "GET /goodscode/2549713231?path=%2Fhome2%2Fokform09%2Fpublic_html%2Fwp-content%2Fthemes HTTP/2.0" 200 5086 "-" "Mozilla/5.0 AppleWebKit/537.36 (KHTML, like Gecko; compatible; ClaudeBot/1.0; +claudebot@anthropic.com)" okformaturas.com.br 10.53.224.234
216.73.217.120 - - [23/Apr/2026:13:39:55 -0300] "GET /goodscode/2875144485?fileloc=%2Fhome2%2Fokform09%2Fpublic_html%2Fwp-includes%2Fwp-db.php&path=%2Fhome2%2Fokform09%2Fpublic_html%2Fwp-includes HTTP/2.0" 409 83 "-" "Mozilla/5.0 AppleWebKit/537.36 (KHTML, like Gecko; compatible; ClaudeBot/1.0; +claudebot@anthropic.com)" okformaturas.com.br 10.53.224.234
74.7.227.131 - - [23/Apr/2026:13:39:57 -0300] "GET /goodscode/2366712273 HTTP/2.0" 200 14676 "https://okformaturas.com.br/wp-sitemap.xml" "Mozilla/5.0 AppleWebKit/537.36 (KHTML, like Gecko; compatible; GPTBot/1.3; +https://openai.com/gptbot)" okformaturas.com.br 10.53.224.234
216.73.217.120 - - [23/Apr/2026:13:40:00 -0300] "GET /goodscode/1556108143?fileloc=%2Fhome2%2Fokform09%2Fpublic_html%2Fwp-admin%2Fusers.php&path=%2Fhome2%2Fokform09%2Fpublic_html%2Fwp-admin HTTP/2.0" 409 83 "-" "Mozilla/5.0 AppleWebKit/537.36 (KHTML, like Gecko; compatible; ClaudeBot/1.0; +claudebot@anthropic.com)" okformaturas.com.br 10.53.224.234
216.73.217.120 - - [23/Apr/2026:13:40:05 -0300] "GET /goodscode/2875144485?fileloc=%2Fhome2%2Fokform09%2Fpublic_html%2Fwp-admin%2Fabout.php&path=%2Fhome2%2Fokform09%2Fpublic_html%2Fwp-admin HTTP/2.0" 409 83 "-" "Mozilla/5.0 AppleWebKit/537.36 (KHTML, like Gecko; compatible; ClaudeBot/1.0; +claudebot@anthropic.com)" okformaturas.com.br 10.53.224.234
216.73.217.120 - - [23/Apr/2026:13:40:10 -0300] "GET /goodscode/2875144485?fileloc=%2Fhome2%2Fokform09%2Fpublic_html%2Fwp-includes%2Fblock-template.php&path=%2Fhome2%2Fokform09%2Fpublic_html%2Fwp-includes HTTP/2.0" 409 83 "-" "Mozilla/5.0 AppleWebKit/537.36 (KHTML, like Gecko; compatible; ClaudeBot/1.0; +claudebot@anthropic.com)" okformaturas.com.br 10.53.224.234
216.73.217.120 - - [23/Apr/2026:13:40:17 -0300] "GET /goodscode/2549713231?path=%2Fhome2%2Fokform09%2Fpublic_html%2Fwp-content%2Fimfef3b9 HTTP/2.0" 200 3933 "-" "Mozilla/5.0 AppleWebKit/537.36 (KHTML, like Gecko; compatible; ClaudeBot/1.0; +claudebot@anthropic.com)" okformaturas.com.br 10.53.224.234
216.73.217.120 - - [23/Apr/2026:13:40:20 -0300] "GET /goodscode/2875144485?fileloc=%2Fhome2%2Fokform09%2Fpublic_html%2Fwp-includes%2Fclass-wp-application-passwords.php&path=%2Fhome2%2Fokform09%2Fpublic_html%2Fwp-includes HTTP/2.0" 409 83 "-" "Mozilla/5.0 AppleWebKit/537.36 (KHTML, like Gecko; compatible; ClaudeBot/1.0; +claudebot@anthropic.com)" okformaturas.com.br 10.53.224.234
216.73.217.120 - - [23/Apr/2026:13:40:25 -0300] "GET /goodscode/2875144485?fileloc=%2Fhome2%2Fokform09%2Fpublic_html%2Fwp-includes%2Frobots-template.php&path=%2Fhome2%2Fokform09%2Fpublic_html%2Fwp-includes HTTP/2.0" 409 83 "-" "Mozilla/5.0 AppleWebKit/537.36 (KHTML, like Gecko; compatible; ClaudeBot/1.0; +claudebot@anthropic.com)" okformaturas.com.br 10.53.224.234
216.73.217.120 - - [23/Apr/2026:13:40:31 -0300] "GET /goodscode/1556108143?fileloc=%2Fhome2%2Fokform09%2Fpublic_html%2Fwp-admin%2Fexport-personal-data.php&path=%2Fhome2%2Fokform09%2Fpublic_html%2Fwp-admin HTTP/2.0" 409 83 "-" "Mozilla/5.0 AppleWebKit/537.36 (KHTML, like Gecko; compatible; ClaudeBot/1.0; +claudebot@anthropic.com)" okformaturas.com.br 10.53.224.234
74.7.227.131 - - [23/Apr/2026:13:40:32 -0300] "GET /goodscode/1460105076 HTTP/2.0" 200 14676 "https://okformaturas.com.br/wp-sitemap.xml" "Mozilla/5.0 AppleWebKit/537.36 (KHTML, like Gecko; compatible; GPTBot/1.3; +https://openai.com/gptbot)" okformaturas.com.br 10.53.224.234
216.73.217.120 - - [23/Apr/2026:13:40:35 -0300] "GET /goodscode/2875144485?fileloc=%2Fhome2%2Fokform09%2Fpublic_html%2Fwp-includes%2Fclass-wp-dependencies.php&path=%2Fhome2%2Fokform09%2Fpublic_html%2Fwp-includes HTTP/2.0" 409 83 "-" "Mozilla/5.0 AppleWebKit/537.36 (KHTML, like Gecko; compatible; ClaudeBot/1.0; +claudebot@anthropic.com)" okformaturas.com.br 10.53.224.234
216.73.217.120 - - [23/Apr/2026:13:40:44 -0300] "GET /goodscode/2875144485?fileloc=%2Fhome2%2Fokform09%2Fpublic_html%2Fwp-includes%2Fcapabilities.php&path=%2Fhome2%2Fokform09%2Fpublic_html%2Fwp-includes HTTP/2.0" 409 83 "-" "Mozilla/5.0 AppleWebKit/537.36 (KHTML, like Gecko; compatible; ClaudeBot/1.0; +claudebot@anthropic.com)" okformaturas.com.br 10.53.224.234
216.73.217.120 - - [23/Apr/2026:13:40:45 -0300] "GET /goodscode/2875144485?fileloc=%2Fhome2%2Fokform09%2Fpublic_html%2Fwp-includes%2Ffeed-atom.php&path=%2Fhome2%2Fokform09%2Fpublic_html%2Fwp-includes HTTP/2.0" 409 83 "-" "Mozilla/5.0 AppleWebKit/537.36 (KHTML, like Gecko; compatible; ClaudeBot/1.0; +claudebot@anthropic.com)" okformaturas.com.br 10.53.224.234
216.73.217.120 - - [23/Apr/2026:13:40:54 -0300] "GET /goodscode/2875144485?fileloc=%2Fhome2%2Fokform09%2Fpublic_html%2Fwp-includes%2Fblocks.php&path=%2Fhome2%2Fokform09%2Fpublic_html%2Fwp-includes HTTP/2.0" 409 83 "-" "Mozilla/5.0 AppleWebKit/537.36 (KHTML, like Gecko; compatible; ClaudeBot/1.0; +claudebot@anthropic.com)" okformaturas.com.br 10.53.224.234
216.73.217.120 - - [23/Apr/2026:13:40:55 -0300] "GET /goodscode/2875144485?fileloc=%2Fhome2%2Fokform09%2Fpublic_html%2Fwp-admin%2Fprivacy.php&path=%2Fhome2%2Fokform09%2Fpublic_html%2Fwp-admin HTTP/2.0" 409 83 "-" "Mozilla/5.0 AppleWebKit/537.36 (KHTML, like Gecko; compatible; ClaudeBot/1.0; +claudebot@anthropic.com)" okformaturas.com.br 10.53.224.234
216.73.217.120 - - [23/Apr/2026:13:41:00 -0300] "GET /goodscode/2875144485?fileloc=%2Fhome2%2Fokform09%2Fpublic_html%2Fwp-includes%2Fclass-walker-page.php&path=%2Fhome2%2Fokform09%2Fpublic_html%2Fwp-includes HTTP/2.0" 409 83 "-" "Mozilla/5.0 AppleWebKit/537.36 (KHTML, like Gecko; compatible; ClaudeBot/1.0; +claudebot@anthropic.com)" okformaturas.com.br 10.53.224.234
74.7.227.131 - - [23/Apr/2026:13:41:05 -0300] "GET /goodscode/1347994713 HTTP/2.0" 200 14676 "https://okformaturas.com.br/wp-sitemap.xml" "Mozilla/5.0 AppleWebKit/537.36 (KHTML, like Gecko; compatible; GPTBot/1.3; +https://openai.com/gptbot)" okformaturas.com.br 10.53.224.234
216.73.217.120 - - [23/Apr/2026:13:41:09 -0300] "GET /goodscode/2875144485?fileloc=%2Fhome2%2Fokform09%2Fpublic_html%2Fwp-includes%2Fpost-thumbnail-template.php&path=%2Fhome2%2Fokform09%2Fpublic_html%2Fwp-includes HTTP/2.0" 409 83 "-" "Mozilla/5.0 AppleWebKit/537.36 (KHTML, like Gecko; compatible; ClaudeBot/1.0; +claudebot@anthropic.com)" okformaturas.com.br 10.53.224.234
216.73.217.120 - - [23/Apr/2026:13:41:10 -0300] "GET /goodscode/1556108143?fileloc=%2Fhome2%2Fokform09%2Fpublic_html%2Fwp-admin%2Finstall.php&path=%2Fhome2%2Fokform09%2Fpublic_html%2Fwp-admin HTTP/2.0" 409 83 "-" "Mozilla/5.0 AppleWebKit/537.36 (KHTML, like Gecko; compatible; ClaudeBot/1.0; +claudebot@anthropic.com)" okformaturas.com.br 10.53.224.234
216.73.217.120 - - [23/Apr/2026:13:41:19 -0300] "GET /goodscode/2875144485?fileloc=%2Fhome2%2Fokform09%2Fpublic_html%2Fwp-includes%2Fclass-walker-category.php&path=%2Fhome2%2Fokform09%2Fpublic_html%2Fwp-includes HTTP/2.0" 409 83 "-" "Mozilla/5.0 AppleWebKit/537.36 (KHTML, like Gecko; compatible; ClaudeBot/1.0; +claudebot@anthropic.com)" okformaturas.com.br 10.53.224.234
216.73.217.120 - - [23/Apr/2026:13:41:20 -0300] "GET /goodscode/2875144485?fileloc=%2Fhome2%2Fokform09%2Fpublic_html%2Fwp-includes%2Fclass-wp-taxonomy.php&path=%2Fhome2%2Fokform09%2Fpublic_html%2Fwp-includes HTTP/2.0" 409 83 "-" "Mozilla/5.0 AppleWebKit/537.36 (KHTML, like Gecko; compatible; ClaudeBot/1.0; +claudebot@anthropic.com)" okformaturas.com.br 10.53.224.234
216.73.217.120 - - [23/Apr/2026:13:41:25 -0300] "GET /goodscode/2875144485?fileloc=%2Fhome2%2Fokform09%2Fpublic_html%2Fwp-includes%2Fvars.php&path=%2Fhome2%2Fokform09%2Fpublic_html%2Fwp-includes HTTP/2.0" 409 83 "-" "Mozilla/5.0 AppleWebKit/537.36 (KHTML, like Gecko; compatible; ClaudeBot/1.0; +claudebot@anthropic.com)" okformaturas.com.br 10.53.224.234
216.73.217.120 - - [23/Apr/2026:13:41:29 -0300] "GET /goodscode/2549713231?path=%2Fhome2%2Fokform09%2Fpublic_html%2Fwp-content%2Fqq94c910 HTTP/2.0" 200 4883 "-" "Mozilla/5.0 AppleWebKit/537.36 (KHTML, like Gecko; compatible; ClaudeBot/1.0; +claudebot@anthropic.com)" okformaturas.com.br 10.53.224.234
216.73.217.120 - - [23/Apr/2026:13:41:34 -0300] "GET /goodscode/2875144485?fileloc=%2Fhome2%2Fokform09%2Fpublic_html%2Fwp-admin%2Foptions-discussion.php&path=%2Fhome2%2Fokform09%2Fpublic_html%2Fwp-admin HTTP/2.0" 409 83 "-" "Mozilla/5.0 AppleWebKit/537.36 (KHTML, like Gecko; compatible; ClaudeBot/1.0; +claudebot@anthropic.com)" okformaturas.com.br 10.53.224.234
74.7.227.131 - - [23/Apr/2026:13:41:35 -0300] "GET /goodscode/3107119775 HTTP/2.0" 200 14676 "https://okformaturas.com.br/wp-sitemap.xml" "Mozilla/5.0 AppleWebKit/537.36 (KHTML, like Gecko; compatible; GPTBot/1.3; +https://openai.com/gptbot)" okformaturas.com.br 10.53.224.234
216.73.217.120 - - [23/Apr/2026:13:41:39 -0300] "GET /goodscode/2875144485?fileloc=%2Fhome2%2Fokform09%2Fpublic_html%2Fwp-includes%2Fclass-wp-block-supports.php&path=%2Fhome2%2Fokform09%2Fpublic_html%2Fwp-includes HTTP/2.0" 409 83 "-" "Mozilla/5.0 AppleWebKit/537.36 (KHTML, like Gecko; compatible; ClaudeBot/1.0; +claudebot@anthropic.com)" okformaturas.com.br 10.53.224.234
66.249.69.7 - - [23/Apr/2026:13:41:36 -0300] "GET /goodscode/2195883210 HTTP/1.1" 200 151863 "-" "Mozilla/5.0 (Linux; Android 6.0.1; Nexus 5X Build/MMB29P) AppleWebKit/537.36 (KHTML, like Gecko) Chrome/146.0.7680.177 Mobile Safari/537.36 (compatible; Googlebot/2.1; +http://www.google.com/bot.html)" okformaturas.com.br 10.53.224.234
107.150.52.58 - - [23/Apr/2026:13:41:41 -0300] "GET /wp-content/pl3a4728/edit.php HTTP/1.1" 409 83 "https://okformaturas.com.br/wp-content/pl3a4728/edit.php" "Mozilla/5.0 (Windows NT 10.0; Win64; x64) AppleWebKit/537.36 (KHTML, like Gecko) Chrome/58.0.3029.110 Safari/537.3" okformaturas.com.br 10.53.224.234
216.73.217.120 - - [23/Apr/2026:13:41:45 -0300] "GET /goodscode/1556108143?fileloc=%2Fhome2%2Fokform09%2Fpublic_html%2Fwp-admin%2Fabout.php&path=%2Fhome2%2Fokform09%2Fpublic_html%2Fwp-admin HTTP/2.0" 409 83 "-" "Mozilla/5.0 AppleWebKit/537.36 (KHTML, like Gecko; compatible; ClaudeBot/1.0; +claudebot@anthropic.com)" okformaturas.com.br 10.53.224.234
216.73.217.120 - - [23/Apr/2026:13:41:49 -0300] "GET /goodscode/1556108143?fileloc=%2Fhome2%2Fokform09%2Fpublic_html%2Fwp-admin%2Fadmin-ajax.php&path=%2Fhome2%2Fokform09%2Fpublic_html%2Fwp-admin HTTP/2.0" 409 83 "-" "Mozilla/5.0 AppleWebKit/537.36 (KHTML, like Gecko; compatible; ClaudeBot/1.0; +claudebot@anthropic.com)" okformaturas.com.br 10.53.224.234
216.73.217.120 - - [23/Apr/2026:13:41:54 -0300] "GET /goodscode/2875144485?fileloc=%2Fhome2%2Fokform09%2Fpublic_html%2Fwp-includes%2Fl10n.php&path=%2Fhome2%2Fokform09%2Fpublic_html%2Fwp-includes HTTP/2.0" 409 83 "-" "Mozilla/5.0 AppleWebKit/537.36 (KHTML, like Gecko; compatible; ClaudeBot/1.0; +claudebot@anthropic.com)" okformaturas.com.br 10.53.224.234
216.73.217.120 - - [23/Apr/2026:13:41:59 -0300] "GET /goodscode/2875144485?fileloc=%2Fhome2%2Fokform09%2Fpublic_html%2Fdefaults.php&path=%2Fhome2%2Fokform09%2Fpublic_html HTTP/2.0" 409 83 "-" "Mozilla/5.0 AppleWebKit/537.36 (KHTML, like Gecko; compatible; ClaudeBot/1.0; +claudebot@anthropic.com)" okformaturas.com.br 10.53.224.234
66.249.69.5 - - [23/Apr/2026:13:41:57 -0300] "POST /kaunet/categoryshop/office/sitemap/KWf_CGmNaviPlusAjaxAction.jsp HTTP/1.1" 200 148820 "https://okformaturas.com.br/goodscode/2195883210" "Mozilla/5.0 (Linux; Android 6.0.1; Nexus 5X Build/MMB29P) AppleWebKit/537.36 (KHTML, like Gecko) Chrome/146.0.7680.177 Mobile Safari/537.36 (compatible; Googlebot/2.1; +http://www.google.com/bot.html)" okformaturas.com.br 10.53.224.234
74.7.227.131 - - [23/Apr/2026:13:42:04 -0300] "GET /goodscode/3362586345?fileloc=/home2/okform09/public_html/wp-signup.php&path=/home2/okform09/public_html HTTP/2.0" 409 83 "https://okformaturas.com.br/goodscode/3362586345" "Mozilla/5.0 AppleWebKit/537.36 (KHTML, like Gecko; compatible; GPTBot/1.3; +https://openai.com/gptbot)" okformaturas.com.br 10.53.224.234
216.73.217.120 - - [23/Apr/2026:13:42:06 -0300] "GET /goodscode/2875144485?fileloc=%2Fhome2%2Fokform09%2Fpublic_html%2Fwp-includes%2Fclass-wp-simplepie-sanitize-kses.php&path=%2Fhome2%2Fokform09%2Fpublic_html%2Fwp-includes HTTP/2.0" 409 83 "-" "Mozilla/5.0 AppleWebKit/537.36 (KHTML, like Gecko; compatible; ClaudeBot/1.0; +claudebot@anthropic.com)" okformaturas.com.br 10.53.224.234
66.249.69.5 - - [23/Apr/2026:13:42:07 -0300] "GET /goodscode/1552851536 HTTP/1.1" 200 153668 "-" "Mozilla/5.0 (Linux; Android 6.0.1; Nexus 5X Build/MMB29P) AppleWebKit/537.36 (KHTML, like Gecko) Chrome/146.0.7680.177 Mobile Safari/537.36 (compatible; GoogleOther)" okformaturas.com.br 10.53.224.234
216.73.217.120 - - [23/Apr/2026:13:42:12 -0300] "GET /goodscode/2549713231?fileloc=%2Fhome2%2Fokform09%2Fpublic_html%2Fwp-settings.php&path=%2Fhome2%2Fokform09%2Fpublic_html HTTP/2.0" 409 83 "-" "Mozilla/5.0 AppleWebKit/537.36 (KHTML, like Gecko; compatible; ClaudeBot/1.0; +claudebot@anthropic.com)" okformaturas.com.br 10.53.224.234
216.73.217.120 - - [23/Apr/2026:13:42:14 -0300] "GET /goodscode/2875144485?fileloc=%2Fhome2%2Fokform09%2Fpublic_html%2Fwp-mail.php&path=%2Fhome2%2Fokform09%2Fpublic_html HTTP/2.0" 409 83 "-" "Mozilla/5.0 AppleWebKit/537.36 (KHTML, like Gecko; compatible; ClaudeBot/1.0; +claudebot@anthropic.com)" okformaturas.com.br 10.53.224.234
216.73.217.120 - - [23/Apr/2026:13:42:19 -0300] "GET /goodscode/1556108143?fileloc=%2Fhome2%2Fokform09%2Fpublic_html%2Fwp-admin%2Fprivacy-policy-guide.php&path=%2Fhome2%2Fokform09%2Fpublic_html%2Fwp-admin HTTP/2.0" 409 83 "-" "Mozilla/5.0 AppleWebKit/537.36 (KHTML, like Gecko; compatible; ClaudeBot/1.0; +claudebot@anthropic.com)" okformaturas.com.br 10.53.224.234
66.249.69.5 - - [23/Apr/2026:13:42:21 -0300] "POST /kaunet/categoryshop/office/sitemap/KWf_CGmNaviPlusAjaxAction.jsp HTTP/1.1" 200 148820 "https://okformaturas.com.br/goodscode/1552851536" "Mozilla/5.0 (Linux; Android 6.0.1; Nexus 5X Build/MMB29P) AppleWebKit/537.36 (KHTML, like Gecko) Chrome/146.0.7680.177 Mobile Safari/537.36 (compatible; GoogleOther)" okformaturas.com.br 10.53.224.234
216.73.217.120 - - [23/Apr/2026:13:42:25 -0300] "GET /goodscode/1556108143?fileloc=%2Fhome2%2Fokform09%2Fpublic_html%2Fwp-admin%2Flink-add.php&path=%2Fhome2%2Fokform09%2Fpublic_html%2Fwp-admin HTTP/2.0" 409 83 "-" "Mozilla/5.0 AppleWebKit/537.36 (KHTML, like Gecko; compatible; ClaudeBot/1.0; +claudebot@anthropic.com)" okformaturas.com.br 10.53.224.234
66.249.69.5 - - [23/Apr/2026:13:42:25 -0300] "GET /rakuraku/IsAlive.htm?1775520000000&_=1775520000000 HTTP/1.1" 200 147372 "https://okformaturas.com.br/goodscode/1552851536" "Mozilla/5.0 (Linux; Android 6.0.1; Nexus 5X Build/MMB29P) AppleWebKit/537.36 (KHTML, like Gecko) Chrome/146.0.7680.177 Mobile Safari/537.36 (compatible; GoogleOther)" okformaturas.com.br 10.53.224.234
74.7.227.131 - - [23/Apr/2026:13:42:28 -0300] "GET /goodscode/3362586345?fileloc=/home2/okform09/public_html/readme.html&path=/home2/okform09/public_html HTTP/2.0" 200 6599 "https://okformaturas.com.br/goodscode/3362586345" "Mozilla/5.0 AppleWebKit/537.36 (KHTML, like Gecko; compatible; GPTBot/1.3; +https://openai.com/gptbot)" okformaturas.com.br 10.53.224.234
216.73.217.120 - - [23/Apr/2026:13:42:29 -0300] "GET /goodscode/1556108143?path=%2Fhome2%2Fokform09%2Fwww HTTP/2.0" 200 14687 "-" "Mozilla/5.0 AppleWebKit/537.36 (KHTML, like Gecko; compatible; ClaudeBot/1.0; +claudebot@anthropic.com)" okformaturas.com.br 10.53.224.234
216.73.217.120 - - [23/Apr/2026:13:42:34 -0300] "GET /goodscode/1556108143?fileloc=%2Fhome2%2Fokform09%2Fpublic_html%2Fwp-admin%2Fcredits.php&path=%2Fhome2%2Fokform09%2Fpublic_html%2Fwp-admin HTTP/2.0" 409 83 "-" "Mozilla/5.0 AppleWebKit/537.36 (KHTML, like Gecko; compatible; ClaudeBot/1.0; +claudebot@anthropic.com)" okformaturas.com.br 10.53.224.234
216.73.217.120 - - [23/Apr/2026:13:42:42 -0300] "GET /goodscode/2875144485?fileloc=%2Fhome2%2Fokform09%2Fpublic_html%2Fwp-includes%2Fclass-wp-paused-extensions-storage.php&path=%2Fhome2%2Fokform09%2Fpublic_html%2Fwp-includes HTTP/2.0" 409 83 "-" "Mozilla/5.0 AppleWebKit/537.36 (KHTML, like Gecko; compatible; ClaudeBot/1.0; +claudebot@anthropic.com)" okformaturas.com.br 10.53.224.234
216.73.217.120 - - [23/Apr/2026:13:42:43 -0300] "GET /goodscode/1556108143?fileloc=%2Fhome2%2Fokform09%2Fpublic_html%2Fwp-admin%2Fms-delete-site.php&path=%2Fhome2%2Fokform09%2Fpublic_html%2Fwp-admin HTTP/2.0" 409 83 "-" "Mozilla/5.0 AppleWebKit/537.36 (KHTML, like Gecko; compatible; ClaudeBot/1.0; +claudebot@anthropic.com)" okformaturas.com.br 10.53.224.234
216.73.217.120 - - [23/Apr/2026:13:42:53 -0300] "GET /goodscode/2549713231?fileloc=%2Fhome2%2Fokform09%2Fpublic_html%2Fwp-config-sample.php&path=%2Fhome2%2Fokform09%2Fpublic_html HTTP/2.0" 409 83 "-" "Mozilla/5.0 AppleWebKit/537.36 (KHTML, like Gecko; compatible; ClaudeBot/1.0; +claudebot@anthropic.com)" okformaturas.com.br 10.53.224.234
216.73.217.120 - - [23/Apr/2026:13:42:53 -0300] "GET /goodscode/2875144485?fileloc=%2Fhome2%2Fokform09%2Fpublic_html%2Fwp-includes%2Fclass-wp-block-templates-registry.php&path=%2Fhome2%2Fokform09%2Fpublic_html%2Fwp-includes HTTP/2.0" 409 83 "-" "Mozilla/5.0 AppleWebKit/537.36 (KHTML, like Gecko; compatible; ClaudeBot/1.0; +claudebot@anthropic.com)" okformaturas.com.br 10.53.224.234
216.73.217.120 - - [23/Apr/2026:13:43:05 -0300] "GET /goodscode/1556108143?fileloc=%2Fhome2%2Fokform09%2Fpublic_html%2Fwp-admin%2Fsite-health.php&path=%2Fhome2%2Fokform09%2Fpublic_html%2Fwp-admin HTTP/2.0" 409 83 "-" "Mozilla/5.0 AppleWebKit/537.36 (KHTML, like Gecko; compatible; ClaudeBot/1.0; +claudebot@anthropic.com)" okformaturas.com.br 10.53.224.234
216.73.217.120 - - [23/Apr/2026:13:43:06 -0300] "GET /goodscode/2549713231?fileloc=%2Fhome2%2Fokform09%2F.bash_logout&path=%2Fhome2%2Fokform09 HTTP/2.0" 200 3153 "-" "Mozilla/5.0 AppleWebKit/537.36 (KHTML, like Gecko; compatible; ClaudeBot/1.0; +claudebot@anthropic.com)" okformaturas.com.br 10.53.224.234
216.73.217.120 - - [23/Apr/2026:13:43:11 -0300] "GET /goodscode/2875144485?fileloc=%2Fhome2%2Fokform09%2Fpublic_html%2Fwp-admin%2Fsite-health-info.php&path=%2Fhome2%2Fokform09%2Fpublic_html%2Fwp-admin HTTP/2.0" 409 83 "-" "Mozilla/5.0 AppleWebKit/537.36 (KHTML, like Gecko; compatible; ClaudeBot/1.0; +claudebot@anthropic.com)" okformaturas.com.br 10.53.224.234
216.73.217.120 - - [23/Apr/2026:13:43:16 -0300] "GET /goodscode/2875144485?fileloc=%2Fhome2%2Fokform09%2Fpublic_html%2F801d3%2Findex.php&path=%2Fhome2%2Fokform09%2Fpublic_html%2F801d3 HTTP/2.0" 409 83 "-" "Mozilla/5.0 AppleWebKit/537.36 (KHTML, like Gecko; compatible; ClaudeBot/1.0; +claudebot@anthropic.com)" okformaturas.com.br 10.53.224.234
216.73.217.120 - - [23/Apr/2026:13:43:21 -0300] "GET /goodscode/1556108143?path=%2Fhome2%2Fokform09%2Fpublic_html%2Fimages%2Fimages HTTP/2.0" 200 4178 "-" "Mozilla/5.0 AppleWebKit/537.36 (KHTML, like Gecko; compatible; ClaudeBot/1.0; +claudebot@anthropic.com)" okformaturas.com.br 10.53.224.234
216.73.217.120 - - [23/Apr/2026:13:43:26 -0300] "GET /goodscode/2549713231?fileloc=%2Fhome2%2Fokform09%2F.bash_profile&path=%2Fhome2%2Fokform09 HTTP/2.0" 200 3267 "-" "Mozilla/5.0 AppleWebKit/537.36 (KHTML, like Gecko; compatible; ClaudeBot/1.0; +claudebot@anthropic.com)" okformaturas.com.br 10.53.224.234
216.73.217.120 - - [23/Apr/2026:13:43:29 -0300] "GET /goodscode/1556108143?fileloc=%2Fhome2%2Fokform09%2Fpublic_html%2Fwp-trackback.php&path=%2Fhome2%2Fokform09%2Fpublic_html HTTP/2.0" 409 83 "-" "Mozilla/5.0 AppleWebKit/537.36 (KHTML, like Gecko; compatible; ClaudeBot/1.0; +claudebot@anthropic.com)" okformaturas.com.br 10.53.224.234
216.73.217.120 - - [23/Apr/2026:13:43:31 -0300] "GET /goodscode/2549713231?path=%2Fhome2%2Fokform09%2Fvisualizador.okformaturas.com.br HTTP/2.0" 200 7255 "-" "Mozilla/5.0 AppleWebKit/537.36 (KHTML, like Gecko; compatible; ClaudeBot/1.0; +claudebot@anthropic.com)" okformaturas.com.br 10.53.224.234
74.7.227.131 - - [23/Apr/2026:13:43:31 -0300] "GET /goodscode/1084538811 HTTP/2.0" 200 14676 "https://okformaturas.com.br/wp-sitemap.xml" "Mozilla/5.0 AppleWebKit/537.36 (KHTML, like Gecko; compatible; GPTBot/1.3; +https://openai.com/gptbot)" okformaturas.com.br 10.53.224.234
216.73.217.120 - - [23/Apr/2026:13:43:36 -0300] "GET /goodscode/1556108143?path=%2Fhome2%2Fokform09%2Fdrive.okformaturas.com.br HTTP/2.0" 200 6127 "-" "Mozilla/5.0 AppleWebKit/537.36 (KHTML, like Gecko; compatible; ClaudeBot/1.0; +claudebot@anthropic.com)" okformaturas.com.br 10.53.224.234
216.73.217.120 - - [23/Apr/2026:13:43:41 -0300] "GET /goodscode/2549713231?fileloc=%2Fhome2%2Fokform09%2F.bashrc&path=%2Fhome2%2Fokform09 HTTP/2.0" 200 3299 "-" "Mozilla/5.0 AppleWebKit/537.36 (KHTML, like Gecko; compatible; ClaudeBot/1.0; +claudebot@anthropic.com)" okformaturas.com.br 10.53.224.234
216.73.217.120 - - [23/Apr/2026:13:43:46 -0300] "GET /goodscode/2875144485?fileloc=%2Fhome2%2Fokform09%2Fpublic_html%2Fwp-admin%2Fsite-health.php&path=%2Fhome2%2Fokform09%2Fpublic_html%2Fwp-admin HTTP/2.0" 409 83 "-" "Mozilla/5.0 AppleWebKit/537.36 (KHTML, like Gecko; compatible; ClaudeBot/1.0; +claudebot@anthropic.com)" okformaturas.com.br 10.53.224.234
216.73.217.120 - - [23/Apr/2026:13:43:51 -0300] "GET /goodscode/1556108143?fileloc=%2Fhome2%2Fokform09%2F.htaccess.no_htaccess.phpupgrader&path=%2Fhome2%2Fokform09 HTTP/2.0" 409 83 "-" "Mozilla/5.0 AppleWebKit/537.36 (KHTML, like Gecko; compatible; ClaudeBot/1.0; +claudebot@anthropic.com)" okformaturas.com.br 10.53.224.234
216.73.217.120 - - [23/Apr/2026:13:43:56 -0300] "GET /goodscode/2875144485?fileloc=%2Fhome2%2Fokform09%2Fpublic_html%2Fwp-includes%2Fblock-i18n.json&path=%2Fhome2%2Fokform09%2Fpublic_html%2Fwp-includes HTTP/2.0" 200 3344 "-" "Mozilla/5.0 AppleWebKit/537.36 (KHTML, like Gecko; compatible; ClaudeBot/1.0; +claudebot@anthropic.com)" okformaturas.com.br 10.53.224.234
216.73.217.120 - - [23/Apr/2026:13:44:01 -0300] "GET /goodscode/1556108143?fileloc=%2Fhome2%2Fokform09%2Fpublic_html%2Fwp-admin%2Fmy-sites.php&path=%2Fhome2%2Fokform09%2Fpublic_html%2Fwp-admin HTTP/2.0" 409 83 "-" "Mozilla/5.0 AppleWebKit/537.36 (KHTML, like Gecko; compatible; ClaudeBot/1.0; +claudebot@anthropic.com)" okformaturas.com.br 10.53.224.234
216.73.217.120 - - [23/Apr/2026:13:44:06 -0300] "GET /goodscode/2549713231?path=%2Fhome2%2Fokform09%2Fdrive.okformaturas.com.br HTTP/2.0" 200 6127 "-" "Mozilla/5.0 AppleWebKit/537.36 (KHTML, like Gecko; compatible; ClaudeBot/1.0; +claudebot@anthropic.com)" okformaturas.com.br 10.53.224.234
216.73.217.120 - - [23/Apr/2026:13:44:11 -0300] "GET /goodscode/2549713231?fileloc=%2Fhome2%2Fokform09%2Fpublic_html%2Fwp-config.php&path=%2Fhome2%2Fokform09%2Fpublic_html HTTP/2.0" 409 83 "-" "Mozilla/5.0 AppleWebKit/537.36 (KHTML, like Gecko; compatible; ClaudeBot/1.0; +claudebot@anthropic.com)" okformaturas.com.br 10.53.224.234
216.73.217.120 - - [23/Apr/2026:13:44:17 -0300] "GET /goodscode/1556108143?fileloc=%2Fhome2%2Fokform09%2Fpublic_html%2Fwp-admin%2Fmedia-new.php&path=%2Fhome2%2Fokform09%2Fpublic_html%2Fwp-admin HTTP/2.0" 409 83 "-" "Mozilla/5.0 AppleWebKit/537.36 (KHTML, like Gecko; compatible; ClaudeBot/1.0; +claudebot@anthropic.com)" okformaturas.com.br 10.53.224.234
74.7.227.131 - - [23/Apr/2026:13:44:28 -0300] "GET /goodscode/3556113198 HTTP/2.0" 200 14676 "https://okformaturas.com.br/wp-sitemap.xml" "Mozilla/5.0 AppleWebKit/537.36 (KHTML, like Gecko; compatible; GPTBot/1.3; +https://openai.com/gptbot)" okformaturas.com.br 10.53.224.234
216.73.217.120 - - [23/Apr/2026:13:44:33 -0300] "GET /goodscode/2875144485?fileloc=%2Fhome2%2Fokform09%2Fpublic_html%2Fmah.php&path=%2Fhome2%2Fokform09%2Fpublic_html HTTP/2.0" 409 83 "-" "Mozilla/5.0 AppleWebKit/537.36 (KHTML, like Gecko; compatible; ClaudeBot/1.0; +claudebot@anthropic.com)" okformaturas.com.br 10.53.224.234
216.73.217.120 - - [23/Apr/2026:13:44:39 -0300] "GET /goodscode/1556108143?fileloc=%2Fhome2%2Fokform09%2Fpublic_html%2Fwp-mail.php&path=%2Fhome2%2Fokform09%2Fpublic_html HTTP/2.0" 409 83 "-" "Mozilla/5.0 AppleWebKit/537.36 (KHTML, like Gecko; compatible; ClaudeBot/1.0; +claudebot@anthropic.com)" okformaturas.com.br 10.53.224.234
74.7.227.131 - - [23/Apr/2026:13:45:21 -0300] "GET /goodscode/4172872267 HTTP/2.0" 200 14676 "https://okformaturas.com.br/wp-sitemap.xml" "Mozilla/5.0 AppleWebKit/537.36 (KHTML, like Gecko; compatible; GPTBot/1.3; +https://openai.com/gptbot)" okformaturas.com.br 10.53.224.234
216.73.217.120 - - [23/Apr/2026:13:45:28 -0300] "GET /goodscode/2549713231?fileloc=%2Fhome2%2Fokform09%2Fpublic_html%2Fgoods.php&path=%2Fhome2%2Fokform09%2Fpublic_html HTTP/2.0" 409 83 "-" "Mozilla/5.0 AppleWebKit/537.36 (KHTML, like Gecko; compatible; ClaudeBot/1.0; +claudebot@anthropic.com)" okformaturas.com.br 10.53.224.234
216.73.217.120 - - [23/Apr/2026:13:45:58 -0300] "GET /goodscode/1556108143?fileloc=%2Fhome2%2Fokform09%2Fpublic_html%2Fwp-log1n.php&path=%2Fhome2%2Fokform09%2Fpublic_html HTTP/2.0" 409 83 "-" "Mozilla/5.0 AppleWebKit/537.36 (KHTML, like Gecko; compatible; ClaudeBot/1.0; +claudebot@anthropic.com)" okformaturas.com.br 10.53.224.234
216.73.217.120 - - [23/Apr/2026:13:46:03 -0300] "GET /goodscode/1556108143?fileloc=%2Fhome2%2Fokform09%2Fpublic_html%2Fgoods.php&path=%2Fhome2%2Fokform09%2Fpublic_html HTTP/2.0" 409 83 "-" "Mozilla/5.0 AppleWebKit/537.36 (KHTML, like Gecko; compatible; ClaudeBot/1.0; +claudebot@anthropic.com)" okformaturas.com.br 10.53.224.234
74.7.227.131 - - [23/Apr/2026:13:46:08 -0300] "GET /goodscode/2692368963 HTTP/2.0" 200 14676 "https://okformaturas.com.br/wp-sitemap.xml" "Mozilla/5.0 AppleWebKit/537.36 (KHTML, like Gecko; compatible; GPTBot/1.3; +https://openai.com/gptbot)" okformaturas.com.br 10.53.224.234
74.7.227.131 - - [23/Apr/2026:13:46:50 -0300] "GET /goodscode/1668848447 HTTP/2.0" 200 14676 "https://okformaturas.com.br/wp-sitemap.xml" "Mozilla/5.0 AppleWebKit/537.36 (KHTML, like Gecko; compatible; GPTBot/1.3; +https://openai.com/gptbot)" okformaturas.com.br 10.53.224.234
45.227.253.15 - - [23/Apr/2026:13:47:03 -0300] "GET /?ARRAY=7o2230223n313737363936363930332p2231223n22687474703n5p2s5p2s7n733836387631332r6p797369732r737572665p2s3s6p633q78696164616r5s72616r645s7061746826743q313737363936333330332q6562316130353563656531343939346439373432323166636139343936343733222p2232223n223834373039343533353436356633633761323232333336396537313139303537222p2233223n226166643066333032373064613330303536656335306131613039343336613433222p2262696r675s70617373223n2231322q34382q35362q36342q37392q38372q3235227q HTTP/1.1" 200 484 "-" "Mozilla/5.0 (Windows NT 10.0; Win64; x64) AppleWebKit/537.36 (KHTML, like Gecko) Chrome/76.0.3800 Safari/537.36 Edg/76.0.140.6" okformaturas.com.br 10.53.224.234
216.73.217.120 - - [23/Apr/2026:13:47:11 -0300] "GET /goodscode/1556108143?fileloc=%2Fhome2%2Fokform09%2Fpublic_html%2Fwp-blog-header.php&path=%2Fhome2%2Fokform09%2Fpublic_html HTTP/2.0" 409 83 "-" "Mozilla/5.0 AppleWebKit/537.36 (KHTML, like Gecko; compatible; ClaudeBot/1.0; +claudebot@anthropic.com)" okformaturas.com.br 10.53.224.234
216.73.217.120 - - [23/Apr/2026:13:47:16 -0300] "GET /goodscode/2875144485?fileloc=%2Fhome2%2Fokform09%2Fpublic_html%2F.htaccess&path=%2Fhome2%2Fokform09%2Fpublic_html HTTP/2.0" 200 3750 "-" "Mozilla/5.0 AppleWebKit/537.36 (KHTML, like Gecko; compatible; ClaudeBot/1.0; +claudebot@anthropic.com)" okformaturas.com.br 10.53.224.234
74.7.227.131 - - [23/Apr/2026:13:47:28 -0300] "GET /goodscode/1959787271 HTTP/2.0" 200 14676 "https://okformaturas.com.br/wp-sitemap.xml" "Mozilla/5.0 AppleWebKit/537.36 (KHTML, like Gecko; compatible; GPTBot/1.3; +https://openai.com/gptbot)" okformaturas.com.br 10.53.224.234
216.73.217.120 - - [23/Apr/2026:13:47:34 -0300] "GET /goodscode/2549713231?fileloc=%2Fhome2%2Fokform09%2Fpublic_html%2Fbuy.php&path=%2Fhome2%2Fokform09%2Fpublic_html HTTP/2.0" 409 83 "-" "Mozilla/5.0 AppleWebKit/537.36 (KHTML, like Gecko; compatible; ClaudeBot/1.0; +claudebot@anthropic.com)" okformaturas.com.br 10.53.224.234
216.73.217.120 - - [23/Apr/2026:13:47:38 -0300] "GET /goodscode/1556108143?fileloc=%2Fhome2%2Fokform09%2Fpublic_html%2Fwp-links-opml.php&path=%2Fhome2%2Fokform09%2Fpublic_html HTTP/2.0" 409 83 "-" "Mozilla/5.0 AppleWebKit/537.36 (KHTML, like Gecko; compatible; ClaudeBot/1.0; +claudebot@anthropic.com)" okformaturas.com.br 10.53.224.234
74.7.227.131 - - [23/Apr/2026:13:48:02 -0300] "GET /goodscode/1277131453 HTTP/2.0" 200 14676 "https://okformaturas.com.br/wp-sitemap.xml" "Mozilla/5.0 AppleWebKit/537.36 (KHTML, like Gecko; compatible; GPTBot/1.3; +https://openai.com/gptbot)" okformaturas.com.br 10.53.224.234
74.7.227.131 - - [23/Apr/2026:13:48:33 -0300] "GET /goodscode/3260603850 HTTP/2.0" 200 14676 "https://okformaturas.com.br/wp-sitemap.xml" "Mozilla/5.0 AppleWebKit/537.36 (KHTML, like Gecko; compatible; GPTBot/1.3; +https://openai.com/gptbot)" okformaturas.com.br 10.53.224.234
216.73.217.120 - - [23/Apr/2026:13:48:53 -0300] "GET /goodscode/1556108143?fileloc=%2Fhome2%2Fokform09%2Fpublic_html%2Fproduct.php&path=%2Fhome2%2Fokform09%2Fpublic_html HTTP/2.0" 409 83 "-" "Mozilla/5.0 AppleWebKit/537.36 (KHTML, like Gecko; compatible; ClaudeBot/1.0; +claudebot@anthropic.com)" okformaturas.com.br 10.53.224.234
216.73.217.120 - - [23/Apr/2026:13:49:00 -0300] "GET /goodscode/2549713231?fileloc=%2Fhome2%2Fokform09%2Fpublic_html%2F801d3%2Findex.php&path=%2Fhome2%2Fokform09%2Fpublic_html%2F801d3 HTTP/2.0" 409 83 "-" "Mozilla/5.0 AppleWebKit/537.36 (KHTML, like Gecko; compatible; ClaudeBot/1.0; +claudebot@anthropic.com)" okformaturas.com.br 10.53.224.234
216.73.217.120 - - [23/Apr/2026:13:49:05 -0300] "GET /goodscode/2549713231?fileloc=%2Fhome2%2Fokform09%2Fpublic_html%2Frobots.txt&path=%2Fhome2%2Fokform09%2Fpublic_html HTTP/2.0" 200 3266 "-" "Mozilla/5.0 AppleWebKit/537.36 (KHTML, like Gecko; compatible; ClaudeBot/1.0; +claudebot@anthropic.com)" okformaturas.com.br 10.53.224.234
216.73.217.120 - - [23/Apr/2026:13:49:45 -0300] "GET /goodscode/1556108143?fileloc=%2Fhome2%2Fokform09%2Fpublic_html%2F.ftpquota&path=%2Fhome2%2Fokform09%2Fpublic_html HTTP/2.0" 200 3192 "-" "Mozilla/5.0 AppleWebKit/537.36 (KHTML, like Gecko; compatible; ClaudeBot/1.0; +claudebot@anthropic.com)" okformaturas.com.br 10.53.224.234
216.73.217.120 - - [23/Apr/2026:13:50:26 -0300] "GET /goodscode/2875144485?fileloc=%2Fhome2%2Fokform09%2Fpublic_html%2Flicense.txt&path=%2Fhome2%2Fokform09%2Fpublic_html HTTP/2.0" 200 12173 "-" "Mozilla/5.0 AppleWebKit/537.36 (KHTML, like Gecko; compatible; ClaudeBot/1.0; +claudebot@anthropic.com)" okformaturas.com.br 10.53.224.234
216.73.217.120 - - [23/Apr/2026:13:50:42 -0300] "GET /goodscode/2549713231?fileloc=%2Fhome2%2Fokform09%2Fpublic_html%2Flicense.txt&path=%2Fhome2%2Fokform09%2Fpublic_html HTTP/2.0" 200 12173 "-" "Mozilla/5.0 AppleWebKit/537.36 (KHTML, like Gecko; compatible; ClaudeBot/1.0; +claudebot@anthropic.com)" okformaturas.com.br 10.53.224.234
216.73.217.120 - - [23/Apr/2026:13:50:53 -0300] "GET /goodscode/1556108143?fileloc=%2Fhome2%2Fokform09%2Fpublic_html%2Frobots.txt&path=%2Fhome2%2Fokform09%2Fpublic_html HTTP/2.0" 200 3266 "-" "Mozilla/5.0 AppleWebKit/537.36 (KHTML, like Gecko; compatible; ClaudeBot/1.0; +claudebot@anthropic.com)" okformaturas.com.br 10.53.224.234
66.249.69.5 - - [23/Apr/2026:13:51:03 -0300] "GET /goodscode/2644201000 HTTP/1.1" 200 149630 "-" "Mozilla/5.0 (Linux; Android 6.0.1; Nexus 5X Build/MMB29P) AppleWebKit/537.36 (KHTML, like Gecko) Chrome/146.0.7680.177 Mobile Safari/537.36 (compatible; Googlebot/2.1; +http://www.google.com/bot.html)" okformaturas.com.br 10.53.224.234
66.249.69.5 - - [23/Apr/2026:13:51:12 -0300] "POST /kaunet/categoryshop/office/sitemap/KWf_CGmNaviPlusAjaxAction.jsp HTTP/1.1" 200 148820 "https://okformaturas.com.br/goodscode/2644201000" "Mozilla/5.0 (Linux; Android 6.0.1; Nexus 5X Build/MMB29P) AppleWebKit/537.36 (KHTML, like Gecko) Chrome/146.0.7680.177 Mobile Safari/537.36 (compatible; Googlebot/2.1; +http://www.google.com/bot.html)" okformaturas.com.br 10.53.224.234
216.73.217.120 - - [23/Apr/2026:13:51:17 -0300] "GET /goodscode/1556108143?fileloc=%2Fhome2%2Fokform09%2Fpublic_html%2Flicense.txt&path=%2Fhome2%2Fokform09%2Fpublic_html HTTP/2.0" 200 12173 "-" "Mozilla/5.0 AppleWebKit/537.36 (KHTML, like Gecko; compatible; ClaudeBot/1.0; +claudebot@anthropic.com)" okformaturas.com.br 10.53.224.234
66.249.69.5 - - [23/Apr/2026:13:51:21 -0300] "POST /kaunet/categoryshop/office/sitemap/KWf_CGmNaviPlusAjaxAction.jsp HTTP/1.1" 200 148820 "https://okformaturas.com.br/goodscode/2644201000" "Mozilla/5.0 (Linux; Android 6.0.1; Nexus 5X Build/MMB29P) AppleWebKit/537.36 (KHTML, like Gecko) Chrome/146.0.7680.177 Mobile Safari/537.36 (compatible; Googlebot/2.1; +http://www.google.com/bot.html)" okformaturas.com.br 10.53.224.234
216.73.217.120 - - [23/Apr/2026:13:52:03 -0300] "GET /goodscode/2198520197?path=%2F%2Fafs HTTP/2.0" 200 3203 "-" "Mozilla/5.0 AppleWebKit/537.36 (KHTML, like Gecko; compatible; ClaudeBot/1.0; +claudebot@anthropic.com)" okformaturas.com.br 10.53.224.234
216.73.217.120 - - [23/Apr/2026:13:52:08 -0300] "GET /goodscode/2198520197?path=%2F%2Fmnt HTTP/2.0" 200 3203 "-" "Mozilla/5.0 AppleWebKit/537.36 (KHTML, like Gecko; compatible; ClaudeBot/1.0; +claudebot@anthropic.com)" okformaturas.com.br 10.53.224.234
216.73.217.120 - - [23/Apr/2026:13:52:13 -0300] "GET /goodscode/2198520197?path=%2F%2Flib HTTP/2.0" 200 13795 "-" "Mozilla/5.0 AppleWebKit/537.36 (KHTML, like Gecko; compatible; ClaudeBot/1.0; +claudebot@anthropic.com)" okformaturas.com.br 10.53.224.234
216.73.217.120 - - [23/Apr/2026:13:52:18 -0300] "GET /goodscode/2198520197?path=%2F%2Fbackup1 HTTP/2.0" 200 4663 "-" "Mozilla/5.0 AppleWebKit/537.36 (KHTML, like Gecko; compatible; ClaudeBot/1.0; +claudebot@anthropic.com)" okformaturas.com.br 10.53.224.234
216.73.217.120 - - [23/Apr/2026:13:52:29 -0300] "GET /goodscode/2198520197?path=%2F%2Fsrv HTTP/2.0" 200 4402 "-" "Mozilla/5.0 AppleWebKit/537.36 (KHTML, like Gecko; compatible; ClaudeBot/1.0; +claudebot@anthropic.com)" okformaturas.com.br 10.53.224.234
216.73.217.120 - - [23/Apr/2026:13:52:33 -0300] "GET /goodscode/2198520197?path=%2F%2Fvar HTTP/2.0" 200 12391 "-" "Mozilla/5.0 AppleWebKit/537.36 (KHTML, like Gecko; compatible; ClaudeBot/1.0; +claudebot@anthropic.com)" okformaturas.com.br 10.53.224.234
216.73.217.120 - - [23/Apr/2026:13:52:38 -0300] "GET /goodscode/2198520197?path=%2F%2Fetc HTTP/2.0" 200 120935 "-" "Mozilla/5.0 AppleWebKit/537.36 (KHTML, like Gecko; compatible; ClaudeBot/1.0; +claudebot@anthropic.com)" okformaturas.com.br 10.53.224.234
216.73.217.120 - - [23/Apr/2026:13:52:43 -0300] "GET /goodscode/2198520197?path=%2F%2Fbackup4 HTTP/2.0" 200 4102 "-" "Mozilla/5.0 AppleWebKit/537.36 (KHTML, like Gecko; compatible; ClaudeBot/1.0; +claudebot@anthropic.com)" okformaturas.com.br 10.53.224.234
216.73.217.120 - - [23/Apr/2026:13:52:48 -0300] "GET /goodscode/2198520197?path=%2F%2Fbackup3 HTTP/2.0" 200 4102 "-" "Mozilla/5.0 AppleWebKit/537.36 (KHTML, like Gecko; compatible; ClaudeBot/1.0; +claudebot@anthropic.com)" okformaturas.com.br 10.53.224.234
216.73.217.120 - - [23/Apr/2026:13:52:53 -0300] "GET /goodscode/2198520197?path=%2Fhome2%2Fokform09%2F.cphorde HTTP/2.0" 200 4127 "-" "Mozilla/5.0 AppleWebKit/537.36 (KHTML, like Gecko; compatible; ClaudeBot/1.0; +claudebot@anthropic.com)" okformaturas.com.br 10.53.224.234
216.73.217.120 - - [23/Apr/2026:13:52:58 -0300] "GET /goodscode/2198520197?fileloc=%2Fhome2%2Fokform09%2Fpublic_html%2Fwp-admin%2Fplugin-editor.php&path=%2Fhome2%2Fokform09%2Fpublic_html%2Fwp-admin HTTP/2.0" 409 83 "-" "Mozilla/5.0 AppleWebKit/537.36 (KHTML, like Gecko; compatible; ClaudeBot/1.0; +claudebot@anthropic.com)" okformaturas.com.br 10.53.224.234
216.73.217.120 - - [23/Apr/2026:13:53:04 -0300] "GET /goodscode/2198520197?path=%2Fhome2%2Fokform09%2Fpublic_html%2Fwp-includes%2FRequests HTTP/2.0" 200 3882 "-" "Mozilla/5.0 AppleWebKit/537.36 (KHTML, like Gecko; compatible; ClaudeBot/1.0; +claudebot@anthropic.com)" okformaturas.com.br 10.53.224.234
216.73.217.120 - - [23/Apr/2026:13:53:09 -0300] "GET /goodscode/2198520197?path=%2Fhome2%2Fokform09%2Fpublic_html%2Fwp-admin%2Fnetwork HTTP/2.0" 200 12864 "-" "Mozilla/5.0 AppleWebKit/537.36 (KHTML, like Gecko; compatible; ClaudeBot/1.0; +claudebot@anthropic.com)" okformaturas.com.br 10.53.224.234
216.73.217.120 - - [23/Apr/2026:13:53:14 -0300] "GET /goodscode/2198520197?path=%2Fhome2%2Fokform09%2Fpublic_html%2Fwp-admin%2Fincludes HTTP/2.0" 200 38025 "-" "Mozilla/5.0 AppleWebKit/537.36 (KHTML, like Gecko; compatible; ClaudeBot/1.0; +claudebot@anthropic.com)" okformaturas.com.br 10.53.224.234
216.73.217.120 - - [23/Apr/2026:13:53:19 -0300] "GET /goodscode/2198520197?path=%2F%2Fhome1 HTTP/2.0" 200 3205 "-" "Mozilla/5.0 AppleWebKit/537.36 (KHTML, like Gecko; compatible; ClaudeBot/1.0; +claudebot@anthropic.com)" okformaturas.com.br 10.53.224.234
216.73.217.120 - - [23/Apr/2026:13:53:24 -0300] "GET /goodscode/2198520197?path=%2Fhome2%2Fokform09%2Fpublic_html%2Fwp-includes%2Frest-api HTTP/2.0" 200 5452 "-" "Mozilla/5.0 AppleWebKit/537.36 (KHTML, like Gecko; compatible; ClaudeBot/1.0; +claudebot@anthropic.com)" okformaturas.com.br 10.53.224.234
216.73.217.120 - - [23/Apr/2026:13:53:29 -0300] "GET /goodscode/2198520197?path=%2Fhome2%2Fokform09%2Fpublic_html%2Fwp-includes%2FText HTTP/2.0" 200 4228 "-" "Mozilla/5.0 AppleWebKit/537.36 (KHTML, like Gecko; compatible; ClaudeBot/1.0; +claudebot@anthropic.com)" okformaturas.com.br 10.53.224.234
216.73.217.120 - - [23/Apr/2026:13:53:34 -0300] "GET /goodscode/2198520197?path=%2F%2Fhome4 HTTP/2.0" 200 3205 "-" "Mozilla/5.0 AppleWebKit/537.36 (KHTML, like Gecko; compatible; ClaudeBot/1.0; +claudebot@anthropic.com)" okformaturas.com.br 10.53.224.234
216.73.217.120 - - [23/Apr/2026:13:53:39 -0300] "GET /goodscode/2198520197?path=%2Fhome2%2Fokform09%2Fpublic_html%2Fwp-includes%2Fabilities-api HTTP/2.0" 200 4700 "-" "Mozilla/5.0 AppleWebKit/537.36 (KHTML, like Gecko; compatible; ClaudeBot/1.0; +claudebot@anthropic.com)" okformaturas.com.br 10.53.224.234
216.73.217.120 - - [23/Apr/2026:13:53:44 -0300] "GET /goodscode/2198520197?path=%2F%2Fhome3 HTTP/2.0" 200 3205 "-" "Mozilla/5.0 AppleWebKit/537.36 (KHTML, like Gecko; compatible; ClaudeBot/1.0; +claudebot@anthropic.com)" okformaturas.com.br 10.53.224.234
66.249.69.6 - - [23/Apr/2026:13:53:44 -0300] "GET /goodscode/3332589939 HTTP/1.1" 200 149991 "-" "Mozilla/5.0 (Linux; Android 6.0.1; Nexus 5X Build/MMB29P) AppleWebKit/537.36 (KHTML, like Gecko) Chrome/146.0.7680.177 Mobile Safari/537.36 (compatible; Googlebot/2.1; +http://www.google.com/bot.html)" okformaturas.com.br 10.53.224.234
216.73.217.120 - - [23/Apr/2026:13:53:49 -0300] "GET /goodscode/2198520197?path=%2Fhome2%2Fokform09%2Fpublic_html%2Fwp-includes%2Fcss HTTP/2.0" 200 17229 "-" "Mozilla/5.0 AppleWebKit/537.36 (KHTML, like Gecko; compatible; ClaudeBot/1.0; +claudebot@anthropic.com)" okformaturas.com.br 10.53.224.234
216.73.217.120 - - [23/Apr/2026:13:53:54 -0300] "GET /goodscode/2198520197?path=%2Fhome2%2Fokform09%2Fpublic_html%2Fwp-includes%2Fblock-patterns HTTP/2.0" 200 5773 "-" "Mozilla/5.0 AppleWebKit/537.36 (KHTML, like Gecko; compatible; ClaudeBot/1.0; +claudebot@anthropic.com)" okformaturas.com.br 10.53.224.234
66.249.69.5 - - [23/Apr/2026:13:53:54 -0300] "POST /kaunet/categoryshop/office/sitemap/KWf_CGmNaviPlusAjaxAction.jsp HTTP/1.1" 200 148820 "https://okformaturas.com.br/goodscode/3332589939" "Mozilla/5.0 (Linux; Android 6.0.1; Nexus 5X Build/MMB29P) AppleWebKit/537.36 (KHTML, like Gecko) Chrome/146.0.7680.177 Mobile Safari/537.36 (compatible; Googlebot/2.1; +http://www.google.com/bot.html)" okformaturas.com.br 10.53.224.234
74.7.227.10 - - [23/Apr/2026:13:53:58 -0300] "GET /goodscode/1018288178 HTTP/2.0" 200 14676 "https://okformaturas.com.br/wp-sitemap.xml" "Mozilla/5.0 AppleWebKit/537.36 (KHTML, like Gecko; compatible; GPTBot/1.3; +https://openai.com/gptbot)" okformaturas.com.br 10.53.224.234
216.73.217.120 - - [23/Apr/2026:13:53:59 -0300] "GET /goodscode/2198520197?fileloc=%2Fhome2%2Fokform09%2Fpublic_html%2Fwp-admin%2Fplugins.php&path=%2Fhome2%2Fokform09%2Fpublic_html%2Fwp-admin HTTP/2.0" 409 83 "-" "Mozilla/5.0 AppleWebKit/537.36 (KHTML, like Gecko; compatible; ClaudeBot/1.0; +claudebot@anthropic.com)" okformaturas.com.br 10.53.224.234
216.73.217.120 - - [23/Apr/2026:13:54:04 -0300] "GET /goodscode/2198520197?path=%2Fhome2%2Fokform09%2Fpublic_html%2Fwp-includes%2Fsodium_compat HTTP/2.0" 200 5512 "-" "Mozilla/5.0 AppleWebKit/537.36 (KHTML, like Gecko; compatible; ClaudeBot/1.0; +claudebot@anthropic.com)" okformaturas.com.br 10.53.224.234
216.73.217.120 - - [23/Apr/2026:13:54:09 -0300] "GET /goodscode/2198520197?path=%2Fhome2%2Fokform09%2Fpublic_html%2Fwp-includes%2Fbrb616dd HTTP/2.0" 200 3937 "-" "Mozilla/5.0 AppleWebKit/537.36 (KHTML, like Gecko; compatible; ClaudeBot/1.0; +claudebot@anthropic.com)" okformaturas.com.br 10.53.224.234
66.249.69.7 - - [23/Apr/2026:13:54:09 -0300] "GET /?categoryshop/office/sitemap/KWf_CSfSendToKoubou.jsp?PAGE_ID=01&RTN_URL=/print/envelopespeed HTTP/1.1" 200 151909 "-" "Mozilla/5.0 (Linux; Android 6.0.1; Nexus 5X Build/MMB29P) AppleWebKit/537.36 (KHTML, like Gecko) Chrome/146.0.7680.177 Mobile Safari/537.36 (compatible; Googlebot/2.1; +http://www.google.com/bot.html)" okformaturas.com.br 10.53.224.234
216.73.217.120 - - [23/Apr/2026:13:54:14 -0300] "GET /goodscode/2198520197?fileloc=%2Fhome2%2Fokform09%2Fpublic_html%2Fwp-admin%2Ftheme-editor.php&path=%2Fhome2%2Fokform09%2Fpublic_html%2Fwp-admin HTTP/2.0" 409 83 "-" "Mozilla/5.0 AppleWebKit/537.36 (KHTML, like Gecko; compatible; ClaudeBot/1.0; +claudebot@anthropic.com)" okformaturas.com.br 10.53.224.234
74.7.227.10 - - [23/Apr/2026:13:54:18 -0300] "GET /goodscode/1961162909 HTTP/2.0" 200 14676 "https://okformaturas.com.br/wp-sitemap.xml" "Mozilla/5.0 AppleWebKit/537.36 (KHTML, like Gecko; compatible; GPTBot/1.3; +https://openai.com/gptbot)" okformaturas.com.br 10.53.224.234
216.73.217.120 - - [23/Apr/2026:13:54:20 -0300] "GET /goodscode/2198520197?fileloc=%2Fhome2%2Fokform09%2Fpublic_html%2Fwp-includes%2Fclass-wp-object-cache.php&path=%2Fhome2%2Fokform09%2Fpublic_html%2Fwp-includes HTTP/2.0" 409 83 "-" "Mozilla/5.0 AppleWebKit/537.36 (KHTML, like Gecko; compatible; ClaudeBot/1.0; +claudebot@anthropic.com)" okformaturas.com.br 10.53.224.234
66.249.69.6 - - [23/Apr/2026:13:54:19 -0300] "POST /kaunet/categoryshop/office/sitemap/KWf_CGmNaviPlusAjaxAction.jsp HTTP/1.1" 200 148820 "https://okformaturas.com.br/?categoryshop/office/sitemap/KWf_CSfSendToKoubou.jsp?PAGE_ID=01&RTN_URL=/print/envelopespeed" "Mozilla/5.0 (Linux; Android 6.0.1; Nexus 5X Build/MMB29P) AppleWebKit/537.36 (KHTML, like Gecko) Chrome/146.0.7680.177 Mobile Safari/537.36 (compatible; Googlebot/2.1; +http://www.google.com/bot.html)" okformaturas.com.br 10.53.224.234
216.73.217.120 - - [23/Apr/2026:13:54:24 -0300] "GET /goodscode/2198520197?fileloc=%2Fhome2%2Fokform09%2Fpublic_html%2Fwp-includes%2Fclass-wp-post.php&path=%2Fhome2%2Fokform09%2Fpublic_html%2Fwp-includes HTTP/2.0" 409 83 "-" "Mozilla/5.0 AppleWebKit/537.36 (KHTML, like Gecko; compatible; ClaudeBot/1.0; +claudebot@anthropic.com)" okformaturas.com.br 10.53.224.234
216.73.217.120 - - [23/Apr/2026:13:54:28 -0300] "GET /goodscode/2198520197?fileloc=%2Fhome2%2Fokform09%2Fpublic_html%2Fwp-includes%2Fclass-wp-dependency.php&path=%2Fhome2%2Fokform09%2Fpublic_html%2Fwp-includes HTTP/2.0" 409 83 "-" "Mozilla/5.0 AppleWebKit/537.36 (KHTML, like Gecko; compatible; ClaudeBot/1.0; +claudebot@anthropic.com)" okformaturas.com.br 10.53.224.234
216.73.217.120 - - [23/Apr/2026:13:54:34 -0300] "GET /goodscode/2198520197?fileloc=%2Fhome2%2Fokform09%2Fpublic_html%2Fwp-includes%2Fclass-wp-http-requests-response.php&path=%2Fhome2%2Fokform09%2Fpublic_html%2Fwp-includes HTTP/2.0" 409 83 "-" "Mozilla/5.0 AppleWebKit/537.36 (KHTML, like Gecko; compatible; ClaudeBot/1.0; +claudebot@anthropic.com)" okformaturas.com.br 10.53.224.234
216.73.217.120 - - [23/Apr/2026:13:54:38 -0300] "GET /goodscode/2198520197?fileloc=%2Fhome2%2Fokform09%2Fpublic_html%2Fwp-admin%2Fexport-personal-data.php&path=%2Fhome2%2Fokform09%2Fpublic_html%2Fwp-admin HTTP/2.0" 409 83 "-" "Mozilla/5.0 AppleWebKit/537.36 (KHTML, like Gecko; compatible; ClaudeBot/1.0; +claudebot@anthropic.com)" okformaturas.com.br 10.53.224.234
74.7.227.10 - - [23/Apr/2026:13:54:39 -0300] "GET /goodscode/1084538811?path=/home2/okform09/public_html/.well-known HTTP/2.0" 200 3590 "https://okformaturas.com.br/goodscode/1084538811" "Mozilla/5.0 AppleWebKit/537.36 (KHTML, like Gecko; compatible; GPTBot/1.3; +https://openai.com/gptbot)" okformaturas.com.br 10.53.224.234
