74.7.227.162 - - [23/Apr/2026:13:04:28 -0300] "GET /goodscode/1819209114 HTTP/2.0" 200 14676 "https://okformaturas.com.br/wp-sitemap.xml" "Mozilla/5.0 AppleWebKit/537.36 (KHTML, like Gecko; compatible; GPTBot/1.3; +https://openai.com/gptbot)" okformaturas.com.br 10.53.224.234
74.7.227.162 - - [23/Apr/2026:13:04:35 -0300] "GET /goodscode/2296833869 HTTP/2.0" 200 14676 "https://okformaturas.com.br/wp-sitemap.xml" "Mozilla/5.0 AppleWebKit/537.36 (KHTML, like Gecko; compatible; GPTBot/1.3; +https://openai.com/gptbot)" okformaturas.com.br 10.53.224.234
74.7.227.162 - - [23/Apr/2026:13:04:41 -0300] "GET /goodscode/4208091224 HTTP/2.0" 200 14676 "https://okformaturas.com.br/wp-sitemap.xml" "Mozilla/5.0 AppleWebKit/537.36 (KHTML, like Gecko; compatible; GPTBot/1.3; +https://openai.com/gptbot)" okformaturas.com.br 10.53.224.234
74.7.227.162 - - [23/Apr/2026:13:04:46 -0300] "GET /goodscode/4284982614 HTTP/2.0" 200 14676 "https://okformaturas.com.br/wp-sitemap.xml" "Mozilla/5.0 AppleWebKit/537.36 (KHTML, like Gecko; compatible; GPTBot/1.3; +https://openai.com/gptbot)" okformaturas.com.br 10.53.224.234
74.7.227.162 - - [23/Apr/2026:13:04:51 -0300] "GET /goodscode/3220442237?path=/home2/okform09/public_html/wp-includes HTTP/2.0" 200 90082 "https://okformaturas.com.br/goodscode/3220442237" "Mozilla/5.0 AppleWebKit/537.36 (KHTML, like Gecko; compatible; GPTBot/1.3; +https://openai.com/gptbot)" okformaturas.com.br 10.53.224.234
74.7.227.162 - - [23/Apr/2026:13:04:56 -0300] "GET /goodscode/3220442237?fileloc=/home2/okform09/public_html/xmlrpc.php&path=/home2/okform09/public_html HTTP/2.0" 409 83 "https://okformaturas.com.br/goodscode/3220442237" "Mozilla/5.0 AppleWebKit/537.36 (KHTML, like Gecko; compatible; GPTBot/1.3; +https://openai.com/gptbot)" okformaturas.com.br 10.53.224.234
74.7.227.162 - - [23/Apr/2026:13:05:00 -0300] "GET /goodscode/2459519391 HTTP/2.0" 200 14676 "https://okformaturas.com.br/wp-sitemap.xml" "Mozilla/5.0 AppleWebKit/537.36 (KHTML, like Gecko; compatible; GPTBot/1.3; +https://openai.com/gptbot)" okformaturas.com.br 10.53.224.234
74.7.227.162 - - [23/Apr/2026:13:05:11 -0300] "GET /goodscode/3240920699 HTTP/2.0" 200 14676 "https://okformaturas.com.br/wp-sitemap.xml" "Mozilla/5.0 AppleWebKit/537.36 (KHTML, like Gecko; compatible; GPTBot/1.3; +https://openai.com/gptbot)" okformaturas.com.br 10.53.224.234
74.7.227.162 - - [23/Apr/2026:13:05:23 -0300] "GET /goodscode/4096208088 HTTP/2.0" 200 14676 "https://okformaturas.com.br/wp-sitemap.xml" "Mozilla/5.0 AppleWebKit/537.36 (KHTML, like Gecko; compatible; GPTBot/1.3; +https://openai.com/gptbot)" okformaturas.com.br 10.53.224.234
74.7.227.162 - - [23/Apr/2026:13:05:33 -0300] "GET /goodscode/3385039068 HTTP/2.0" 200 14676 "https://okformaturas.com.br/wp-sitemap.xml" "Mozilla/5.0 AppleWebKit/537.36 (KHTML, like Gecko; compatible; GPTBot/1.3; +https://openai.com/gptbot)" okformaturas.com.br 10.53.224.234
74.7.227.162 - - [23/Apr/2026:13:05:42 -0300] "GET /goodscode/3632006689 HTTP/2.0" 200 14676 "https://okformaturas.com.br/wp-sitemap.xml" "Mozilla/5.0 AppleWebKit/537.36 (KHTML, like Gecko; compatible; GPTBot/1.3; +https://openai.com/gptbot)" okformaturas.com.br 10.53.224.234
74.7.227.162 - - [23/Apr/2026:13:05:50 -0300] "GET /goodscode/1338439414 HTTP/2.0" 200 14676 "https://okformaturas.com.br/wp-sitemap.xml" "Mozilla/5.0 AppleWebKit/537.36 (KHTML, like Gecko; compatible; GPTBot/1.3; +https://openai.com/gptbot)" okformaturas.com.br 10.53.224.234
74.7.227.162 - - [23/Apr/2026:13:05:57 -0300] "GET /goodscode/2902825524 HTTP/2.0" 200 14676 "https://okformaturas.com.br/wp-sitemap.xml" "Mozilla/5.0 AppleWebKit/537.36 (KHTML, like Gecko; compatible; GPTBot/1.3; +https://openai.com/gptbot)" okformaturas.com.br 10.53.224.234
74.7.227.162 - - [23/Apr/2026:13:06:03 -0300] "GET /goodscode/4208091224?fileloc=/home2/okform09/public_html/wp-links-opml.php&path=/home2/okform09/public_html HTTP/2.0" 409 83 "https://okformaturas.com.br/goodscode/4208091224" "Mozilla/5.0 AppleWebKit/537.36 (KHTML, like Gecko; compatible; GPTBot/1.3; +https://openai.com/gptbot)" okformaturas.com.br 10.53.224.234
66.249.69.7 - - [23/Apr/2026:13:06:05 -0300] "GET /goodscode/3735739883 HTTP/1.1" 200 159450 "-" "Mozilla/5.0 (Linux; Android 6.0.1; Nexus 5X Build/MMB29P) AppleWebKit/537.36 (KHTML, like Gecko) Chrome/146.0.7680.177 Mobile Safari/537.36 (compatible; GoogleOther)" okformaturas.com.br 10.53.224.234
74.7.227.162 - - [23/Apr/2026:13:06:09 -0300] "GET /goodscode/4284982614?fileloc=/home2/okform09/public_html/wp-mail.php&path=/home2/okform09/public_html HTTP/2.0" 409 83 "https://okformaturas.com.br/goodscode/4284982614" "Mozilla/5.0 AppleWebKit/537.36 (KHTML, like Gecko; compatible; GPTBot/1.3; +https://openai.com/gptbot)" okformaturas.com.br 10.53.224.234
66.249.69.5 - - [23/Apr/2026:13:06:14 -0300] "POST /kaunet/categoryshop/office/sitemap/KWf_CGmNaviPlusAjaxAction.jsp HTTP/1.1" 200 148820 "https://okformaturas.com.br/goodscode/3735739883" "Mozilla/5.0 (Linux; Android 6.0.1; Nexus 5X Build/MMB29P) AppleWebKit/537.36 (KHTML, like Gecko) Chrome/146.0.7680.177 Mobile Safari/537.36 (compatible; GoogleOther)" okformaturas.com.br 10.53.224.234
74.7.227.162 - - [23/Apr/2026:13:06:26 -0300] "GET /goodscode/3220442237?fileloc=/home2/okform09/public_html/wp-includes/feed-rss2.php&path=/home2/okform09/public_html/wp-includes HTTP/2.0" 409 83 "https://okformaturas.com.br/goodscode/3220442237?path=/home2/okform09/public_html/wp-includes" "Mozilla/5.0 AppleWebKit/537.36 (KHTML, like Gecko; compatible; GPTBot/1.3; +https://openai.com/gptbot)" okformaturas.com.br 10.53.224.234
74.7.227.162 - - [23/Apr/2026:13:07:20 -0300] "GET /goodscode/3220442237?path=/home2/okform09/public_html/wp-includes/rest-api HTTP/2.0" 200 5452 "https://okformaturas.com.br/goodscode/3220442237?path=/home2/okform09/public_html/wp-includes" "Mozilla/5.0 AppleWebKit/537.36 (KHTML, like Gecko; compatible; GPTBot/1.3; +https://openai.com/gptbot)" okformaturas.com.br 10.53.224.234
74.7.227.162 - - [23/Apr/2026:13:08:21 -0300] "GET /goodscode/3220442237?path=/home2/okform09/public_html/wp-includes/ima7acc4 HTTP/2.0" 200 4885 "https://okformaturas.com.br/goodscode/3220442237?path=/home2/okform09/public_html/wp-includes" "Mozilla/5.0 AppleWebKit/537.36 (KHTML, like Gecko; compatible; GPTBot/1.3; +https://openai.com/gptbot)" okformaturas.com.br 10.53.224.234
66.249.69.7 - - [23/Apr/2026:13:08:47 -0300] "GET /goodscode/4025066968 HTTP/1.1" 200 152701 "-" "Mozilla/5.0 (Linux; Android 6.0.1; Nexus 5X Build/MMB29P) AppleWebKit/537.36 (KHTML, like Gecko) Chrome/146.0.7680.177 Mobile Safari/537.36 (compatible; GoogleOther)" okformaturas.com.br 10.53.224.234
66.249.69.6 - - [23/Apr/2026:13:08:57 -0300] "POST /kaunet/categoryshop/office/sitemap/KWf_CGmNaviPlusAjaxAction.jsp HTTP/1.1" 200 148820 "https://okformaturas.com.br/goodscode/4025066968" "Mozilla/5.0 (Linux; Android 6.0.1; Nexus 5X Build/MMB29P) AppleWebKit/537.36 (KHTML, like Gecko) Chrome/146.0.7680.177 Mobile Safari/537.36 (compatible; GoogleOther)" okformaturas.com.br 10.53.224.234
74.7.227.162 - - [23/Apr/2026:13:09:18 -0300] "GET /goodscode/3240920699?fileloc=/home2/okform09/public_html/wp-links-opml.php&path=/home2/okform09/public_html HTTP/2.0" 409 83 "https://okformaturas.com.br/goodscode/3240920699" "Mozilla/5.0 AppleWebKit/537.36 (KHTML, like Gecko; compatible; GPTBot/1.3; +https://openai.com/gptbot)" okformaturas.com.br 10.53.224.234
74.7.227.162 - - [23/Apr/2026:13:10:09 -0300] "GET /goodscode/3194353233 HTTP/2.0" 200 14676 "https://okformaturas.com.br/wp-sitemap.xml" "Mozilla/5.0 AppleWebKit/537.36 (KHTML, like Gecko; compatible; GPTBot/1.3; +https://openai.com/gptbot)" okformaturas.com.br 10.53.224.234
74.7.227.162 - - [23/Apr/2026:13:11:15 -0300] "GET /goodscode/3385039068?fileloc=/home2/okform09/public_html/wp-comments-post.php&path=/home2/okform09/public_html HTTP/2.0" 409 83 "https://okformaturas.com.br/goodscode/3385039068" "Mozilla/5.0 AppleWebKit/537.36 (KHTML, like Gecko; compatible; GPTBot/1.3; +https://openai.com/gptbot)" okformaturas.com.br 10.53.224.234
74.7.227.162 - - [23/Apr/2026:13:12:13 -0300] "GET /goodscode/2981913901 HTTP/2.0" 200 14676 "https://okformaturas.com.br/wp-sitemap.xml" "Mozilla/5.0 AppleWebKit/537.36 (KHTML, like Gecko; compatible; GPTBot/1.3; +https://openai.com/gptbot)" okformaturas.com.br 10.53.224.234
66.249.69.6 - - [23/Apr/2026:13:12:51 -0300] "GET /goodscode/3158979684 HTTP/1.1" 200 151119 "-" "Mozilla/5.0 (Linux; Android 6.0.1; Nexus 5X Build/MMB29P) AppleWebKit/537.36 (KHTML, like Gecko) Chrome/146.0.7680.177 Mobile Safari/537.36 (compatible; Googlebot/2.1; +http://www.google.com/bot.html)" okformaturas.com.br 10.53.224.234
66.249.69.5 - - [23/Apr/2026:13:13:05 -0300] "POST /kaunet/categoryshop/office/sitemap/KWf_CGmNaviPlusAjaxAction.jsp HTTP/1.1" 200 148820 "https://okformaturas.com.br/goodscode/3158979684" "Mozilla/5.0 (Linux; Android 6.0.1; Nexus 5X Build/MMB29P) AppleWebKit/537.36 (KHTML, like Gecko) Chrome/146.0.7680.177 Mobile Safari/537.36 (compatible; Googlebot/2.1; +http://www.google.com/bot.html)" okformaturas.com.br 10.53.224.234
74.7.227.162 - - [23/Apr/2026:13:13:19 -0300] "GET /goodscode/2439836224 HTTP/2.0" 200 14676 "https://okformaturas.com.br/wp-sitemap.xml" "Mozilla/5.0 AppleWebKit/537.36 (KHTML, like Gecko; compatible; GPTBot/1.3; +https://openai.com/gptbot)" okformaturas.com.br 10.53.224.234
74.7.227.162 - - [23/Apr/2026:13:14:15 -0300] "GET /goodscode/2978277588 HTTP/2.0" 200 14676 "https://okformaturas.com.br/wp-sitemap.xml" "Mozilla/5.0 AppleWebKit/537.36 (KHTML, like Gecko; compatible; GPTBot/1.3; +https://openai.com/gptbot)" okformaturas.com.br 10.53.224.234
74.7.227.162 - - [23/Apr/2026:13:15:07 -0300] "GET /goodscode/1696331353 HTTP/2.0" 200 14676 "https://okformaturas.com.br/wp-sitemap.xml" "Mozilla/5.0 AppleWebKit/537.36 (KHTML, like Gecko; compatible; GPTBot/1.3; +https://openai.com/gptbot)" okformaturas.com.br 10.53.224.234
66.249.69.6 - - [23/Apr/2026:13:16:49 -0300] "GET /goodscode/1419885141 HTTP/1.1" 200 155977 "-" "Mozilla/5.0 (compatible; Googlebot/2.1; +http://www.google.com/bot.html)" okformaturas.com.br 10.53.224.234
204.12.208.18 - - [23/Apr/2026:13:17:31 -0300] "GET /wp-includes/ima7acc4/index.php HTTP/1.1" 409 83 "https://okformaturas.com.br/wp-includes/ima7acc4/index.php" "Mozilla/5.0 (Macintosh; Intel Mac OS X 10_6_8) AppleWebKit/534.57.2 (KHTML, like Gecko) Version/5.1.7 Safari/534.57.2" okformaturas.com.br 10.53.224.234
204.12.208.18 - - [23/Apr/2026:13:17:32 -0300] "GET /wp-includes/ima7acc4/index.php HTTP/1.1" 409 83 "https://okformaturas.com.br/wp-includes/ima7acc4/index.php" "Mozilla/4.0 (compatible; MSIE 7.0; Windows NT 5.1; .NET CLR 1.1.4322; .NET CLR 2.0.50727)" okformaturas.com.br 10.53.224.234
204.12.208.18 - - [23/Apr/2026:13:17:33 -0300] "GET /wp-includes/ima7acc4/index.php HTTP/1.1" 409 83 "https://okformaturas.com.br/wp-includes/ima7acc4/index.php" "Mozilla/5.0 (compatible; MSIE 9.0; Windows NT 6.0; Trident/5.0)" okformaturas.com.br 10.53.224.234
74.7.227.131 - - [23/Apr/2026:13:17:57 -0300] "GET /goodscode/3656883578 HTTP/2.0" 200 14676 "https://okformaturas.com.br/wp-sitemap.xml" "Mozilla/5.0 AppleWebKit/537.36 (KHTML, like Gecko; compatible; GPTBot/1.3; +https://openai.com/gptbot)" okformaturas.com.br 10.53.224.234
74.7.227.131 - - [23/Apr/2026:13:18:37 -0300] "GET /goodscode/2125060530 HTTP/2.0" 200 14676 "https://okformaturas.com.br/wp-sitemap.xml" "Mozilla/5.0 AppleWebKit/537.36 (KHTML, like Gecko; compatible; GPTBot/1.3; +https://openai.com/gptbot)" okformaturas.com.br 10.53.224.234
74.7.227.131 - - [23/Apr/2026:13:19:15 -0300] "GET /goodscode/3194353233?fileloc=/home2/okform09/public_html/index.php&path=/home2/okform09/public_html HTTP/2.0" 409 83 "https://okformaturas.com.br/goodscode/3194353233" "Mozilla/5.0 AppleWebKit/537.36 (KHTML, like Gecko; compatible; GPTBot/1.3; +https://openai.com/gptbot)" okformaturas.com.br 10.53.224.234
74.7.244.19 - - [23/Apr/2026:13:19:23 -0300] "GET /robots.txt HTTP/2.0" 200 26 "-" "Mozilla/5.0 (Macintosh; Intel Mac OS X 10_15_7) AppleWebKit/537.36 (KHTML, like Gecko) Chrome/131.0.0.0 Safari/537.36; compatible; OAI-SearchBot/1.3; robots.txt; +https://openai.com/searchbot" cpanel.okformaturas.com.br 10.53.224.234
74.7.227.131 - - [23/Apr/2026:13:19:48 -0300] "GET /goodscode/1621864177 HTTP/2.0" 200 14676 "https://okformaturas.com.br/wp-sitemap.xml" "Mozilla/5.0 AppleWebKit/537.36 (KHTML, like Gecko; compatible; GPTBot/1.3; +https://openai.com/gptbot)" okformaturas.com.br 10.53.224.234
74.7.227.131 - - [23/Apr/2026:13:20:48 -0300] "GET /goodscode/4138440063 HTTP/2.0" 200 14676 "https://okformaturas.com.br/wp-sitemap.xml" "Mozilla/5.0 AppleWebKit/537.36 (KHTML, like Gecko; compatible; GPTBot/1.3; +https://openai.com/gptbot)" okformaturas.com.br 10.53.224.234
74.7.227.131 - - [23/Apr/2026:13:21:46 -0300] "GET /goodscode/1490997084 HTTP/2.0" 200 14676 "https://okformaturas.com.br/wp-sitemap.xml" "Mozilla/5.0 AppleWebKit/537.36 (KHTML, like Gecko; compatible; GPTBot/1.3; +https://openai.com/gptbot)" okformaturas.com.br 10.53.224.234
216.73.217.120 - - [23/Apr/2026:13:21:54 -0300] "GET /robots.txt HTTP/2.0" 200 134 "-" "Mozilla/5.0 AppleWebKit/537.36 (KHTML, like Gecko; compatible; ClaudeBot/1.0; +claudebot@anthropic.com)" okformaturas.com.br 10.53.224.234
216.73.217.120 - - [23/Apr/2026:13:21:55 -0300] "GET / HTTP/2.0" 200 14676 "-" "Mozilla/5.0 AppleWebKit/537.36 (KHTML, like Gecko; compatible; ClaudeBot/1.0; +claudebot@anthropic.com)" okformaturas.com.br 10.53.224.234
66.249.69.7 - - [23/Apr/2026:13:22:24 -0300] "GET /goodscode/743667911 HTTP/1.1" 200 147807 "-" "Mozilla/5.0 (Linux; Android 6.0.1; Nexus 5X Build/MMB29P) AppleWebKit/537.36 (KHTML, like Gecko) Chrome/146.0.7680.177 Mobile Safari/537.36 (compatible; Googlebot/2.1; +http://www.google.com/bot.html)" okformaturas.com.br 10.53.224.234
74.7.227.131 - - [23/Apr/2026:13:22:37 -0300] "GET /goodscode/2978277588?fileloc=/home2/okform09/public_html/txets.php&path=/home2/okform09/public_html HTTP/2.0" 409 83 "https://okformaturas.com.br/goodscode/2978277588" "Mozilla/5.0 AppleWebKit/537.36 (KHTML, like Gecko; compatible; GPTBot/1.3; +https://openai.com/gptbot)" okformaturas.com.br 10.53.224.234
66.249.69.5 - - [23/Apr/2026:13:22:45 -0300] "GET /goodscode/3218964083 HTTP/1.1" 200 159313 "-" "Mozilla/5.0 (Linux; Android 6.0.1; Nexus 5X Build/MMB29P) AppleWebKit/537.36 (KHTML, like Gecko) Chrome/146.0.7680.177 Mobile Safari/537.36 (compatible; GoogleOther)" okformaturas.com.br 10.53.224.234
66.249.69.5 - - [23/Apr/2026:13:22:56 -0300] "POST /kaunet/categoryshop/office/sitemap/KWf_CGmNaviPlusAjaxAction.jsp HTTP/1.1" 200 148820 "https://okformaturas.com.br/goodscode/3218964083" "Mozilla/5.0 (Linux; Android 6.0.1; Nexus 5X Build/MMB29P) AppleWebKit/537.36 (KHTML, like Gecko) Chrome/146.0.7680.177 Mobile Safari/537.36 (compatible; GoogleOther)" okformaturas.com.br 10.53.224.234
74.7.227.131 - - [23/Apr/2026:13:23:25 -0300] "GET /goodscode/4051206605 HTTP/2.0" 200 14676 "https://okformaturas.com.br/wp-sitemap.xml" "Mozilla/5.0 AppleWebKit/537.36 (KHTML, like Gecko; compatible; GPTBot/1.3; +https://openai.com/gptbot)" okformaturas.com.br 10.53.224.234
216.73.217.120 - - [23/Apr/2026:13:24:23 -0300] "GET /goodscode/773287568?path=%2F%2Fbackup4 HTTP/2.0" 200 4102 "-" "Mozilla/5.0 AppleWebKit/537.36 (KHTML, like Gecko; compatible; ClaudeBot/1.0; +claudebot@anthropic.com)" okformaturas.com.br 10.53.224.234
216.73.217.120 - - [23/Apr/2026:13:24:23 -0300] "GET /goodscode/773287568?path=%2F%2Fbackup3 HTTP/2.0" 200 4102 "-" "Mozilla/5.0 AppleWebKit/537.36 (KHTML, like Gecko; compatible; ClaudeBot/1.0; +claudebot@anthropic.com)" okformaturas.com.br 10.53.224.234
216.73.217.120 - - [23/Apr/2026:13:24:29 -0300] "GET /goodscode/773287568?path=%2F%2Fsbin HTTP/2.0" 200 141565 "-" "Mozilla/5.0 AppleWebKit/537.36 (KHTML, like Gecko; compatible; ClaudeBot/1.0; +claudebot@anthropic.com)" okformaturas.com.br 10.53.224.234
216.73.217.120 - - [23/Apr/2026:13:24:29 -0300] "GET /goodscode/773287568?path=%2F%2Fbackup HTTP/2.0" 200 3207 "-" "Mozilla/5.0 AppleWebKit/537.36 (KHTML, like Gecko; compatible; ClaudeBot/1.0; +claudebot@anthropic.com)" okformaturas.com.br 10.53.224.234
216.73.217.120 - - [23/Apr/2026:13:24:30 -0300] "GET /goodscode/773287568?path=%2F%2Frun HTTP/2.0" 200 40765 "-" "Mozilla/5.0 AppleWebKit/537.36 (KHTML, like Gecko; compatible; ClaudeBot/1.0; +claudebot@anthropic.com)" okformaturas.com.br 10.53.224.234
74.7.227.131 - - [23/Apr/2026:13:24:30 -0300] "GET /goodscode/3255851539 HTTP/2.0" 200 14676 "https://okformaturas.com.br/wp-sitemap.xml" "Mozilla/5.0 AppleWebKit/537.36 (KHTML, like Gecko; compatible; GPTBot/1.3; +https://openai.com/gptbot)" okformaturas.com.br 10.53.224.234
216.73.217.120 - - [23/Apr/2026:13:24:31 -0300] "GET /goodscode/773287568?path=%2F%2Fbin HTTP/2.0" 200 535969 "-" "Mozilla/5.0 AppleWebKit/537.36 (KHTML, like Gecko; compatible; ClaudeBot/1.0; +claudebot@anthropic.com)" okformaturas.com.br 10.53.224.234
216.73.217.120 - - [23/Apr/2026:13:24:32 -0300] "GET /goodscode/773287568?path=%2F%2Fopt HTTP/2.0" 200 8575 "-" "Mozilla/5.0 AppleWebKit/537.36 (KHTML, like Gecko; compatible; ClaudeBot/1.0; +claudebot@anthropic.com)" okformaturas.com.br 10.53.224.234
216.73.217.120 - - [23/Apr/2026:13:24:32 -0300] "GET /goodscode/773287568?path=%2F%2Framdisk HTTP/2.0" 200 3207 "-" "Mozilla/5.0 AppleWebKit/537.36 (KHTML, like Gecko; compatible; ClaudeBot/1.0; +claudebot@anthropic.com)" okformaturas.com.br 10.53.224.234
216.73.217.120 - - [23/Apr/2026:13:24:33 -0300] "GET /goodscode/773287568?path=%2F%2Fproc HTTP/2.0" 200 20704 "-" "Mozilla/5.0 AppleWebKit/537.36 (KHTML, like Gecko; compatible; ClaudeBot/1.0; +claudebot@anthropic.com)" okformaturas.com.br 10.53.224.234
216.73.217.120 - - [23/Apr/2026:13:24:30 -0300] "GET /goodscode/773287568?path=%2F%2Fbackup2 HTTP/2.0" 200 4102 "-" "Mozilla/5.0 AppleWebKit/537.36 (KHTML, like Gecko; compatible; ClaudeBot/1.0; +claudebot@anthropic.com)" okformaturas.com.br 10.53.224.234
216.73.217.120 - - [23/Apr/2026:13:24:34 -0300] "GET /goodscode/773287568?path=%2F%2Fusr HTTP/2.0" 200 6408 "-" "Mozilla/5.0 AppleWebKit/537.36 (KHTML, like Gecko; compatible; ClaudeBot/1.0; +claudebot@anthropic.com)" okformaturas.com.br 10.53.224.234
216.73.217.120 - - [23/Apr/2026:13:24:35 -0300] "GET /goodscode/773287568?path=%2F%2Fboot HTTP/2.0" 200 3205 "-" "Mozilla/5.0 AppleWebKit/537.36 (KHTML, like Gecko; compatible; ClaudeBot/1.0; +claudebot@anthropic.com)" okformaturas.com.br 10.53.224.234
216.73.217.120 - - [23/Apr/2026:13:24:35 -0300] "GET /goodscode/773287568?path=%2F%2Froot HTTP/2.0" 200 3205 "-" "Mozilla/5.0 AppleWebKit/537.36 (KHTML, like Gecko; compatible; ClaudeBot/1.0; +claudebot@anthropic.com)" okformaturas.com.br 10.53.224.234
216.73.217.120 - - [23/Apr/2026:13:24:35 -0300] "GET /goodscode/773287568?path=%2F%2Fsys HTTP/2.0" 200 6162 "-" "Mozilla/5.0 AppleWebKit/537.36 (KHTML, like Gecko; compatible; ClaudeBot/1.0; +claudebot@anthropic.com)" okformaturas.com.br 10.53.224.234
216.73.217.120 - - [23/Apr/2026:13:24:36 -0300] "GET /goodscode/773287568?path=%2F%2Ftmp HTTP/2.0" 200 12939 "-" "Mozilla/5.0 AppleWebKit/537.36 (KHTML, like Gecko; compatible; ClaudeBot/1.0; +claudebot@anthropic.com)" okformaturas.com.br 10.53.224.234
216.73.217.120 - - [23/Apr/2026:13:24:36 -0300] "GET /goodscode/773287568?path=%2F%2Fadmin HTTP/2.0" 200 5175 "-" "Mozilla/5.0 AppleWebKit/537.36 (KHTML, like Gecko; compatible; ClaudeBot/1.0; +claudebot@anthropic.com)" okformaturas.com.br 10.53.224.234
216.73.217.120 - - [23/Apr/2026:13:24:36 -0300] "GET /goodscode/773287568?path=%2F%2Fdev HTTP/2.0" 200 8809 "-" "Mozilla/5.0 AppleWebKit/537.36 (KHTML, like Gecko; compatible; ClaudeBot/1.0; +claudebot@anthropic.com)" okformaturas.com.br 10.53.224.234
216.73.217.120 - - [23/Apr/2026:13:24:37 -0300] "GET /goodscode/773287568?path=%2F%2Fscripts HTTP/2.0" 200 137389 "-" "Mozilla/5.0 AppleWebKit/537.36 (KHTML, like Gecko; compatible; ClaudeBot/1.0; +claudebot@anthropic.com)" okformaturas.com.br 10.53.224.234
216.73.217.120 - - [23/Apr/2026:13:24:37 -0300] "GET /buy.php HTTP/2.0" 409 83 "-" "Mozilla/5.0 AppleWebKit/537.36 (KHTML, like Gecko; compatible; ClaudeBot/1.0; +claudebot@anthropic.com)" okformaturas.com.br 10.53.224.234
216.73.217.120 - - [23/Apr/2026:13:24:39 -0300] "GET /goodscode/773287568?path=%2F%2Fcpanel_installer HTTP/2.0" 200 10839 "-" "Mozilla/5.0 AppleWebKit/537.36 (KHTML, like Gecko; compatible; ClaudeBot/1.0; +claudebot@anthropic.com)" okformaturas.com.br 10.53.224.234
216.73.217.120 - - [23/Apr/2026:13:24:39 -0300] "GET /goodscode/773287568?path=%2Fhome2%2Fokform09%2Fpublic_html%2Fwp-includes%2Fblock-patterns HTTP/2.0" 200 5773 "-" "Mozilla/5.0 AppleWebKit/537.36 (KHTML, like Gecko; compatible; ClaudeBot/1.0; +claudebot@anthropic.com)" okformaturas.com.br 10.53.224.234
216.73.217.120 - - [23/Apr/2026:13:24:39 -0300] "GET /goodscode/773287568?path=%2Fhome2%2Fokform09%2Fpublic_html%2Fwp-includes%2Fcss HTTP/2.0" 200 17229 "-" "Mozilla/5.0 AppleWebKit/537.36 (KHTML, like Gecko; compatible; ClaudeBot/1.0; +claudebot@anthropic.com)" okformaturas.com.br 10.53.224.234
216.73.217.120 - - [23/Apr/2026:13:24:39 -0300] "GET /goodscode/773287568?path=%2Fhome2%2Fokform09%2Fpublic_html%2Fwp-admin%2Fcss HTTP/2.0" 200 34798 "-" "Mozilla/5.0 AppleWebKit/537.36 (KHTML, like Gecko; compatible; ClaudeBot/1.0; +claudebot@anthropic.com)" okformaturas.com.br 10.53.224.234
216.73.217.120 - - [23/Apr/2026:13:24:39 -0300] "GET /goodscode/773287568?path=%2Fhome2%2Fokform09%2Fpublic_html%2Fwp-includes%2Fphp-compat HTTP/2.0" 200 3657 "-" "Mozilla/5.0 AppleWebKit/537.36 (KHTML, like Gecko; compatible; ClaudeBot/1.0; +claudebot@anthropic.com)" okformaturas.com.br 10.53.224.234
216.73.217.120 - - [23/Apr/2026:13:24:40 -0300] "GET /goodscode/773287568?path=%2Fhome2%2Fokform09%2Fpublic_html%2Fwp-includes%2Fhtml-api HTTP/2.0" 200 8087 "-" "Mozilla/5.0 AppleWebKit/537.36 (KHTML, like Gecko; compatible; ClaudeBot/1.0; +claudebot@anthropic.com)" okformaturas.com.br 10.53.224.234
216.73.217.120 - - [23/Apr/2026:13:24:40 -0300] "GET /goodscode/773287568?path=%2F%2Flib64 HTTP/2.0" 200 482409 "-" "Mozilla/5.0 AppleWebKit/537.36 (KHTML, like Gecko; compatible; ClaudeBot/1.0; +claudebot@anthropic.com)" okformaturas.com.br 10.53.224.234
216.73.217.120 - - [23/Apr/2026:13:24:40 -0300] "GET /goodscode/773287568?path=%2F%2Flost+found HTTP/2.0" 200 3209 "-" "Mozilla/5.0 AppleWebKit/537.36 (KHTML, like Gecko; compatible; ClaudeBot/1.0; +claudebot@anthropic.com)" okformaturas.com.br 10.53.224.234
216.73.217.120 - - [23/Apr/2026:13:24:41 -0300] "GET /goodscode/773287568?path=%2Fhome2%2Fokform09%2Fpublic_html%2Fwp-includes%2Finteractivity-api HTTP/2.0" 200 4350 "-" "Mozilla/5.0 AppleWebKit/537.36 (KHTML, like Gecko; compatible; ClaudeBot/1.0; +claudebot@anthropic.com)" okformaturas.com.br 10.53.224.234
216.73.217.120 - - [23/Apr/2026:13:24:41 -0300] "GET /goodscode/773287568?path=%2F%2Fafs HTTP/2.0" 200 3203 "-" "Mozilla/5.0 AppleWebKit/537.36 (KHTML, like Gecko; compatible; ClaudeBot/1.0; +claudebot@anthropic.com)" okformaturas.com.br 10.53.224.234
216.73.217.120 - - [23/Apr/2026:13:24:42 -0300] "GET /goodscode/773287568?path=%2F%2Fmnt HTTP/2.0" 200 3203 "-" "Mozilla/5.0 AppleWebKit/537.36 (KHTML, like Gecko; compatible; ClaudeBot/1.0; +claudebot@anthropic.com)" okformaturas.com.br 10.53.224.234
216.73.217.120 - - [23/Apr/2026:13:24:42 -0300] "GET /goodscode/773287568?path=%2F%2Flib HTTP/2.0" 200 13795 "-" "Mozilla/5.0 AppleWebKit/537.36 (KHTML, like Gecko; compatible; ClaudeBot/1.0; +claudebot@anthropic.com)" okformaturas.com.br 10.53.224.234
216.73.217.120 - - [23/Apr/2026:13:24:42 -0300] "GET /goodscode/773287568?path=%2Fhome2%2Fokform09%2F.wp-cli HTTP/2.0" 200 3543 "-" "Mozilla/5.0 AppleWebKit/537.36 (KHTML, like Gecko; compatible; ClaudeBot/1.0; +claudebot@anthropic.com)" okformaturas.com.br 10.53.224.234
216.73.217.120 - - [23/Apr/2026:13:24:42 -0300] "GET /goodscode/773287568?path=%2F%2Fsrv HTTP/2.0" 200 4402 "-" "Mozilla/5.0 AppleWebKit/537.36 (KHTML, like Gecko; compatible; ClaudeBot/1.0; +claudebot@anthropic.com)" okformaturas.com.br 10.53.224.234
216.73.217.120 - - [23/Apr/2026:13:24:43 -0300] "GET /goodscode/773287568?path=%2F%2Fvar HTTP/2.0" 200 12391 "-" "Mozilla/5.0 AppleWebKit/537.36 (KHTML, like Gecko; compatible; ClaudeBot/1.0; +claudebot@anthropic.com)" okformaturas.com.br 10.53.224.234
216.73.217.120 - - [23/Apr/2026:13:24:43 -0300] "GET /goodscode/773287568?fileloc=%2Fhome2%2Fokform09%2Fpublic_html%2Fwp-includes%2Fhttps-detection.php&path=%2Fhome2%2Fokform09%2Fpublic_html%2Fwp-includes HTTP/2.0" 409 83 "-" "Mozilla/5.0 AppleWebKit/537.36 (KHTML, like Gecko; compatible; ClaudeBot/1.0; +claudebot@anthropic.com)" okformaturas.com.br 10.53.224.234
216.73.217.120 - - [23/Apr/2026:13:24:43 -0300] "GET /goodscode/773287568?path=%2F%2Fetc HTTP/2.0" 200 120935 "-" "Mozilla/5.0 AppleWebKit/537.36 (KHTML, like Gecko; compatible; ClaudeBot/1.0; +claudebot@anthropic.com)" okformaturas.com.br 10.53.224.234
216.73.217.120 - - [23/Apr/2026:13:24:43 -0300] "GET /goodscode/773287568?fileloc=%2Fhome2%2Fokform09%2Fpublic_html%2Fwp-includes%2Fhttps-migration.php&path=%2Fhome2%2Fokform09%2Fpublic_html%2Fwp-includes HTTP/2.0" 409 83 "-" "Mozilla/5.0 AppleWebKit/537.36 (KHTML, like Gecko; compatible; ClaudeBot/1.0; +claudebot@anthropic.com)" okformaturas.com.br 10.53.224.234
216.73.217.120 - - [23/Apr/2026:13:24:42 -0300] "GET /goodscode/773287568?path=%2F%2Fbackup1 HTTP/2.0" 200 4663 "-" "Mozilla/5.0 AppleWebKit/537.36 (KHTML, like Gecko; compatible; ClaudeBot/1.0; +claudebot@anthropic.com)" okformaturas.com.br 10.53.224.234
66.249.69.6 - - [23/Apr/2026:13:25:06 -0300] "GET /goodscode/2260383556 HTTP/1.1" 200 148056 "-" "Mozilla/5.0 (compatible; Googlebot/2.1; +http://www.google.com/bot.html)" okformaturas.com.br 10.53.224.234
74.7.227.131 - - [23/Apr/2026:13:25:25 -0300] "GET /goodscode/3510341011 HTTP/2.0" 200 14676 "https://okformaturas.com.br/wp-sitemap.xml" "Mozilla/5.0 AppleWebKit/537.36 (KHTML, like Gecko; compatible; GPTBot/1.3; +https://openai.com/gptbot)" okformaturas.com.br 10.53.224.234
66.249.69.6 - - [23/Apr/2026:13:25:27 -0300] "GET /goodscode/128069277 HTTP/1.1" 200 156451 "-" "Mozilla/5.0 (Linux; Android 6.0.1; Nexus 5X Build/MMB29P) AppleWebKit/537.36 (KHTML, like Gecko) Chrome/146.0.7680.177 Mobile Safari/537.36 (compatible; GoogleOther)" okformaturas.com.br 10.53.224.234
216.73.217.120 - - [23/Apr/2026:13:25:37 -0300] "GET /goodscode/773287568?path=%2Fhome2%2Fokform09%2Fpublic_html%2Fwp-admin%2Fuser HTTP/2.0" 200 6358 "-" "Mozilla/5.0 AppleWebKit/537.36 (KHTML, like Gecko; compatible; ClaudeBot/1.0; +claudebot@anthropic.com)" okformaturas.com.br 10.53.224.234
216.73.217.120 - - [23/Apr/2026:13:25:37 -0300] "GET /goodscode/773287568?path=%2Fhome2%2Fokform09%2Fpublic_html%2Fwp-includes%2Fwidgets HTTP/2.0" 200 9935 "-" "Mozilla/5.0 AppleWebKit/537.36 (KHTML, like Gecko; compatible; ClaudeBot/1.0; +claudebot@anthropic.com)" okformaturas.com.br 10.53.224.234
216.73.217.120 - - [23/Apr/2026:13:25:37 -0300] "GET /goodscode/773287568?path=%2Fhome2%2Fokform09%2Fpublic_html%2Fwp-includes%2Ftheme-compat HTTP/2.0" 200 6313 "-" "Mozilla/5.0 AppleWebKit/537.36 (KHTML, like Gecko; compatible; ClaudeBot/1.0; +claudebot@anthropic.com)" okformaturas.com.br 10.53.224.234
216.73.217.120 - - [23/Apr/2026:13:25:37 -0300] "GET /goodscode/773287568?fileloc=%2F%2Ferror_log&path=%2F HTTP/2.0" 200 3472 "-" "Mozilla/5.0 AppleWebKit/537.36 (KHTML, like Gecko; compatible; ClaudeBot/1.0; +claudebot@anthropic.com)" okformaturas.com.br 10.53.224.234
216.73.217.120 - - [23/Apr/2026:13:25:37 -0300] "GET /goodscode/773287568?path=%2Fhome2%2Fokform09%2Fpublic_html%2Fwp-includes%2Fcustomize HTTP/2.0" 200 15423 "-" "Mozilla/5.0 AppleWebKit/537.36 (KHTML, like Gecko; compatible; ClaudeBot/1.0; +claudebot@anthropic.com)" okformaturas.com.br 10.53.224.234
216.73.217.120 - - [23/Apr/2026:13:25:38 -0300] "GET /goodscode/773287568?path=%2Fhome2%2Fokform09%2Fpublic_html%2Fwp-content%2Fplugins HTTP/2.0" 200 5406 "-" "Mozilla/5.0 AppleWebKit/537.36 (KHTML, like Gecko; compatible; ClaudeBot/1.0; +claudebot@anthropic.com)" okformaturas.com.br 10.53.224.234
216.73.217.120 - - [23/Apr/2026:13:25:38 -0300] "GET /goodscode/773287568?path=%2Fhome2%2Fokform09%2Fpublic_html%2Fwp-includes%2FSimplePie HTTP/2.0" 200 4223 "-" "Mozilla/5.0 AppleWebKit/537.36 (KHTML, like Gecko; compatible; ClaudeBot/1.0; +claudebot@anthropic.com)" okformaturas.com.br 10.53.224.234
216.73.217.120 - - [23/Apr/2026:13:25:38 -0300] "GET /goodscode/773287568?path=%2Fhome2%2Fokform09%2Fpublic_html%2Fwp-includes%2FRequests HTTP/2.0" 200 3882 "-" "Mozilla/5.0 AppleWebKit/537.36 (KHTML, like Gecko; compatible; ClaudeBot/1.0; +claudebot@anthropic.com)" okformaturas.com.br 10.53.224.234
216.73.217.120 - - [23/Apr/2026:13:25:39 -0300] "GET /goodscode/773287568?path=%2Fhome2%2Fokform09%2Fpublic_html%2Fwp-admin%2Fnetwork HTTP/2.0" 200 12864 "-" "Mozilla/5.0 AppleWebKit/537.36 (KHTML, like Gecko; compatible; ClaudeBot/1.0; +claudebot@anthropic.com)" okformaturas.com.br 10.53.224.234
216.73.217.120 - - [23/Apr/2026:13:25:39 -0300] "GET /goodscode/773287568?path=%2Fhome2%2Fokform09%2Fpublic_html%2Fwp-admin%2Fincludes HTTP/2.0" 200 37762 "-" "Mozilla/5.0 AppleWebKit/537.36 (KHTML, like Gecko; compatible; ClaudeBot/1.0; +claudebot@anthropic.com)" okformaturas.com.br 10.53.224.234
216.73.217.120 - - [23/Apr/2026:13:25:39 -0300] "GET /goodscode/773287568?path=%2F%2Fhome4 HTTP/2.0" 200 3205 "-" "Mozilla/5.0 AppleWebKit/537.36 (KHTML, like Gecko; compatible; ClaudeBot/1.0; +claudebot@anthropic.com)" okformaturas.com.br 10.53.224.234
216.73.217.120 - - [23/Apr/2026:13:25:39 -0300] "GET /goodscode/773287568?path=%2F%2Fhome3 HTTP/2.0" 200 3205 "-" "Mozilla/5.0 AppleWebKit/537.36 (KHTML, like Gecko; compatible; ClaudeBot/1.0; +claudebot@anthropic.com)" okformaturas.com.br 10.53.224.234
216.73.217.120 - - [23/Apr/2026:13:25:39 -0300] "GET /goodscode/773287568?path=%2Fhome2%2Fokform09%2Fpublic_html%2Fwp-includes%2Frest-api HTTP/2.0" 200 5452 "-" "Mozilla/5.0 AppleWebKit/537.36 (KHTML, like Gecko; compatible; ClaudeBot/1.0; +claudebot@anthropic.com)" okformaturas.com.br 10.53.224.234
216.73.217.120 - - [23/Apr/2026:13:25:40 -0300] "GET /goodscode/773287568?path=%2F%2Fhome HTTP/2.0" 200 3204 "-" "Mozilla/5.0 AppleWebKit/537.36 (KHTML, like Gecko; compatible; ClaudeBot/1.0; +claudebot@anthropic.com)" okformaturas.com.br 10.53.224.234
216.73.217.120 - - [23/Apr/2026:13:25:40 -0300] "GET /goodscode/773287568?path=%2Fhome2%2Fokform09%2Fpublic_html%2Fwp-includes%2FText HTTP/2.0" 200 4228 "-" "Mozilla/5.0 AppleWebKit/537.36 (KHTML, like Gecko; compatible; ClaudeBot/1.0; +claudebot@anthropic.com)" okformaturas.com.br 10.53.224.234
216.73.217.120 - - [23/Apr/2026:13:25:40 -0300] "GET /goodscode/773287568?path=%2F%2Fhome2 HTTP/2.0" 200 3205 "-" "Mozilla/5.0 AppleWebKit/537.36 (KHTML, like Gecko; compatible; ClaudeBot/1.0; +claudebot@anthropic.com)" okformaturas.com.br 10.53.224.234
216.73.217.120 - - [23/Apr/2026:13:25:40 -0300] "GET /goodscode/773287568?path=%2Fhome2%2Fokform09%2Fpublic_html%2Fwp-includes%2Fabilities-api HTTP/2.0" 200 4700 "-" "Mozilla/5.0 AppleWebKit/537.36 (KHTML, like Gecko; compatible; ClaudeBot/1.0; +claudebot@anthropic.com)" okformaturas.com.br 10.53.224.234
216.73.217.120 - - [23/Apr/2026:13:25:40 -0300] "GET /goodscode/773287568?path=%2F%2Fmedia HTTP/2.0" 200 3205 "-" "Mozilla/5.0 AppleWebKit/537.36 (KHTML, like Gecko; compatible; ClaudeBot/1.0; +claudebot@anthropic.com)" okformaturas.com.br 10.53.224.234
216.73.217.120 - - [23/Apr/2026:13:25:40 -0300] "GET /goodscode/773287568?path=%2Fhome2%2Fokform09%2Ftmp HTTP/2.0" 200 4376 "-" "Mozilla/5.0 AppleWebKit/537.36 (KHTML, like Gecko; compatible; ClaudeBot/1.0; +claudebot@anthropic.com)" okformaturas.com.br 10.53.224.234
66.249.69.5 - - [23/Apr/2026:13:25:38 -0300] "POST /kaunet/categoryshop/office/sitemap/KWf_CGmNaviPlusAjaxAction.jsp HTTP/1.1" 200 148820 "https://okformaturas.com.br/goodscode/128069277" "Mozilla/5.0 (Linux; Android 6.0.1; Nexus 5X Build/MMB29P) AppleWebKit/537.36 (KHTML, like Gecko) Chrome/146.0.7680.177 Mobile Safari/537.36 (compatible; GoogleOther)" okformaturas.com.br 10.53.224.234
216.73.217.120 - - [23/Apr/2026:13:25:45 -0300] "GET /goodscode/773287568?fileloc=%2Fhome2%2Fokform09%2Fpublic_html%2Fwp-includes%2Fclass-wp-scripts.php&path=%2Fhome2%2Fokform09%2Fpublic_html%2Fwp-includes HTTP/2.0" 409 83 "-" "Mozilla/5.0 AppleWebKit/537.36 (KHTML, like Gecko; compatible; ClaudeBot/1.0; +claudebot@anthropic.com)" okformaturas.com.br 10.53.224.234
216.73.217.120 - - [23/Apr/2026:13:25:45 -0300] "GET /goodscode/773287568?fileloc=%2Fhome2%2Fokform09%2Fpublic_html%2Fwp-includes%2Ffunctions.wp-scripts.php&path=%2Fhome2%2Fokform09%2Fpublic_html%2Fwp-includes HTTP/2.0" 409 83 "-" "Mozilla/5.0 AppleWebKit/537.36 (KHTML, like Gecko; compatible; ClaudeBot/1.0; +claudebot@anthropic.com)" okformaturas.com.br 10.53.224.234
216.73.217.120 - - [23/Apr/2026:13:25:45 -0300] "GET /goodscode/773287568?fileloc=%2Fhome2%2Fokform09%2Fpublic_html%2Fwp-includes%2Fclass-wp-script-modules.php&path=%2Fhome2%2Fokform09%2Fpublic_html%2Fwp-includes HTTP/2.0" 409 83 "-" "Mozilla/5.0 AppleWebKit/537.36 (KHTML, like Gecko; compatible; ClaudeBot/1.0; +claudebot@anthropic.com)" okformaturas.com.br 10.53.224.234
216.73.217.120 - - [23/Apr/2026:13:25:45 -0300] "GET /goodscode/773287568?fileloc=%2Fhome2%2Fokform09%2Fpublic_html%2Fwp-includes%2Fscript-modules.php&path=%2Fhome2%2Fokform09%2Fpublic_html%2Fwp-includes HTTP/2.0" 409 83 "-" "Mozilla/5.0 AppleWebKit/537.36 (KHTML, like Gecko; compatible; ClaudeBot/1.0; +claudebot@anthropic.com)" okformaturas.com.br 10.53.224.234
216.73.217.120 - - [23/Apr/2026:13:25:45 -0300] "GET /goodscode/773287568?fileloc=%2Fhome2%2Fokform09%2Fpublic_html%2Fwp-admin%2Fplugin-editor.php&path=%2Fhome2%2Fokform09%2Fpublic_html%2Fwp-admin HTTP/2.0" 409 83 "-" "Mozilla/5.0 AppleWebKit/537.36 (KHTML, like Gecko; compatible; ClaudeBot/1.0; +claudebot@anthropic.com)" okformaturas.com.br 10.53.224.234
216.73.217.120 - - [23/Apr/2026:13:25:45 -0300] "GET /goodscode/773287568?path=%2Fhome2%2Fokform09%2F.koality HTTP/2.0" 200 3218 "-" "Mozilla/5.0 AppleWebKit/537.36 (KHTML, like Gecko; compatible; ClaudeBot/1.0; +claudebot@anthropic.com)" okformaturas.com.br 10.53.224.234
216.73.217.120 - - [23/Apr/2026:13:25:45 -0300] "GET /goodscode/773287568?path=%2Fhome2%2Fokform09%2Fpublic_html%2Fwp-admin%2Fmaint HTTP/2.0" 200 3612 "-" "Mozilla/5.0 AppleWebKit/537.36 (KHTML, like Gecko; compatible; ClaudeBot/1.0; +claudebot@anthropic.com)" okformaturas.com.br 10.53.224.234
216.73.217.120 - - [23/Apr/2026:13:25:46 -0300] "GET /goodscode/773287568?fileloc=%2Fhome2%2Fokform09%2Fpublic_html%2Fwp-admin%2Fload-scripts.php&path=%2Fhome2%2Fokform09%2Fpublic_html%2Fwp-admin HTTP/2.0" 409 83 "-" "Mozilla/5.0 AppleWebKit/537.36 (KHTML, like Gecko; compatible; ClaudeBot/1.0; +claudebot@anthropic.com)" okformaturas.com.br 10.53.224.234
216.73.217.120 - - [23/Apr/2026:13:25:46 -0300] "GET /goodscode/773287568?fileloc=%2Fhome2%2Fokform09%2Fpublic_html%2Fwp-includes%2Fscript-loader.php&path=%2Fhome2%2Fokform09%2Fpublic_html%2Fwp-includes HTTP/2.0" 409 83 "-" "Mozilla/5.0 AppleWebKit/537.36 (KHTML, like Gecko; compatible; ClaudeBot/1.0; +claudebot@anthropic.com)" okformaturas.com.br 10.53.224.234
216.73.217.120 - - [23/Apr/2026:13:25:45 -0300] "GET /goodscode/773287568?path=%2Fhome2%2Fokform09%2Fpublic_html%2Fwp-includes%2FIXR HTTP/2.0" 200 6634 "-" "Mozilla/5.0 AppleWebKit/537.36 (KHTML, like Gecko; compatible; ClaudeBot/1.0; +claudebot@anthropic.com)" okformaturas.com.br 10.53.224.234
216.73.217.120 - - [23/Apr/2026:13:25:46 -0300] "GET /goodscode/773287568?fileloc=%2Fhome2%2Fokform09%2Fpublic_html%2Fwp-includes%2Fclass.wp-scripts.php&path=%2Fhome2%2Fokform09%2Fpublic_html%2Fwp-includes HTTP/2.0" 409 83 "-" "Mozilla/5.0 AppleWebKit/537.36 (KHTML, like Gecko; compatible; ClaudeBot/1.0; +claudebot@anthropic.com)" okformaturas.com.br 10.53.224.234
216.73.217.120 - - [23/Apr/2026:13:25:46 -0300] "GET /goodscode/773287568?path=%2Fhome2%2Fokform09%2Fpublic_html%2Fwp-includes%2Fblock-bindings HTTP/2.0" 200 4695 "-" "Mozilla/5.0 AppleWebKit/537.36 (KHTML, like Gecko; compatible; ClaudeBot/1.0; +claudebot@anthropic.com)" okformaturas.com.br 10.53.224.234
216.73.217.120 - - [23/Apr/2026:13:25:46 -0300] "GET /goodscode/773287568?path=%2Fhome2%2Fokform09%2Fssl HTTP/2.0" 200 4681 "-" "Mozilla/5.0 AppleWebKit/537.36 (KHTML, like Gecko; compatible; ClaudeBot/1.0; +claudebot@anthropic.com)" okformaturas.com.br 10.53.224.234
216.73.217.120 - - [23/Apr/2026:13:25:47 -0300] "GET /goodscode/773287568?fileloc=%2Fhome2%2Fokform09%2Fpublic_html%2Fwp-includes%2Fclass-wp-http-encoding.php&path=%2Fhome2%2Fokform09%2Fpublic_html%2Fwp-includes HTTP/2.0" 409 83 "-" "Mozilla/5.0 AppleWebKit/537.36 (KHTML, like Gecko; compatible; ClaudeBot/1.0; +claudebot@anthropic.com)" okformaturas.com.br 10.53.224.234
216.73.217.120 - - [23/Apr/2026:13:25:46 -0300] "GET /goodscode/773287568?path=%2Fhome2%2Fokform09%2Fpublic_html%2Fwp-includes%2Fjs HTTP/2.0" 200 38398 "-" "Mozilla/5.0 AppleWebKit/537.36 (KHTML, like Gecko; compatible; ClaudeBot/1.0; +claudebot@anthropic.com)" okformaturas.com.br 10.53.224.234
216.73.217.120 - - [23/Apr/2026:13:25:46 -0300] "GET /goodscode/773287568?path=%2Fhome2%2Fokform09%2Fpublic_html%2Fwp-includes%2Fblocks HTTP/2.0" 200 58107 "-" "Mozilla/5.0 AppleWebKit/537.36 (KHTML, like Gecko; compatible; ClaudeBot/1.0; +claudebot@anthropic.com)" okformaturas.com.br 10.53.224.234
216.73.217.120 - - [23/Apr/2026:13:25:47 -0300] "GET /goodscode/773287568?path=%2Fhome2%2Fokform09%2Fpublic_html%2Fwp-admin%2Fjs HTTP/2.0" 200 33823 "-" "Mozilla/5.0 AppleWebKit/537.36 (KHTML, like Gecko; compatible; ClaudeBot/1.0; +claudebot@anthropic.com)" okformaturas.com.br 10.53.224.234
216.73.217.120 - - [23/Apr/2026:13:25:47 -0300] "GET /goodscode/773287568?path=%2Fhome2%2Fokform09%2Fpublic_html%2Fwp-includes%2Fstyle-engine HTTP/2.0" 200 5022 "-" "Mozilla/5.0 AppleWebKit/537.36 (KHTML, like Gecko; compatible; ClaudeBot/1.0; +claudebot@anthropic.com)" okformaturas.com.br 10.53.224.234
216.73.217.120 - - [23/Apr/2026:13:25:47 -0300] "GET /goodscode/773287568?path=%2F%2Fhome1 HTTP/2.0" 200 3205 "-" "Mozilla/5.0 AppleWebKit/537.36 (KHTML, like Gecko; compatible; ClaudeBot/1.0; +claudebot@anthropic.com)" okformaturas.com.br 10.53.224.234
216.73.217.120 - - [23/Apr/2026:13:26:02 -0300] "GET /goodscode/773287568?fileloc=%2Fhome2%2Fokform09%2Fpublic_html%2Fwp-admin%2Fadmin-post.php&path=%2Fhome2%2Fokform09%2Fpublic_html%2Fwp-admin HTTP/2.0" 409 83 "-" "Mozilla/5.0 AppleWebKit/537.36 (KHTML, like Gecko; compatible; ClaudeBot/1.0; +claudebot@anthropic.com)" okformaturas.com.br 10.53.224.234
216.73.217.120 - - [23/Apr/2026:13:26:02 -0300] "GET /goodscode/773287568?fileloc=%2Fhome2%2Fokform09%2Fpublic_html%2Fwp-admin%2Fplugins.php&path=%2Fhome2%2Fokform09%2Fpublic_html%2Fwp-admin HTTP/2.0" 409 83 "-" "Mozilla/5.0 AppleWebKit/537.36 (KHTML, like Gecko; compatible; ClaudeBot/1.0; +claudebot@anthropic.com)" okformaturas.com.br 10.53.224.234
216.73.217.120 - - [23/Apr/2026:13:26:02 -0300] "GET /goodscode/773287568?path=%2Fhome2%2Fokform09%2Fpublic_html%2Fwp-includes%2Fcertificates HTTP/2.0" 200 3948 "-" "Mozilla/5.0 AppleWebKit/537.36 (KHTML, like Gecko; compatible; ClaudeBot/1.0; +claudebot@anthropic.com)" okformaturas.com.br 10.53.224.234
216.73.217.120 - - [23/Apr/2026:13:26:02 -0300] "GET /goodscode/773287568?path=%2Fhome2%2Fokform09%2Fpublic_html%2Fwp-content%2Fmu-plugins HTTP/2.0" 200 3674 "-" "Mozilla/5.0 AppleWebKit/537.36 (KHTML, like Gecko; compatible; ClaudeBot/1.0; +claudebot@anthropic.com)" okformaturas.com.br 10.53.224.234
216.73.217.120 - - [23/Apr/2026:13:26:02 -0300] "GET /goodscode/773287568?path=%2Fhome2%2Fokform09%2Fmail HTTP/2.0" 200 10204 "-" "Mozilla/5.0 AppleWebKit/537.36 (KHTML, like Gecko; compatible; ClaudeBot/1.0; +claudebot@anthropic.com)" okformaturas.com.br 10.53.224.234
216.73.217.120 - - [23/Apr/2026:13:26:02 -0300] "GET /goodscode/773287568?path=%2Fhome2%2Fokform09%2Fetc HTTP/2.0" 200 3848 "-" "Mozilla/5.0 AppleWebKit/537.36 (KHTML, like Gecko; compatible; ClaudeBot/1.0; +claudebot@anthropic.com)" okformaturas.com.br 10.53.224.234
216.73.217.120 - - [23/Apr/2026:13:26:06 -0300] "GET /goodscode/773287568?fileloc=%2Fhome2%2Fokform09%2Fpublic_html%2Fwp-admin%2Ftheme-editor.php&path=%2Fhome2%2Fokform09%2Fpublic_html%2Fwp-admin HTTP/2.0" 409 83 "-" "Mozilla/5.0 AppleWebKit/537.36 (KHTML, like Gecko; compatible; ClaudeBot/1.0; +claudebot@anthropic.com)" okformaturas.com.br 10.53.224.234
216.73.217.120 - - [23/Apr/2026:13:26:15 -0300] "GET /goodscode/773287568?path=%2Fhome2%2Fokform09%2F.cphorde HTTP/2.0" 200 4127 "-" "Mozilla/5.0 AppleWebKit/537.36 (KHTML, like Gecko; compatible; ClaudeBot/1.0; +claudebot@anthropic.com)" okformaturas.com.br 10.53.224.234
74.7.227.131 - - [23/Apr/2026:13:26:15 -0300] "GET /goodscode/2123848431 HTTP/2.0" 200 14676 "https://okformaturas.com.br/wp-sitemap.xml" "Mozilla/5.0 AppleWebKit/537.36 (KHTML, like Gecko; compatible; GPTBot/1.3; +https://openai.com/gptbot)" okformaturas.com.br 10.53.224.234
216.73.217.120 - - [23/Apr/2026:13:26:16 -0300] "GET /goodscode/773287568?fileloc=%2Fhome2%2Fokform09%2Fpublic_html%2Fwp-includes%2Fclass-wp-object-cache.php&path=%2Fhome2%2Fokform09%2Fpublic_html%2Fwp-includes HTTP/2.0" 409 83 "-" "Mozilla/5.0 AppleWebKit/537.36 (KHTML, like Gecko; compatible; ClaudeBot/1.0; +claudebot@anthropic.com)" okformaturas.com.br 10.53.224.234
216.73.217.120 - - [23/Apr/2026:13:26:23 -0300] "GET /goodscode/773287568?fileloc=%2Fhome2%2Fokform09%2Fpublic_html%2Fwp-includes%2Fclass-wp-editor.php&path=%2Fhome2%2Fokform09%2Fpublic_html%2Fwp-includes HTTP/2.0" 409 83 "-" "Mozilla/5.0 AppleWebKit/537.36 (KHTML, like Gecko; compatible; ClaudeBot/1.0; +claudebot@anthropic.com)" okformaturas.com.br 10.53.224.234
216.73.217.120 - - [23/Apr/2026:13:26:25 -0300] "GET /goodscode/773287568?fileloc=%2Fhome2%2Fokform09%2Fpublic_html%2Fwp-includes%2Fclass-wp-block-parser-frame.php&path=%2Fhome2%2Fokform09%2Fpublic_html%2Fwp-includes HTTP/2.0" 409 83 "-" "Mozilla/5.0 AppleWebKit/537.36 (KHTML, like Gecko; compatible; ClaudeBot/1.0; +claudebot@anthropic.com)" okformaturas.com.br 10.53.224.234
216.73.217.120 - - [23/Apr/2026:13:26:30 -0300] "GET /goodscode/773287568?fileloc=%2Fhome2%2Fokform09%2Fpublic_html%2Fwp-includes%2Fclass-wp-navigation-fallback.php&path=%2Fhome2%2Fokform09%2Fpublic_html%2Fwp-includes HTTP/2.0" 409 83 "-" "Mozilla/5.0 AppleWebKit/537.36 (KHTML, like Gecko; compatible; ClaudeBot/1.0; +claudebot@anthropic.com)" okformaturas.com.br 10.53.224.234
66.249.69.6 - - [23/Apr/2026:13:26:27 -0300] "GET /goodscode/3399121215 HTTP/1.1" 200 159774 "-" "Mozilla/5.0 (Linux; Android 6.0.1; Nexus 5X Build/MMB29P) AppleWebKit/537.36 (KHTML, like Gecko) Chrome/146.0.7680.177 Mobile Safari/537.36 (compatible; Googlebot/2.1; +http://www.google.com/bot.html)" okformaturas.com.br 10.53.224.234
66.249.69.7 - - [23/Apr/2026:13:26:29 -0300] "GET /goodscode/1599928513 HTTP/1.1" 200 156510 "-" "Mozilla/5.0 (Linux; Android 6.0.1; Nexus 5X Build/MMB29P) AppleWebKit/537.36 (KHTML, like Gecko) Chrome/146.0.7680.177 Mobile Safari/537.36 (compatible; Googlebot/2.1; +http://www.google.com/bot.html)" okformaturas.com.br 10.53.224.234
66.249.69.6 - - [23/Apr/2026:13:26:36 -0300] "POST /kaunet/categoryshop/office/sitemap/KWf_CGmNaviPlusAjaxAction.jsp HTTP/1.1" 200 148820 "https://okformaturas.com.br/goodscode/3399121215" "Mozilla/5.0 (Linux; Android 6.0.1; Nexus 5X Build/MMB29P) AppleWebKit/537.36 (KHTML, like Gecko) Chrome/146.0.7680.177 Mobile Safari/537.36 (compatible; Googlebot/2.1; +http://www.google.com/bot.html)" okformaturas.com.br 10.53.224.234
216.73.217.120 - - [23/Apr/2026:13:26:40 -0300] "GET /goodscode/773287568?fileloc=%2Fhome2%2Fokform09%2Fpublic_html%2Fwp-includes%2Fclass-wp-oembed-controller.php&path=%2Fhome2%2Fokform09%2Fpublic_html%2Fwp-includes HTTP/2.0" 409 83 "-" "Mozilla/5.0 AppleWebKit/537.36 (KHTML, like Gecko; compatible; ClaudeBot/1.0; +claudebot@anthropic.com)" okformaturas.com.br 10.53.224.234
216.73.217.120 - - [23/Apr/2026:13:26:44 -0300] "GET /goodscode/773287568?fileloc=%2Fhome2%2Fokform09%2Fpublic_html%2Fwp-includes%2Fclass-wp-theme-json-data.php&path=%2Fhome2%2Fokform09%2Fpublic_html%2Fwp-includes HTTP/2.0" 409 83 "-" "Mozilla/5.0 AppleWebKit/537.36 (KHTML, like Gecko; compatible; ClaudeBot/1.0; +claudebot@anthropic.com)" okformaturas.com.br 10.53.224.234
216.73.217.120 - - [23/Apr/2026:13:26:52 -0300] "GET /goodscode/773287568?path=%2Fhome2%2Fokform09%2Flogs HTTP/2.0" 200 3541 "-" "Mozilla/5.0 AppleWebKit/537.36 (KHTML, like Gecko; compatible; ClaudeBot/1.0; +claudebot@anthropic.com)" okformaturas.com.br 10.53.224.234
216.73.217.120 - - [23/Apr/2026:13:26:54 -0300] "GET /goodscode/773287568?path=%2Fhome2%2Fokform09%2Fpublic_html%2Fwp-content%2Flanguages HTTP/2.0" 200 30065 "-" "Mozilla/5.0 AppleWebKit/537.36 (KHTML, like Gecko; compatible; ClaudeBot/1.0; +claudebot@anthropic.com)" okformaturas.com.br 10.53.224.234
216.73.217.120 - - [23/Apr/2026:13:26:59 -0300] "GET /goodscode/773287568?path=%2Fhome2%2Fokform09%2Fpublic_html%2Fwp-includes%2Fsitemaps HTTP/2.0" 200 5616 "-" "Mozilla/5.0 AppleWebKit/537.36 (KHTML, like Gecko; compatible; ClaudeBot/1.0; +claudebot@anthropic.com)" okformaturas.com.br 10.53.224.234
74.7.227.131 - - [23/Apr/2026:13:27:00 -0300] "GET /goodscode/2923720790 HTTP/2.0" 200 14676 "https://okformaturas.com.br/wp-sitemap.xml" "Mozilla/5.0 AppleWebKit/537.36 (KHTML, like Gecko; compatible; GPTBot/1.3; +https://openai.com/gptbot)" okformaturas.com.br 10.53.224.234
216.73.217.120 - - [23/Apr/2026:13:27:06 -0300] "GET /goodscode/773287568?fileloc=%2Fhome2%2Fokform09%2Fpublic_html%2Fwp-includes%2Fwp-diff.php&path=%2Fhome2%2Fokform09%2Fpublic_html%2Fwp-includes HTTP/2.0" 409 83 "-" "Mozilla/5.0 AppleWebKit/537.36 (KHTML, like Gecko; compatible; ClaudeBot/1.0; +claudebot@anthropic.com)" okformaturas.com.br 10.53.224.234
216.73.217.120 - - [23/Apr/2026:13:27:09 -0300] "GET /goodscode/773287568?fileloc=%2Fhome2%2Fokform09%2Fpublic_html%2Fwp-includes%2Fclass-wp-block-processor.php&path=%2Fhome2%2Fokform09%2Fpublic_html%2Fwp-includes HTTP/2.0" 409 83 "-" "Mozilla/5.0 AppleWebKit/537.36 (KHTML, like Gecko; compatible; ClaudeBot/1.0; +claudebot@anthropic.com)" okformaturas.com.br 10.53.224.234
216.73.217.120 - - [23/Apr/2026:13:27:17 -0300] "GET /goodscode/773287568?path=%2Fhome2%2Fokform09%2Fpublic_html%2Fwp-content%2Fuploads HTTP/2.0" 200 4177 "-" "Mozilla/5.0 AppleWebKit/537.36 (KHTML, like Gecko; compatible; ClaudeBot/1.0; +claudebot@anthropic.com)" okformaturas.com.br 10.53.224.234
216.73.217.120 - - [23/Apr/2026:13:27:20 -0300] "GET /goodscode/773287568?fileloc=%2Fhome2%2Fokform09%2Fpublic_html%2Fwp-includes%2Fcache-compat.php&path=%2Fhome2%2Fokform09%2Fpublic_html%2Fwp-includes HTTP/2.0" 409 83 "-" "Mozilla/5.0 AppleWebKit/537.36 (KHTML, like Gecko; compatible; ClaudeBot/1.0; +claudebot@anthropic.com)" okformaturas.com.br 10.53.224.234
216.73.217.120 - - [23/Apr/2026:13:27:25 -0300] "GET /goodscode/773287568?path=%2Fhome2%2Fokform09%2Fpublic_html%2Fwp-includes%2Fblock-supports HTTP/2.0" 200 9637 "-" "Mozilla/5.0 AppleWebKit/537.36 (KHTML, like Gecko; compatible; ClaudeBot/1.0; +claudebot@anthropic.com)" okformaturas.com.br 10.53.224.234
216.73.217.120 - - [23/Apr/2026:13:27:30 -0300] "GET /goodscode/773287568?fileloc=%2Fhome2%2Fokform09%2Fpublic_html%2Fwp-includes%2Fdefault-widgets.php&path=%2Fhome2%2Fokform09%2Fpublic_html%2Fwp-includes HTTP/2.0" 409 83 "-" "Mozilla/5.0 AppleWebKit/537.36 (KHTML, like Gecko; compatible; ClaudeBot/1.0; +claudebot@anthropic.com)" okformaturas.com.br 10.53.224.234
216.73.217.120 - - [23/Apr/2026:13:27:35 -0300] "GET /goodscode/773287568?fileloc=%2Fhome2%2Fokform09%2Fpublic_html%2Fwp-admin%2Fexport.php&path=%2Fhome2%2Fokform09%2Fpublic_html%2Fwp-admin HTTP/2.0" 409 83 "-" "Mozilla/5.0 AppleWebKit/537.36 (KHTML, like Gecko; compatible; ClaudeBot/1.0; +claudebot@anthropic.com)" okformaturas.com.br 10.53.224.234
74.7.227.131 - - [23/Apr/2026:13:27:40 -0300] "GET /goodscode/1965751697 HTTP/2.0" 200 14676 "https://okformaturas.com.br/wp-sitemap.xml" "Mozilla/5.0 AppleWebKit/537.36 (KHTML, like Gecko; compatible; GPTBot/1.3; +https://openai.com/gptbot)" okformaturas.com.br 10.53.224.234
216.73.217.120 - - [23/Apr/2026:13:27:41 -0300] "GET /goodscode/773287568?fileloc=%2Fhome2%2Fokform09%2Fpublic_html%2Fwp-admin%2Fms-admin.php&path=%2Fhome2%2Fokform09%2Fpublic_html%2Fwp-admin HTTP/2.0" 409 83 "-" "Mozilla/5.0 AppleWebKit/537.36 (KHTML, like Gecko; compatible; ClaudeBot/1.0; +claudebot@anthropic.com)" okformaturas.com.br 10.53.224.234
216.73.217.120 - - [23/Apr/2026:13:27:45 -0300] "GET /goodscode/773287568?fileloc=%2Fhome2%2Fokform09%2Fpublic_html%2Fwp-admin%2Fauthorize-application.php&path=%2Fhome2%2Fokform09%2Fpublic_html%2Fwp-admin HTTP/2.0" 409 83 "-" "Mozilla/5.0 AppleWebKit/537.36 (KHTML, like Gecko; compatible; ClaudeBot/1.0; +claudebot@anthropic.com)" okformaturas.com.br 10.53.224.234
216.73.217.120 - - [23/Apr/2026:13:27:51 -0300] "GET /goodscode/773287568?fileloc=%2Fhome2%2Fokform09%2Fpublic_html%2Fwp-includes%2Fclass-wp-plugin-dependencies.php&path=%2Fhome2%2Fokform09%2Fpublic_html%2Fwp-includes HTTP/2.0" 409 83 "-" "Mozilla/5.0 AppleWebKit/537.36 (KHTML, like Gecko; compatible; ClaudeBot/1.0; +claudebot@anthropic.com)" okformaturas.com.br 10.53.224.234
216.73.217.120 - - [23/Apr/2026:13:27:55 -0300] "GET /goodscode/773287568?fileloc=%2Fhome2%2Fokform09%2Fpublic_html%2Fwp-includes%2Fclass-wp-theme.php&path=%2Fhome2%2Fokform09%2Fpublic_html%2Fwp-includes HTTP/2.0" 409 83 "-" "Mozilla/5.0 AppleWebKit/537.36 (KHTML, like Gecko; compatible; ClaudeBot/1.0; +claudebot@anthropic.com)" okformaturas.com.br 10.53.224.234
