74.7.243.224 - - [23/Apr/2026:14:36:15 -0300] "GET /?fileloc=//sys/class/net/lo/statistics/rx_over_errors&path=//sys/class/net/lo/statistics HTTP/2.0" 200 3210 "https://mail.okformaturas.com.br/?path=//sys/class/net/lo/statistics" "Mozilla/5.0 AppleWebKit/537.36 (KHTML, like Gecko; compatible; GPTBot/1.3; +https://openai.com/gptbot)" mail.okformaturas.com.br 10.53.224.234
74.7.243.224 - - [23/Apr/2026:14:36:16 -0300] "GET /?fileloc=//sys/class/net/lo/statistics/rx_packets&path=//sys/class/net/lo/statistics HTTP/2.0" 200 3212 "https://mail.okformaturas.com.br/?path=//sys/class/net/lo/statistics" "Mozilla/5.0 AppleWebKit/537.36 (KHTML, like Gecko; compatible; GPTBot/1.3; +https://openai.com/gptbot)" mail.okformaturas.com.br 10.53.224.234
74.7.243.224 - - [23/Apr/2026:14:36:16 -0300] "GET /?fileloc=//sys/class/net/lo/statistics/tx_heartbeat_errors&path=//sys/class/net/lo/statistics HTTP/2.0" 200 3213 "https://mail.okformaturas.com.br/?path=//sys/class/net/lo/statistics" "Mozilla/5.0 AppleWebKit/537.36 (KHTML, like Gecko; compatible; GPTBot/1.3; +https://openai.com/gptbot)" mail.okformaturas.com.br 10.53.224.234
74.7.243.224 - - [23/Apr/2026:14:36:17 -0300] "GET /?fileloc=//sys/class/net/lo/statistics/rx_nohandler&path=//sys/class/net/lo/statistics HTTP/2.0" 200 3206 "https://mail.okformaturas.com.br/?path=//sys/class/net/lo/statistics" "Mozilla/5.0 AppleWebKit/537.36 (KHTML, like Gecko; compatible; GPTBot/1.3; +https://openai.com/gptbot)" mail.okformaturas.com.br 10.53.224.234
74.7.242.19 - - [23/Apr/2026:14:36:17 -0300] "GET /goodscode/784228155 HTTP/2.0" 200 14676 "https://okformaturas.com.br/?sitemap687.xml" "Mozilla/5.0 AppleWebKit/537.36 (KHTML, like Gecko; compatible; GPTBot/1.3; +https://openai.com/gptbot)" okformaturas.com.br 10.53.224.234
66.249.69.6 - - [23/Apr/2026:14:36:14 -0300] "POST /kaunet/categoryshop/office/sitemap/KWf_CGmNaviPlusAjaxAction.jsp HTTP/1.1" 200 148820 "https://okformaturas.com.br/?f5644911432501.html" "Mozilla/5.0 (Linux; Android 6.0.1; Nexus 5X Build/MMB29P) AppleWebKit/537.36 (KHTML, like Gecko) Chrome/146.0.7680.177 Mobile Safari/537.36 (compatible; Googlebot/2.1; +http://www.google.com/bot.html)" okformaturas.com.br 10.53.224.234
74.7.243.224 - - [23/Apr/2026:14:36:17 -0300] "GET /?fileloc=//sys/class/net/lo/statistics/multicast&path=//sys/class/net/lo/statistics HTTP/2.0" 200 3203 "https://mail.okformaturas.com.br/?path=//sys/class/net/lo/statistics" "Mozilla/5.0 AppleWebKit/537.36 (KHTML, like Gecko; compatible; GPTBot/1.3; +https://openai.com/gptbot)" mail.okformaturas.com.br 10.53.224.234
74.7.243.224 - - [23/Apr/2026:14:36:18 -0300] "GET /?fileloc=//sys/class/net/lo/statistics/rx_bytes&path=//sys/class/net/lo/statistics HTTP/2.0" 200 3214 "https://mail.okformaturas.com.br/?path=//sys/class/net/lo/statistics" "Mozilla/5.0 AppleWebKit/537.36 (KHTML, like Gecko; compatible; GPTBot/1.3; +https://openai.com/gptbot)" mail.okformaturas.com.br 10.53.224.234
74.7.243.224 - - [23/Apr/2026:14:36:18 -0300] "GET /?fileloc=//sys/class/net/lo/statistics/rx_compressed&path=//sys/class/net/lo/statistics HTTP/2.0" 200 3207 "https://mail.okformaturas.com.br/?path=//sys/class/net/lo/statistics" "Mozilla/5.0 AppleWebKit/537.36 (KHTML, like Gecko; compatible; GPTBot/1.3; +https://openai.com/gptbot)" mail.okformaturas.com.br 10.53.224.234
74.7.243.224 - - [23/Apr/2026:14:36:19 -0300] "GET /?fileloc=//sys/class/net/lo/statistics/collisions&path=//sys/class/net/lo/statistics HTTP/2.0" 200 3204 "https://mail.okformaturas.com.br/?path=//sys/class/net/lo/statistics" "Mozilla/5.0 AppleWebKit/537.36 (KHTML, like Gecko; compatible; GPTBot/1.3; +https://openai.com/gptbot)" mail.okformaturas.com.br 10.53.224.234
74.7.243.224 - - [23/Apr/2026:14:36:19 -0300] "GET /?fileloc=//sys/class/net/lo/statistics/tx_aborted_errors&path=//sys/class/net/lo/statistics HTTP/2.0" 200 3211 "https://mail.okformaturas.com.br/?path=//sys/class/net/lo/statistics" "Mozilla/5.0 AppleWebKit/537.36 (KHTML, like Gecko; compatible; GPTBot/1.3; +https://openai.com/gptbot)" mail.okformaturas.com.br 10.53.224.234
74.7.243.224 - - [23/Apr/2026:14:36:20 -0300] "GET /?fileloc=//sys/class/net/lo/statistics/rx_frame_errors&path=//sys/class/net/lo/statistics HTTP/2.0" 200 3210 "https://mail.okformaturas.com.br/?path=//sys/class/net/lo/statistics" "Mozilla/5.0 AppleWebKit/537.36 (KHTML, like Gecko; compatible; GPTBot/1.3; +https://openai.com/gptbot)" mail.okformaturas.com.br 10.53.224.234
66.249.69.5 - - [23/Apr/2026:14:36:17 -0300] "GET /goodscode/2211478893 HTTP/1.1" 200 152700 "-" "Mozilla/5.0 (Linux; Android 6.0.1; Nexus 5X Build/MMB29P) AppleWebKit/537.36 (KHTML, like Gecko) Chrome/146.0.7680.177 Mobile Safari/537.36 (compatible; GoogleOther)" okformaturas.com.br 10.53.224.234
74.7.243.224 - - [23/Apr/2026:14:36:20 -0300] "GET /?fileloc=//sys/class/net/lo/statistics/tx_window_errors&path=//sys/class/net/lo/statistics HTTP/2.0" 200 3211 "https://mail.okformaturas.com.br/?path=//sys/class/net/lo/statistics" "Mozilla/5.0 AppleWebKit/537.36 (KHTML, like Gecko; compatible; GPTBot/1.3; +https://openai.com/gptbot)" mail.okformaturas.com.br 10.53.224.234
74.7.243.224 - - [23/Apr/2026:14:36:21 -0300] "GET /?fileloc=//sys/class/net/lo/statistics/rx_missed_errors&path=//sys/class/net/lo/statistics HTTP/2.0" 200 3211 "https://mail.okformaturas.com.br/?path=//sys/class/net/lo/statistics" "Mozilla/5.0 AppleWebKit/537.36 (KHTML, like Gecko; compatible; GPTBot/1.3; +https://openai.com/gptbot)" mail.okformaturas.com.br 10.53.224.234
74.7.243.224 - - [23/Apr/2026:14:36:22 -0300] "GET /?fileloc=//sys/class/net/lo/statistics/rx_dropped&path=//sys/class/net/lo/statistics HTTP/2.0" 200 3205 "https://mail.okformaturas.com.br/?path=//sys/class/net/lo/statistics" "Mozilla/5.0 AppleWebKit/537.36 (KHTML, like Gecko; compatible; GPTBot/1.3; +https://openai.com/gptbot)" mail.okformaturas.com.br 10.53.224.234
74.7.243.224 - - [23/Apr/2026:14:36:22 -0300] "GET /?fileloc=//sys/class/net/lo/statistics/rx_length_errors&path=//sys/class/net/lo/statistics HTTP/2.0" 200 3211 "https://mail.okformaturas.com.br/?path=//sys/class/net/lo/statistics" "Mozilla/5.0 AppleWebKit/537.36 (KHTML, like Gecko; compatible; GPTBot/1.3; +https://openai.com/gptbot)" mail.okformaturas.com.br 10.53.224.234
74.7.243.224 - - [23/Apr/2026:14:36:23 -0300] "GET /?fileloc=//sys/class/net/lo/subsystem/eth0/dev_id&path=//sys/class/net/lo/subsystem/eth0 HTTP/2.0" 200 3218 "https://mail.okformaturas.com.br/?path=//sys/class/net/lo/subsystem/eth0" "Mozilla/5.0 AppleWebKit/537.36 (KHTML, like Gecko; compatible; GPTBot/1.3; +https://openai.com/gptbot)" mail.okformaturas.com.br 10.53.224.234
74.7.243.224 - - [23/Apr/2026:14:36:23 -0300] "GET /?fileloc=//sys/class/net/lo/subsystem/eth0/power/runtime_status&path=//sys/class/net/lo/subsystem/eth0/power HTTP/2.0" 200 3241 "https://mail.okformaturas.com.br/?path=//sys/class/net/lo/subsystem/eth0/power" "Mozilla/5.0 AppleWebKit/537.36 (KHTML, like Gecko; compatible; GPTBot/1.3; +https://openai.com/gptbot)" mail.okformaturas.com.br 10.53.224.234
74.7.243.224 - - [23/Apr/2026:14:36:24 -0300] "GET /?fileloc=//sys/class/net/lo/subsystem/eth0/power/control&path=//sys/class/net/lo/subsystem/eth0/power HTTP/2.0" 200 3231 "https://mail.okformaturas.com.br/?path=//sys/class/net/lo/subsystem/eth0/power" "Mozilla/5.0 AppleWebKit/537.36 (KHTML, like Gecko; compatible; GPTBot/1.3; +https://openai.com/gptbot)" mail.okformaturas.com.br 10.53.224.234
74.7.243.224 - - [23/Apr/2026:14:36:24 -0300] "GET /?fileloc=//sys/class/net/lo/subsystem/eth0/power/runtime_suspended_time&path=//sys/class/net/lo/subsystem/eth0/power HTTP/2.0" 200 3239 "https://mail.okformaturas.com.br/?path=//sys/class/net/lo/subsystem/eth0/power" "Mozilla/5.0 AppleWebKit/537.36 (KHTML, like Gecko; compatible; GPTBot/1.3; +https://openai.com/gptbot)" mail.okformaturas.com.br 10.53.224.234
74.7.243.224 - - [23/Apr/2026:14:36:25 -0300] "GET /?fileloc=//sys/class/net/lo/subsystem/eth0/power/runtime_active_time&path=//sys/class/net/lo/subsystem/eth0/power HTTP/2.0" 200 3237 "https://mail.okformaturas.com.br/?path=//sys/class/net/lo/subsystem/eth0/power" "Mozilla/5.0 AppleWebKit/537.36 (KHTML, like Gecko; compatible; GPTBot/1.3; +https://openai.com/gptbot)" mail.okformaturas.com.br 10.53.224.234
74.7.243.224 - - [23/Apr/2026:14:36:25 -0300] "GET /?fileloc=//sys/class/net/lo/subsystem/eth0/power/autosuspend_delay_ms&path=//sys/class/net/lo/subsystem/eth0/power HTTP/2.0" 200 3237 "https://mail.okformaturas.com.br/?path=//sys/class/net/lo/subsystem/eth0/power" "Mozilla/5.0 AppleWebKit/537.36 (KHTML, like Gecko; compatible; GPTBot/1.3; +https://openai.com/gptbot)" mail.okformaturas.com.br 10.53.224.234
74.7.243.224 - - [23/Apr/2026:14:36:26 -0300] "GET /?fileloc=//sys/class/net/lo/subsystem/eth0/tx_queue_len&path=//sys/class/net/lo/subsystem/eth0 HTTP/2.0" 200 3222 "https://mail.okformaturas.com.br/?path=//sys/class/net/lo/subsystem/eth0" "Mozilla/5.0 AppleWebKit/537.36 (KHTML, like Gecko; compatible; GPTBot/1.3; +https://openai.com/gptbot)" mail.okformaturas.com.br 10.53.224.234
74.7.243.224 - - [23/Apr/2026:14:36:26 -0300] "GET /?fileloc=//sys/class/net/lo/subsystem/eth0/phys_port_id&path=//sys/class/net/lo/subsystem/eth0 HTTP/2.0" 200 3219 "https://mail.okformaturas.com.br/?path=//sys/class/net/lo/subsystem/eth0" "Mozilla/5.0 AppleWebKit/537.36 (KHTML, like Gecko; compatible; GPTBot/1.3; +https://openai.com/gptbot)" mail.okformaturas.com.br 10.53.224.234
74.7.243.224 - - [23/Apr/2026:14:36:27 -0300] "GET /?fileloc=//sys/class/net/lo/subsystem/eth0/addr_len&path=//sys/class/net/lo/subsystem/eth0 HTTP/2.0" 200 3217 "https://mail.okformaturas.com.br/?path=//sys/class/net/lo/subsystem/eth0" "Mozilla/5.0 AppleWebKit/537.36 (KHTML, like Gecko; compatible; GPTBot/1.3; +https://openai.com/gptbot)" mail.okformaturas.com.br 10.53.224.234
74.7.243.224 - - [23/Apr/2026:14:36:28 -0300] "GET /?fileloc=//sys/class/net/lo/subsystem/eth0/link_mode&path=//sys/class/net/lo/subsystem/eth0 HTTP/2.0" 200 3217 "https://mail.okformaturas.com.br/?path=//sys/class/net/lo/subsystem/eth0" "Mozilla/5.0 AppleWebKit/537.36 (KHTML, like Gecko; compatible; GPTBot/1.3; +https://openai.com/gptbot)" mail.okformaturas.com.br 10.53.224.234
74.7.243.224 - - [23/Apr/2026:14:36:28 -0300] "GET /?fileloc=//sys/class/net/lo/subsystem/eth0/speed&path=//sys/class/net/lo/subsystem/eth0 HTTP/2.0" 200 3215 "https://mail.okformaturas.com.br/?path=//sys/class/net/lo/subsystem/eth0" "Mozilla/5.0 AppleWebKit/537.36 (KHTML, like Gecko; compatible; GPTBot/1.3; +https://openai.com/gptbot)" mail.okformaturas.com.br 10.53.224.234
74.7.243.224 - - [23/Apr/2026:14:36:29 -0300] "GET /?fileloc=//sys/class/net/lo/subsystem/eth0/mtu&path=//sys/class/net/lo/subsystem/eth0 HTTP/2.0" 200 3216 "https://mail.okformaturas.com.br/?path=//sys/class/net/lo/subsystem/eth0" "Mozilla/5.0 AppleWebKit/537.36 (KHTML, like Gecko; compatible; GPTBot/1.3; +https://openai.com/gptbot)" mail.okformaturas.com.br 10.53.224.234
74.7.243.224 - - [23/Apr/2026:14:36:29 -0300] "GET /?fileloc=//sys/class/net/lo/subsystem/eth0/flags&path=//sys/class/net/lo/subsystem/eth0 HTTP/2.0" 200 3219 "https://mail.okformaturas.com.br/?path=//sys/class/net/lo/subsystem/eth0" "Mozilla/5.0 AppleWebKit/537.36 (KHTML, like Gecko; compatible; GPTBot/1.3; +https://openai.com/gptbot)" mail.okformaturas.com.br 10.53.224.234
74.7.243.224 - - [23/Apr/2026:14:36:30 -0300] "GET /?fileloc=//sys/class/net/lo/subsystem/eth0/dev_port&path=//sys/class/net/lo/subsystem/eth0 HTTP/2.0" 200 3218 "https://mail.okformaturas.com.br/?path=//sys/class/net/lo/subsystem/eth0" "Mozilla/5.0 AppleWebKit/537.36 (KHTML, like Gecko; compatible; GPTBot/1.3; +https://openai.com/gptbot)" mail.okformaturas.com.br 10.53.224.234
74.7.243.224 - - [23/Apr/2026:14:36:30 -0300] "GET /?fileloc=//sys/class/net/lo/subsystem/eth0/proto_down&path=//sys/class/net/lo/subsystem/eth0 HTTP/2.0" 200 3219 "https://mail.okformaturas.com.br/?path=//sys/class/net/lo/subsystem/eth0" "Mozilla/5.0 AppleWebKit/537.36 (KHTML, like Gecko; compatible; GPTBot/1.3; +https://openai.com/gptbot)" mail.okformaturas.com.br 10.53.224.234
66.249.69.6 - - [23/Apr/2026:14:36:28 -0300] "POST /kaunet/categoryshop/office/sitemap/KWf_CGmNaviPlusAjaxAction.jsp HTTP/1.1" 200 148820 "https://okformaturas.com.br/goodscode/2211478893" "Mozilla/5.0 (Linux; Android 6.0.1; Nexus 5X Build/MMB29P) AppleWebKit/537.36 (KHTML, like Gecko) Chrome/146.0.7680.177 Mobile Safari/537.36 (compatible; GoogleOther)" okformaturas.com.br 10.53.224.234
66.249.69.5 - - [23/Apr/2026:14:36:28 -0300] "GET /?23407404871101.html HTTP/1.1" 200 151192 "-" "Mozilla/5.0 (Linux; Android 6.0.1; Nexus 5X Build/MMB29P) AppleWebKit/537.36 (KHTML, like Gecko) Chrome/146.0.7680.177 Mobile Safari/537.36 (compatible; Googlebot/2.1; +http://www.google.com/bot.html)" okformaturas.com.br 10.53.224.234
74.7.243.224 - - [23/Apr/2026:14:36:31 -0300] "GET /?fileloc=//sys/class/net/lo/subsystem/eth0/phys_port_name&path=//sys/class/net/lo/subsystem/eth0 HTTP/2.0" 200 3220 "https://mail.okformaturas.com.br/?path=//sys/class/net/lo/subsystem/eth0" "Mozilla/5.0 AppleWebKit/537.36 (KHTML, like Gecko; compatible; GPTBot/1.3; +https://openai.com/gptbot)" mail.okformaturas.com.br 10.53.224.234
74.7.243.224 - - [23/Apr/2026:14:36:32 -0300] "GET /?fileloc=//sys/class/net/lo/subsystem/eth0/phys_switch_id&path=//sys/class/net/lo/subsystem/eth0 HTTP/2.0" 200 3220 "https://mail.okformaturas.com.br/?path=//sys/class/net/lo/subsystem/eth0" "Mozilla/5.0 AppleWebKit/537.36 (KHTML, like Gecko; compatible; GPTBot/1.3; +https://openai.com/gptbot)" mail.okformaturas.com.br 10.53.224.234
74.7.243.224 - - [23/Apr/2026:14:36:32 -0300] "GET /?fileloc=//sys/class/net/lo/subsystem/eth0/netdev_group&path=//sys/class/net/lo/subsystem/eth0 HTTP/2.0" 200 3219 "https://mail.okformaturas.com.br/?path=//sys/class/net/lo/subsystem/eth0" "Mozilla/5.0 AppleWebKit/537.36 (KHTML, like Gecko; compatible; GPTBot/1.3; +https://openai.com/gptbot)" mail.okformaturas.com.br 10.53.224.234
74.7.243.224 - - [23/Apr/2026:14:36:33 -0300] "GET /?fileloc=//sys/class/net/lo/subsystem/eth0/iflink&path=//sys/class/net/lo/subsystem/eth0 HTTP/2.0" 200 3215 "https://mail.okformaturas.com.br/?path=//sys/class/net/lo/subsystem/eth0" "Mozilla/5.0 AppleWebKit/537.36 (KHTML, like Gecko; compatible; GPTBot/1.3; +https://openai.com/gptbot)" mail.okformaturas.com.br 10.53.224.234
66.249.69.6 - - [23/Apr/2026:14:36:30 -0300] "POST /kaunet/categoryshop/office/sitemap/KWf_CGmNaviPlusAjaxAction.jsp HTTP/1.1" 200 148820 "https://okformaturas.com.br/?66df6413296901.html" "Mozilla/5.0 (Linux; Android 6.0.1; Nexus 5X Build/MMB29P) AppleWebKit/537.36 (KHTML, like Gecko) Chrome/146.0.7680.177 Mobile Safari/537.36 (compatible; Googlebot/2.1; +http://www.google.com/bot.html)" okformaturas.com.br 10.53.224.234
74.7.243.224 - - [23/Apr/2026:14:36:33 -0300] "GET /?fileloc=//sys/class/net/lo/subsystem/eth0/duplex&path=//sys/class/net/lo/subsystem/eth0 HTTP/2.0" 200 3220 "https://mail.okformaturas.com.br/?path=//sys/class/net/lo/subsystem/eth0" "Mozilla/5.0 AppleWebKit/537.36 (KHTML, like Gecko; compatible; GPTBot/1.3; +https://openai.com/gptbot)" mail.okformaturas.com.br 10.53.224.234
74.7.243.224 - - [23/Apr/2026:14:36:34 -0300] "GET /?fileloc=//sys/class/net/lo/subsystem/eth0/broadcast&path=//sys/class/net/lo/subsystem/eth0 HTTP/2.0" 200 3222 "https://mail.okformaturas.com.br/?path=//sys/class/net/lo/subsystem/eth0" "Mozilla/5.0 AppleWebKit/537.36 (KHTML, like Gecko; compatible; GPTBot/1.3; +https://openai.com/gptbot)" mail.okformaturas.com.br 10.53.224.234
74.7.243.224 - - [23/Apr/2026:14:36:34 -0300] "GET /?fileloc=//sys/class/net/lo/subsystem/eth0/threaded&path=//sys/class/net/lo/subsystem/eth0 HTTP/2.0" 200 3216 "https://mail.okformaturas.com.br/?path=//sys/class/net/lo/subsystem/eth0" "Mozilla/5.0 AppleWebKit/537.36 (KHTML, like Gecko; compatible; GPTBot/1.3; +https://openai.com/gptbot)" mail.okformaturas.com.br 10.53.224.234
74.7.243.224 - - [23/Apr/2026:14:36:35 -0300] "GET /?fileloc=//sys/class/net/lo/subsystem/eth0/ifindex&path=//sys/class/net/lo/subsystem/eth0 HTTP/2.0" 200 3216 "https://mail.okformaturas.com.br/?path=//sys/class/net/lo/subsystem/eth0" "Mozilla/5.0 AppleWebKit/537.36 (KHTML, like Gecko; compatible; GPTBot/1.3; +https://openai.com/gptbot)" mail.okformaturas.com.br 10.53.224.234
74.7.243.224 - - [23/Apr/2026:14:36:36 -0300] "GET /?fileloc=//sys/class/net/lo/subsystem/eth0/dormant&path=//sys/class/net/lo/subsystem/eth0 HTTP/2.0" 200 3216 "https://mail.okformaturas.com.br/?path=//sys/class/net/lo/subsystem/eth0" "Mozilla/5.0 AppleWebKit/537.36 (KHTML, like Gecko; compatible; GPTBot/1.3; +https://openai.com/gptbot)" mail.okformaturas.com.br 10.53.224.234
74.7.243.224 - - [23/Apr/2026:14:36:36 -0300] "GET /?fileloc=//sys/class/net/lo/subsystem/eth0/carrier&path=//sys/class/net/lo/subsystem/eth0 HTTP/2.0" 200 3216 "https://mail.okformaturas.com.br/?path=//sys/class/net/lo/subsystem/eth0" "Mozilla/5.0 AppleWebKit/537.36 (KHTML, like Gecko; compatible; GPTBot/1.3; +https://openai.com/gptbot)" mail.okformaturas.com.br 10.53.224.234
74.7.243.224 - - [23/Apr/2026:14:36:37 -0300] "GET /?fileloc=//sys/class/net/lo/subsystem/eth0/address&path=//sys/class/net/lo/subsystem/eth0 HTTP/2.0" 200 3228 "https://mail.okformaturas.com.br/?path=//sys/class/net/lo/subsystem/eth0" "Mozilla/5.0 AppleWebKit/537.36 (KHTML, like Gecko; compatible; GPTBot/1.3; +https://openai.com/gptbot)" mail.okformaturas.com.br 10.53.224.234
74.7.243.224 - - [23/Apr/2026:14:36:37 -0300] "GET /?fileloc=//sys/class/net/lo/subsystem/eth0/ifalias&path=//sys/class/net/lo/subsystem/eth0 HTTP/2.0" 200 3214 "https://mail.okformaturas.com.br/?path=//sys/class/net/lo/subsystem/eth0" "Mozilla/5.0 AppleWebKit/537.36 (KHTML, like Gecko; compatible; GPTBot/1.3; +https://openai.com/gptbot)" mail.okformaturas.com.br 10.53.224.234
74.7.243.224 - - [23/Apr/2026:14:36:38 -0300] "GET /?fileloc=//sys/class/net/lo/subsystem/eth0/uevent&path=//sys/class/net/lo/subsystem/eth0 HTTP/2.0" 200 3239 "https://mail.okformaturas.com.br/?path=//sys/class/net/lo/subsystem/eth0" "Mozilla/5.0 AppleWebKit/537.36 (KHTML, like Gecko; compatible; GPTBot/1.3; +https://openai.com/gptbot)" mail.okformaturas.com.br 10.53.224.234
74.7.243.224 - - [23/Apr/2026:14:36:38 -0300] "GET /?fileloc=//sys/class/net/lo/subsystem/eth0/testing&path=//sys/class/net/lo/subsystem/eth0 HTTP/2.0" 200 3216 "https://mail.okformaturas.com.br/?path=//sys/class/net/lo/subsystem/eth0" "Mozilla/5.0 AppleWebKit/537.36 (KHTML, like Gecko; compatible; GPTBot/1.3; +https://openai.com/gptbot)" mail.okformaturas.com.br 10.53.224.234
74.7.243.224 - - [23/Apr/2026:14:36:39 -0300] "GET /?fileloc=//sys/class/net/lo/subsystem/eth0/operstate&path=//sys/class/net/lo/subsystem/eth0 HTTP/2.0" 200 3218 "https://mail.okformaturas.com.br/?path=//sys/class/net/lo/subsystem/eth0" "Mozilla/5.0 AppleWebKit/537.36 (KHTML, like Gecko; compatible; GPTBot/1.3; +https://openai.com/gptbot)" mail.okformaturas.com.br 10.53.224.234
74.7.243.224 - - [23/Apr/2026:14:36:39 -0300] "GET /?fileloc=//sys/class/net/lo/subsystem/eth0/name_assign_type&path=//sys/class/net/lo/subsystem/eth0 HTTP/2.0" 200 3219 "https://mail.okformaturas.com.br/?path=//sys/class/net/lo/subsystem/eth0" "Mozilla/5.0 AppleWebKit/537.36 (KHTML, like Gecko; compatible; GPTBot/1.3; +https://openai.com/gptbot)" mail.okformaturas.com.br 10.53.224.234
74.7.243.224 - - [23/Apr/2026:14:36:40 -0300] "GET /?fileloc=//sys/class/net/lo/subsystem/eth0/carrier_changes&path=//sys/class/net/lo/subsystem/eth0 HTTP/2.0" 200 3222 "https://mail.okformaturas.com.br/?path=//sys/class/net/lo/subsystem/eth0" "Mozilla/5.0 AppleWebKit/537.36 (KHTML, like Gecko; compatible; GPTBot/1.3; +https://openai.com/gptbot)" mail.okformaturas.com.br 10.53.224.234
74.7.243.224 - - [23/Apr/2026:14:36:41 -0300] "GET /?fileloc=//sys/class/net/lo/subsystem/eth0/addr_assign_type&path=//sys/class/net/lo/subsystem/eth0 HTTP/2.0" 200 3222 "https://mail.okformaturas.com.br/?path=//sys/class/net/lo/subsystem/eth0" "Mozilla/5.0 AppleWebKit/537.36 (KHTML, like Gecko; compatible; GPTBot/1.3; +https://openai.com/gptbot)" mail.okformaturas.com.br 10.53.224.234
74.7.243.224 - - [23/Apr/2026:14:36:41 -0300] "GET /?fileloc=//sys/class/net/lo/subsystem/eth0/carrier_down_count&path=//sys/class/net/lo/subsystem/eth0 HTTP/2.0" 200 3224 "https://mail.okformaturas.com.br/?path=//sys/class/net/lo/subsystem/eth0" "Mozilla/5.0 AppleWebKit/537.36 (KHTML, like Gecko; compatible; GPTBot/1.3; +https://openai.com/gptbot)" mail.okformaturas.com.br 10.53.224.234
66.249.69.6 - - [23/Apr/2026:14:36:38 -0300] "GET /?4da201383508301.html HTTP/1.1" 200 154954 "-" "Mozilla/5.0 (Linux; Android 6.0.1; Nexus 5X Build/MMB29P) AppleWebKit/537.36 (KHTML, like Gecko) Chrome/146.0.7680.177 Mobile Safari/537.36 (compatible; Googlebot/2.1; +http://www.google.com/bot.html)" okformaturas.com.br 10.53.224.234
74.7.243.224 - - [23/Apr/2026:14:36:42 -0300] "GET /?fileloc=//sys/class/net/lo/subsystem/eth0/napi_defer_hard_irqs&path=//sys/class/net/lo/subsystem/eth0 HTTP/2.0" 200 3227 "https://mail.okformaturas.com.br/?path=//sys/class/net/lo/subsystem/eth0" "Mozilla/5.0 AppleWebKit/537.36 (KHTML, like Gecko; compatible; GPTBot/1.3; +https://openai.com/gptbot)" mail.okformaturas.com.br 10.53.224.234
66.249.69.6 - - [23/Apr/2026:14:36:40 -0300] "POST /kaunet/categoryshop/office/sitemap/KWf_CGmNaviPlusAjaxAction.jsp HTTP/1.1" 200 148820 "https://okformaturas.com.br/?23407404871101.html" "Mozilla/5.0 (Linux; Android 6.0.1; Nexus 5X Build/MMB29P) AppleWebKit/537.36 (KHTML, like Gecko) Chrome/146.0.7680.177 Mobile Safari/537.36 (compatible; Googlebot/2.1; +http://www.google.com/bot.html)" okformaturas.com.br 10.53.224.234
74.7.243.224 - - [23/Apr/2026:14:36:42 -0300] "GET /?fileloc=//sys/class/net/lo/subsystem/eth0/carrier_up_count&path=//sys/class/net/lo/subsystem/eth0 HTTP/2.0" 200 3223 "https://mail.okformaturas.com.br/?path=//sys/class/net/lo/subsystem/eth0" "Mozilla/5.0 AppleWebKit/537.36 (KHTML, like Gecko; compatible; GPTBot/1.3; +https://openai.com/gptbot)" mail.okformaturas.com.br 10.53.224.234
74.7.243.224 - - [23/Apr/2026:14:36:43 -0300] "GET /?fileloc=//sys/class/net/lo/subsystem/eth0/gro_flush_timeout&path=//sys/class/net/lo/subsystem/eth0 HTTP/2.0" 200 3224 "https://mail.okformaturas.com.br/?path=//sys/class/net/lo/subsystem/eth0" "Mozilla/5.0 AppleWebKit/537.36 (KHTML, like Gecko; compatible; GPTBot/1.3; +https://openai.com/gptbot)" mail.okformaturas.com.br 10.53.224.234
74.7.243.224 - - [23/Apr/2026:14:36:43 -0300] "GET /?path=//sys/class/net/lo/subsystem/lo HTTP/2.0" 200 13557 "https://mail.okformaturas.com.br/?path=//sys/class/net/lo/subsystem" "Mozilla/5.0 AppleWebKit/537.36 (KHTML, like Gecko; compatible; GPTBot/1.3; +https://openai.com/gptbot)" mail.okformaturas.com.br 10.53.224.234
74.7.243.224 - - [23/Apr/2026:14:36:44 -0300] "GET /?path=//var/cpanel HTTP/2.0" 200 3215 "https://mail.okformaturas.com.br/?path=//var" "Mozilla/5.0 AppleWebKit/537.36 (KHTML, like Gecko; compatible; GPTBot/1.3; +https://openai.com/gptbot)" mail.okformaturas.com.br 10.53.224.234
66.249.69.7 - - [23/Apr/2026:14:36:42 -0300] "GET /goodscode/57856836 HTTP/1.1" 200 152854 "-" "Mozilla/5.0 (compatible; Googlebot/2.1; +http://www.google.com/bot.html)" okformaturas.com.br 10.53.224.234
74.7.243.224 - - [23/Apr/2026:14:36:45 -0300] "GET /?path=//etc/geoclue HTTP/2.0" 200 3553 "https://mail.okformaturas.com.br/?path=//etc" "Mozilla/5.0 AppleWebKit/537.36 (KHTML, like Gecko; compatible; GPTBot/1.3; +https://openai.com/gptbot)" mail.okformaturas.com.br 10.53.224.234
74.7.243.224 - - [23/Apr/2026:14:36:45 -0300] "GET /?path=//etc/dovecot HTTP/2.0" 200 5915 "https://mail.okformaturas.com.br/?path=//etc" "Mozilla/5.0 AppleWebKit/537.36 (KHTML, like Gecko; compatible; GPTBot/1.3; +https://openai.com/gptbot)" mail.okformaturas.com.br 10.53.224.234
74.7.243.224 - - [23/Apr/2026:14:36:46 -0300] "GET /?path=//etc/flatpak HTTP/2.0" 200 3538 "https://mail.okformaturas.com.br/?path=//etc" "Mozilla/5.0 AppleWebKit/537.36 (KHTML, like Gecko; compatible; GPTBot/1.3; +https://openai.com/gptbot)" mail.okformaturas.com.br 10.53.224.234
74.7.243.224 - - [23/Apr/2026:14:36:46 -0300] "GET /?path=//etc/proftpd HTTP/2.0" 200 3216 "https://mail.okformaturas.com.br/?path=//etc" "Mozilla/5.0 AppleWebKit/537.36 (KHTML, like Gecko; compatible; GPTBot/1.3; +https://openai.com/gptbot)" mail.okformaturas.com.br 10.53.224.234
74.7.243.224 - - [23/Apr/2026:14:36:47 -0300] "GET /?path=//var/account HTTP/2.0" 200 47301 "https://mail.okformaturas.com.br/?path=//var" "Mozilla/5.0 AppleWebKit/537.36 (KHTML, like Gecko; compatible; GPTBot/1.3; +https://openai.com/gptbot)" mail.okformaturas.com.br 10.53.224.234
216.73.217.120 - - [23/Apr/2026:14:36:48 -0300] "GET /?fileloc=%2Fhome2%2Fokform09%2Fpublic_html%2Fdefaults.php&path=%2Fhome2%2Fokform09%2Fpublic_html HTTP/2.0" 409 83 "-" "Mozilla/5.0 AppleWebKit/537.36 (KHTML, like Gecko; compatible; ClaudeBot/1.0; +claudebot@anthropic.com)" okformaturas.com.br 10.53.224.234
74.7.243.224 - - [23/Apr/2026:14:36:47 -0300] "GET /?path=//etc/systemd HTTP/2.0" 200 6701 "https://mail.okformaturas.com.br/?path=//etc" "Mozilla/5.0 AppleWebKit/537.36 (KHTML, like Gecko; compatible; GPTBot/1.3; +https://openai.com/gptbot)" mail.okformaturas.com.br 10.53.224.234
74.7.243.224 - - [23/Apr/2026:14:36:48 -0300] "GET /?path=//sys/devices HTTP/2.0" 200 6763 "https://mail.okformaturas.com.br/?path=//sys" "Mozilla/5.0 AppleWebKit/537.36 (KHTML, like Gecko; compatible; GPTBot/1.3; +https://openai.com/gptbot)" mail.okformaturas.com.br 10.53.224.234
74.7.243.224 - - [23/Apr/2026:14:36:49 -0300] "GET /?fileloc=//etc/auto.net&path=//etc HTTP/2.0" 200 3736 "https://mail.okformaturas.com.br/?path=//etc" "Mozilla/5.0 AppleWebKit/537.36 (KHTML, like Gecko; compatible; GPTBot/1.3; +https://openai.com/gptbot)" mail.okformaturas.com.br 10.53.224.234
74.7.243.224 - - [23/Apr/2026:14:36:49 -0300] "GET /?path=//etc/apache2 HTTP/2.0" 200 6303 "https://mail.okformaturas.com.br/?path=//etc" "Mozilla/5.0 AppleWebKit/537.36 (KHTML, like Gecko; compatible; GPTBot/1.3; +https://openai.com/gptbot)" mail.okformaturas.com.br 10.53.224.234
74.7.243.224 - - [23/Apr/2026:14:36:50 -0300] "GET /?fileloc=//sys/class/net/lo/subsystem/lo/carrier_changes&path=//sys/class/net/lo/subsystem/lo HTTP/2.0" 200 3213 "https://mail.okformaturas.com.br/?path=//sys/class/net/lo/subsystem/lo" "Mozilla/5.0 AppleWebKit/537.36 (KHTML, like Gecko; compatible; GPTBot/1.3; +https://openai.com/gptbot)" mail.okformaturas.com.br 10.53.224.234
74.7.243.224 - - [23/Apr/2026:14:36:50 -0300] "GET /?fileloc=//sys/class/net/lo/subsystem/lo/speed&path=//sys/class/net/lo/subsystem/lo HTTP/2.0" 200 3203 "https://mail.okformaturas.com.br/?path=//sys/class/net/lo/subsystem/lo" "Mozilla/5.0 AppleWebKit/537.36 (KHTML, like Gecko; compatible; GPTBot/1.3; +https://openai.com/gptbot)" mail.okformaturas.com.br 10.53.224.234
66.249.69.5 - - [23/Apr/2026:14:36:48 -0300] "POST /kaunet/categoryshop/office/sitemap/KWf_CGmNaviPlusAjaxAction.jsp HTTP/1.1" 200 148820 "https://okformaturas.com.br/?4da201383508301.html" "Mozilla/5.0 (Linux; Android 6.0.1; Nexus 5X Build/MMB29P) AppleWebKit/537.36 (KHTML, like Gecko) Chrome/146.0.7680.177 Mobile Safari/537.36 (compatible; Googlebot/2.1; +http://www.google.com/bot.html)" okformaturas.com.br 10.53.224.234
74.7.243.224 - - [23/Apr/2026:14:36:51 -0300] "GET /?fileloc=//sys/class/net/lo/subsystem/lo/flags&path=//sys/class/net/lo/subsystem/lo HTTP/2.0" 200 3208 "https://mail.okformaturas.com.br/?path=//sys/class/net/lo/subsystem/lo" "Mozilla/5.0 AppleWebKit/537.36 (KHTML, like Gecko; compatible; GPTBot/1.3; +https://openai.com/gptbot)" mail.okformaturas.com.br 10.53.224.234
74.7.243.224 - - [23/Apr/2026:14:36:51 -0300] "GET /?fileloc=//sys/class/net/lo/subsystem/lo/broadcast&path=//sys/class/net/lo/subsystem/lo HTTP/2.0" 200 3212 "https://mail.okformaturas.com.br/?path=//sys/class/net/lo/subsystem/lo" "Mozilla/5.0 AppleWebKit/537.36 (KHTML, like Gecko; compatible; GPTBot/1.3; +https://openai.com/gptbot)" mail.okformaturas.com.br 10.53.224.234
74.7.243.224 - - [23/Apr/2026:14:36:52 -0300] "GET /?fileloc=//sys/class/net/lo/subsystem/lo/iflink&path=//sys/class/net/lo/subsystem/lo HTTP/2.0" 200 3206 "https://mail.okformaturas.com.br/?path=//sys/class/net/lo/subsystem/lo" "Mozilla/5.0 AppleWebKit/537.36 (KHTML, like Gecko; compatible; GPTBot/1.3; +https://openai.com/gptbot)" mail.okformaturas.com.br 10.53.224.234
74.7.243.224 - - [23/Apr/2026:14:36:52 -0300] "GET /?fileloc=//sys/class/net/lo/subsystem/lo/testing&path=//sys/class/net/lo/subsystem/lo HTTP/2.0" 200 3207 "https://mail.okformaturas.com.br/?path=//sys/class/net/lo/subsystem/lo" "Mozilla/5.0 AppleWebKit/537.36 (KHTML, like Gecko; compatible; GPTBot/1.3; +https://openai.com/gptbot)" mail.okformaturas.com.br 10.53.224.234
74.7.243.224 - - [23/Apr/2026:14:36:53 -0300] "GET /?fileloc=//sys/class/net/lo/subsystem/lo/operstate&path=//sys/class/net/lo/subsystem/lo HTTP/2.0" 200 3212 "https://mail.okformaturas.com.br/?path=//sys/class/net/lo/subsystem/lo" "Mozilla/5.0 AppleWebKit/537.36 (KHTML, like Gecko; compatible; GPTBot/1.3; +https://openai.com/gptbot)" mail.okformaturas.com.br 10.53.224.234
74.7.243.224 - - [23/Apr/2026:14:36:54 -0300] "GET /?fileloc=//sys/class/net/lo/subsystem/lo/ifalias&path=//sys/class/net/lo/subsystem/lo HTTP/2.0" 200 3205 "https://mail.okformaturas.com.br/?path=//sys/class/net/lo/subsystem/lo" "Mozilla/5.0 AppleWebKit/537.36 (KHTML, like Gecko; compatible; GPTBot/1.3; +https://openai.com/gptbot)" mail.okformaturas.com.br 10.53.224.234
74.7.243.224 - - [23/Apr/2026:14:36:54 -0300] "GET /?fileloc=//sys/class/net/lo/subsystem/lo/uevent&path=//sys/class/net/lo/subsystem/lo HTTP/2.0" 200 3230 "https://mail.okformaturas.com.br/?path=//sys/class/net/lo/subsystem/lo" "Mozilla/5.0 AppleWebKit/537.36 (KHTML, like Gecko; compatible; GPTBot/1.3; +https://openai.com/gptbot)" mail.okformaturas.com.br 10.53.224.234
74.7.243.224 - - [23/Apr/2026:14:36:55 -0300] "GET /?fileloc=//sys/class/net/lo/subsystem/lo/address&path=//sys/class/net/lo/subsystem/lo HTTP/2.0" 200 3210 "https://mail.okformaturas.com.br/?path=//sys/class/net/lo/subsystem/lo" "Mozilla/5.0 AppleWebKit/537.36 (KHTML, like Gecko; compatible; GPTBot/1.3; +https://openai.com/gptbot)" mail.okformaturas.com.br 10.53.224.234
74.7.243.224 - - [23/Apr/2026:14:36:55 -0300] "GET /?fileloc=//sys/class/net/lo/subsystem/lo/addr_assign_type&path=//sys/class/net/lo/subsystem/lo HTTP/2.0" 200 3211 "https://mail.okformaturas.com.br/?path=//sys/class/net/lo/subsystem/lo" "Mozilla/5.0 AppleWebKit/537.36 (KHTML, like Gecko; compatible; GPTBot/1.3; +https://openai.com/gptbot)" mail.okformaturas.com.br 10.53.224.234
74.7.243.224 - - [23/Apr/2026:14:36:56 -0300] "GET /?fileloc=//sys/class/net/lo/subsystem/lo/carrier_up_count&path=//sys/class/net/lo/subsystem/lo HTTP/2.0" 200 3212 "https://mail.okformaturas.com.br/?path=//sys/class/net/lo/subsystem/lo" "Mozilla/5.0 AppleWebKit/537.36 (KHTML, like Gecko; compatible; GPTBot/1.3; +https://openai.com/gptbot)" mail.okformaturas.com.br 10.53.224.234
74.7.243.224 - - [23/Apr/2026:14:36:56 -0300] "GET /?fileloc=//sys/class/net/lo/subsystem/lo/name_assign_type&path=//sys/class/net/lo/subsystem/lo HTTP/2.0" 200 3209 "https://mail.okformaturas.com.br/?path=//sys/class/net/lo/subsystem/lo" "Mozilla/5.0 AppleWebKit/537.36 (KHTML, like Gecko; compatible; GPTBot/1.3; +https://openai.com/gptbot)" mail.okformaturas.com.br 10.53.224.234
74.7.243.224 - - [23/Apr/2026:14:36:57 -0300] "GET /?fileloc=//sys/class/net/lo/subsystem/lo/phys_port_name&path=//sys/class/net/lo/subsystem/lo HTTP/2.0" 200 3209 "https://mail.okformaturas.com.br/?path=//sys/class/net/lo/subsystem/lo" "Mozilla/5.0 AppleWebKit/537.36 (KHTML, like Gecko; compatible; GPTBot/1.3; +https://openai.com/gptbot)" mail.okformaturas.com.br 10.53.224.234
74.7.243.224 - - [23/Apr/2026:14:36:57 -0300] "GET /?fileloc=//sys/class/net/lo/subsystem/lo/netdev_group&path=//sys/class/net/lo/subsystem/lo HTTP/2.0" 200 3211 "https://mail.okformaturas.com.br/?path=//sys/class/net/lo/subsystem/lo" "Mozilla/5.0 AppleWebKit/537.36 (KHTML, like Gecko; compatible; GPTBot/1.3; +https://openai.com/gptbot)" mail.okformaturas.com.br 10.53.224.234
74.7.243.224 - - [23/Apr/2026:14:36:58 -0300] "GET /?fileloc=//sys/class/net/lo/subsystem/lo/phys_switch_id&path=//sys/class/net/lo/subsystem/lo HTTP/2.0" 200 3210 "https://mail.okformaturas.com.br/?path=//sys/class/net/lo/subsystem/lo" "Mozilla/5.0 AppleWebKit/537.36 (KHTML, like Gecko; compatible; GPTBot/1.3; +https://openai.com/gptbot)" mail.okformaturas.com.br 10.53.224.234
74.7.243.224 - - [23/Apr/2026:14:36:58 -0300] "GET /?fileloc=//sys/class/net/lo/subsystem/lo/proto_down&path=//sys/class/net/lo/subsystem/lo HTTP/2.0" 200 3210 "https://mail.okformaturas.com.br/?path=//sys/class/net/lo/subsystem/lo" "Mozilla/5.0 AppleWebKit/537.36 (KHTML, like Gecko; compatible; GPTBot/1.3; +https://openai.com/gptbot)" mail.okformaturas.com.br 10.53.224.234
74.7.243.224 - - [23/Apr/2026:14:36:59 -0300] "GET /?fileloc=//sys/class/net/lo/subsystem/lo/ifindex&path=//sys/class/net/lo/subsystem/lo HTTP/2.0" 200 3207 "https://mail.okformaturas.com.br/?path=//sys/class/net/lo/subsystem/lo" "Mozilla/5.0 AppleWebKit/537.36 (KHTML, like Gecko; compatible; GPTBot/1.3; +https://openai.com/gptbot)" mail.okformaturas.com.br 10.53.224.234
66.249.69.6 - - [23/Apr/2026:14:36:56 -0300] "GET /?5ae071252478601.html HTTP/1.1" 200 149454 "-" "Mozilla/5.0 (Linux; Android 6.0.1; Nexus 5X Build/MMB29P) AppleWebKit/537.36 (KHTML, like Gecko) Chrome/146.0.7680.177 Mobile Safari/537.36 (compatible; Googlebot/2.1; +http://www.google.com/bot.html)" okformaturas.com.br 10.53.224.234
74.7.243.224 - - [23/Apr/2026:14:36:59 -0300] "GET /?fileloc=//sys/class/net/lo/subsystem/lo/dormant&path=//sys/class/net/lo/subsystem/lo HTTP/2.0" 200 3207 "https://mail.okformaturas.com.br/?path=//sys/class/net/lo/subsystem/lo" "Mozilla/5.0 AppleWebKit/537.36 (KHTML, like Gecko; compatible; GPTBot/1.3; +https://openai.com/gptbot)" mail.okformaturas.com.br 10.53.224.234
74.7.243.224 - - [23/Apr/2026:14:37:00 -0300] "GET /?fileloc=//sys/class/net/lo/subsystem/lo/link_mode&path=//sys/class/net/lo/subsystem/lo HTTP/2.0" 200 3208 "https://mail.okformaturas.com.br/?path=//sys/class/net/lo/subsystem/lo" "Mozilla/5.0 AppleWebKit/537.36 (KHTML, like Gecko; compatible; GPTBot/1.3; +https://openai.com/gptbot)" mail.okformaturas.com.br 10.53.224.234
74.7.243.224 - - [23/Apr/2026:14:37:00 -0300] "GET /?fileloc=//sys/class/net/lo/subsystem/lo/threaded&path=//sys/class/net/lo/subsystem/lo HTTP/2.0" 200 3207 "https://mail.okformaturas.com.br/?path=//sys/class/net/lo/subsystem/lo" "Mozilla/5.0 AppleWebKit/537.36 (KHTML, like Gecko; compatible; GPTBot/1.3; +https://openai.com/gptbot)" mail.okformaturas.com.br 10.53.224.234
74.7.243.224 - - [23/Apr/2026:14:37:01 -0300] "GET /?fileloc=//sys/class/net/lo/subsystem/lo/carrier&path=//sys/class/net/lo/subsystem/lo HTTP/2.0" 200 3207 "https://mail.okformaturas.com.br/?path=//sys/class/net/lo/subsystem/lo" "Mozilla/5.0 AppleWebKit/537.36 (KHTML, like Gecko; compatible; GPTBot/1.3; +https://openai.com/gptbot)" mail.okformaturas.com.br 10.53.224.234
74.7.243.224 - - [23/Apr/2026:14:37:01 -0300] "GET /?fileloc=//sys/class/net/lo/subsystem/lo/duplex&path=//sys/class/net/lo/subsystem/lo HTTP/2.0" 200 3205 "https://mail.okformaturas.com.br/?path=//sys/class/net/lo/subsystem/lo" "Mozilla/5.0 AppleWebKit/537.36 (KHTML, like Gecko; compatible; GPTBot/1.3; +https://openai.com/gptbot)" mail.okformaturas.com.br 10.53.224.234
74.7.243.224 - - [23/Apr/2026:14:37:02 -0300] "GET /?fileloc=//sys/class/net/lo/subsystem/lo/gro_flush_timeout&path=//sys/class/net/lo/subsystem/lo HTTP/2.0" 200 3213 "https://mail.okformaturas.com.br/?path=//sys/class/net/lo/subsystem/lo" "Mozilla/5.0 AppleWebKit/537.36 (KHTML, like Gecko; compatible; GPTBot/1.3; +https://openai.com/gptbot)" mail.okformaturas.com.br 10.53.224.234
74.7.243.224 - - [23/Apr/2026:14:37:03 -0300] "GET /?fileloc=//sys/class/net/lo/subsystem/lo/dev_port&path=//sys/class/net/lo/subsystem/lo HTTP/2.0" 200 3208 "https://mail.okformaturas.com.br/?path=//sys/class/net/lo/subsystem/lo" "Mozilla/5.0 AppleWebKit/537.36 (KHTML, like Gecko; compatible; GPTBot/1.3; +https://openai.com/gptbot)" mail.okformaturas.com.br 10.53.224.234
74.7.243.224 - - [23/Apr/2026:14:37:03 -0300] "GET /?fileloc=//sys/class/net/lo/subsystem/lo/napi_defer_hard_irqs&path=//sys/class/net/lo/subsystem/lo HTTP/2.0" 200 3215 "https://mail.okformaturas.com.br/?path=//sys/class/net/lo/subsystem/lo" "Mozilla/5.0 AppleWebKit/537.36 (KHTML, like Gecko; compatible; GPTBot/1.3; +https://openai.com/gptbot)" mail.okformaturas.com.br 10.53.224.234
74.7.243.224 - - [23/Apr/2026:14:37:04 -0300] "GET /?fileloc=//sys/class/net/lo/subsystem/lo/carrier_down_count&path=//sys/class/net/lo/subsystem/lo HTTP/2.0" 200 3214 "https://mail.okformaturas.com.br/?path=//sys/class/net/lo/subsystem/lo" "Mozilla/5.0 AppleWebKit/537.36 (KHTML, like Gecko; compatible; GPTBot/1.3; +https://openai.com/gptbot)" mail.okformaturas.com.br 10.53.224.234
74.7.243.224 - - [23/Apr/2026:14:37:04 -0300] "GET /?fileloc=//sys/class/net/lo/subsystem/lo/addr_len&path=//sys/class/net/lo/subsystem/lo HTTP/2.0" 200 3208 "https://mail.okformaturas.com.br/?path=//sys/class/net/lo/subsystem/lo" "Mozilla/5.0 AppleWebKit/537.36 (KHTML, like Gecko; compatible; GPTBot/1.3; +https://openai.com/gptbot)" mail.okformaturas.com.br 10.53.224.234
74.7.243.224 - - [23/Apr/2026:14:37:05 -0300] "GET /?fileloc=//sys/class/net/lo/subsystem/lo/phys_port_id&path=//sys/class/net/lo/subsystem/lo HTTP/2.0" 200 3208 "https://mail.okformaturas.com.br/?path=//sys/class/net/lo/subsystem/lo" "Mozilla/5.0 AppleWebKit/537.36 (KHTML, like Gecko; compatible; GPTBot/1.3; +https://openai.com/gptbot)" mail.okformaturas.com.br 10.53.224.234
74.7.243.224 - - [23/Apr/2026:14:37:05 -0300] "GET /?fileloc=//sys/class/net/lo/subsystem/lo/tx_queue_len&path=//sys/class/net/lo/subsystem/lo HTTP/2.0" 200 3212 "https://mail.okformaturas.com.br/?path=//sys/class/net/lo/subsystem/lo" "Mozilla/5.0 AppleWebKit/537.36 (KHTML, like Gecko; compatible; GPTBot/1.3; +https://openai.com/gptbot)" mail.okformaturas.com.br 10.53.224.234
74.7.243.224 - - [23/Apr/2026:14:37:06 -0300] "GET /?fileloc=//sys/class/net/lo/subsystem/lo/dev_id&path=//sys/class/net/lo/subsystem/lo HTTP/2.0" 200 3209 "https://mail.okformaturas.com.br/?path=//sys/class/net/lo/subsystem/lo" "Mozilla/5.0 AppleWebKit/537.36 (KHTML, like Gecko; compatible; GPTBot/1.3; +https://openai.com/gptbot)" mail.okformaturas.com.br 10.53.224.234
74.7.243.224 - - [23/Apr/2026:14:37:07 -0300] "GET /?fileloc=//sys/class/net/lo/subsystem/lo/mtu&path=//sys/class/net/lo/subsystem/lo HTTP/2.0" 200 3208 "https://mail.okformaturas.com.br/?path=//sys/class/net/lo/subsystem/lo" "Mozilla/5.0 AppleWebKit/537.36 (KHTML, like Gecko; compatible; GPTBot/1.3; +https://openai.com/gptbot)" mail.okformaturas.com.br 10.53.224.234
74.7.243.224 - - [23/Apr/2026:14:37:07 -0300] "GET /?fileloc=//var/account/pacct.1776700861&path=//var/account HTTP/2.0" 200 3168 "https://mail.okformaturas.com.br/?path=//var/account" "Mozilla/5.0 AppleWebKit/537.36 (KHTML, like Gecko; compatible; GPTBot/1.3; +https://openai.com/gptbot)" mail.okformaturas.com.br 10.53.224.234
74.7.243.224 - - [23/Apr/2026:14:37:08 -0300] "GET /?path=//sys/class/net/lo/subsystem/lo/power HTTP/2.0" 200 4870 "https://mail.okformaturas.com.br/?path=//sys/class/net/lo/subsystem/lo" "Mozilla/5.0 AppleWebKit/537.36 (KHTML, like Gecko; compatible; GPTBot/1.3; +https://openai.com/gptbot)" mail.okformaturas.com.br 10.53.224.234
74.7.243.224 - - [23/Apr/2026:14:37:08 -0300] "GET /?path=//sys/class/net/lo/subsystem/lo/queues HTTP/2.0" 200 3870 "https://mail.okformaturas.com.br/?path=//sys/class/net/lo/subsystem/lo" "Mozilla/5.0 AppleWebKit/537.36 (KHTML, like Gecko; compatible; GPTBot/1.3; +https://openai.com/gptbot)" mail.okformaturas.com.br 10.53.224.234
74.7.243.224 - - [23/Apr/2026:14:37:09 -0300] "GET /?path=//etc/default HTTP/2.0" 200 4750 "https://mail.okformaturas.com.br/?path=//etc" "Mozilla/5.0 AppleWebKit/537.36 (KHTML, like Gecko; compatible; GPTBot/1.3; +https://openai.com/gptbot)" mail.okformaturas.com.br 10.53.224.234
74.7.243.224 - - [23/Apr/2026:14:37:09 -0300] "GET /?fileloc=//sys/power/disk&path=//sys/power HTTP/2.0" 200 3189 "https://mail.okformaturas.com.br/?path=//sys/power" "Mozilla/5.0 AppleWebKit/537.36 (KHTML, like Gecko; compatible; GPTBot/1.3; +https://openai.com/gptbot)" mail.okformaturas.com.br 10.53.224.234
74.7.242.19 - - [23/Apr/2026:14:37:09 -0300] "GET /goodscode/418536461 HTTP/2.0" 200 14676 "https://okformaturas.com.br/?sitemap687.xml" "Mozilla/5.0 AppleWebKit/537.36 (KHTML, like Gecko; compatible; GPTBot/1.3; +https://openai.com/gptbot)" okformaturas.com.br 10.53.224.234
74.7.243.224 - - [23/Apr/2026:14:37:10 -0300] "GET /?path=//sys/module HTTP/2.0" 200 56548 "https://mail.okformaturas.com.br/?path=//sys" "Mozilla/5.0 AppleWebKit/537.36 (KHTML, like Gecko; compatible; GPTBot/1.3; +https://openai.com/gptbot)" mail.okformaturas.com.br 10.53.224.234
74.7.243.224 - - [23/Apr/2026:14:37:11 -0300] "GET /?path=//etc/sssd HTTP/2.0" 200 3214 "https://mail.okformaturas.com.br/?path=//etc" "Mozilla/5.0 AppleWebKit/537.36 (KHTML, like Gecko; compatible; GPTBot/1.3; +https://openai.com/gptbot)" mail.okformaturas.com.br 10.53.224.234
74.7.243.224 - - [23/Apr/2026:14:37:11 -0300] "GET /?path=//sys/class/net/lo/subsystem/lo/statistics HTTP/2.0" 200 10456 "https://mail.okformaturas.com.br/?path=//sys/class/net/lo/subsystem/lo" "Mozilla/5.0 AppleWebKit/537.36 (KHTML, like Gecko; compatible; GPTBot/1.3; +https://openai.com/gptbot)" mail.okformaturas.com.br 10.53.224.234
74.7.243.224 - - [23/Apr/2026:14:37:12 -0300] "GET /?path=//etc/dhcp HTTP/2.0" 200 3214 "https://mail.okformaturas.com.br/?path=//etc" "Mozilla/5.0 AppleWebKit/537.36 (KHTML, like Gecko; compatible; GPTBot/1.3; +https://openai.com/gptbot)" mail.okformaturas.com.br 10.53.224.234
74.7.243.224 - - [23/Apr/2026:14:37:12 -0300] "GET /?path=//sys/class/net/lo/subsystem/lo/subsystem HTTP/2.0" 200 3851 "https://mail.okformaturas.com.br/?path=//sys/class/net/lo/subsystem/lo" "Mozilla/5.0 AppleWebKit/537.36 (KHTML, like Gecko; compatible; GPTBot/1.3; +https://openai.com/gptbot)" mail.okformaturas.com.br 10.53.224.234
74.7.243.224 - - [23/Apr/2026:14:37:13 -0300] "GET /?path=//sys/class/net/lo/subsystem/eth0/subsystem HTTP/2.0" 200 3858 "https://mail.okformaturas.com.br/?path=//sys/class/net/lo/subsystem/eth0" "Mozilla/5.0 AppleWebKit/537.36 (KHTML, like Gecko; compatible; GPTBot/1.3; +https://openai.com/gptbot)" mail.okformaturas.com.br 10.53.224.234
74.7.243.224 - - [23/Apr/2026:14:37:13 -0300] "GET /?fileloc=//etc/my.cnf.rpmsave&path=//etc HTTP/2.0" 200 3356 "https://mail.okformaturas.com.br/?path=//etc" "Mozilla/5.0 AppleWebKit/537.36 (KHTML, like Gecko; compatible; GPTBot/1.3; +https://openai.com/gptbot)" mail.okformaturas.com.br 10.53.224.234
74.7.243.224 - - [23/Apr/2026:14:37:14 -0300] "GET /?fileloc=//sys/class/net/lo/subsystem/lo/power/runtime_status&path=//sys/class/net/lo/subsystem/lo/power HTTP/2.0" 200 3233 "https://mail.okformaturas.com.br/?path=//sys/class/net/lo/subsystem/lo/power" "Mozilla/5.0 AppleWebKit/537.36 (KHTML, like Gecko; compatible; GPTBot/1.3; +https://openai.com/gptbot)" mail.okformaturas.com.br 10.53.224.234
74.7.243.224 - - [23/Apr/2026:14:37:14 -0300] "GET /?fileloc=//sys/class/net/lo/subsystem/lo/power/control&path=//sys/class/net/lo/subsystem/lo/power HTTP/2.0" 200 3223 "https://mail.okformaturas.com.br/?path=//sys/class/net/lo/subsystem/lo/power" "Mozilla/5.0 AppleWebKit/537.36 (KHTML, like Gecko; compatible; GPTBot/1.3; +https://openai.com/gptbot)" mail.okformaturas.com.br 10.53.224.234
74.7.243.224 - - [23/Apr/2026:14:37:15 -0300] "GET /?fileloc=//sys/class/net/lo/subsystem/lo/power/runtime_active_time&path=//sys/class/net/lo/subsystem/lo/power HTTP/2.0" 200 3229 "https://mail.okformaturas.com.br/?path=//sys/class/net/lo/subsystem/lo/power" "Mozilla/5.0 AppleWebKit/537.36 (KHTML, like Gecko; compatible; GPTBot/1.3; +https://openai.com/gptbot)" mail.okformaturas.com.br 10.53.224.234
74.7.243.224 - - [23/Apr/2026:14:37:16 -0300] "GET /?fileloc=//sys/class/net/lo/subsystem/lo/power/autosuspend_delay_ms&path=//sys/class/net/lo/subsystem/lo/power HTTP/2.0" 200 3229 "https://mail.okformaturas.com.br/?path=//sys/class/net/lo/subsystem/lo/power" "Mozilla/5.0 AppleWebKit/537.36 (KHTML, like Gecko; compatible; GPTBot/1.3; +https://openai.com/gptbot)" mail.okformaturas.com.br 10.53.224.234
74.7.243.224 - - [23/Apr/2026:14:37:16 -0300] "GET /?path=//sys/module/tls HTTP/2.0" 200 6343 "https://mail.okformaturas.com.br/?path=//sys/module" "Mozilla/5.0 AppleWebKit/537.36 (KHTML, like Gecko; compatible; GPTBot/1.3; +https://openai.com/gptbot)" mail.okformaturas.com.br 10.53.224.234
74.7.243.224 - - [23/Apr/2026:14:37:17 -0300] "GET /?fileloc=//sys/class/net/lo/subsystem/lo/power/runtime_suspended_time&path=//sys/class/net/lo/subsystem/lo/power HTTP/2.0" 200 3231 "https://mail.okformaturas.com.br/?path=//sys/class/net/lo/subsystem/lo/power" "Mozilla/5.0 AppleWebKit/537.36 (KHTML, like Gecko; compatible; GPTBot/1.3; +https://openai.com/gptbot)" mail.okformaturas.com.br 10.53.224.234
66.249.69.8 - - [23/Apr/2026:14:37:14 -0300] "GET /?05ae91385170401.html HTTP/1.1" 200 149449 "-" "Mozilla/5.0 (Linux; Android 6.0.1; Nexus 5X Build/MMB29P) AppleWebKit/537.36 (KHTML, like Gecko) Chrome/146.0.7680.177 Mobile Safari/537.36 (compatible; Googlebot/2.1; +http://www.google.com/bot.html)" okformaturas.com.br 10.53.224.234
74.7.243.224 - - [23/Apr/2026:14:37:17 -0300] "GET /?fileloc=//sys/class/net/lo/subsystem/lo/statistics/tx_window_errors&path=//sys/class/net/lo/subsystem/lo/statistics HTTP/2.0" 200 3233 "https://mail.okformaturas.com.br/?path=//sys/class/net/lo/subsystem/lo/statistics" "Mozilla/5.0 AppleWebKit/537.36 (KHTML, like Gecko; compatible; GPTBot/1.3; +https://openai.com/gptbot)" mail.okformaturas.com.br 10.53.224.234
74.7.243.224 - - [23/Apr/2026:14:37:18 -0300] "GET /?fileloc=//sys/class/net/lo/subsystem/lo/statistics/rx_length_errors&path=//sys/class/net/lo/subsystem/lo/statistics HTTP/2.0" 200 3233 "https://mail.okformaturas.com.br/?path=//sys/class/net/lo/subsystem/lo/statistics" "Mozilla/5.0 AppleWebKit/537.36 (KHTML, like Gecko; compatible; GPTBot/1.3; +https://openai.com/gptbot)" mail.okformaturas.com.br 10.53.224.234
74.7.243.224 - - [23/Apr/2026:14:37:18 -0300] "GET /?fileloc=//sys/class/net/lo/subsystem/lo/statistics/tx_compressed&path=//sys/class/net/lo/subsystem/lo/statistics HTTP/2.0" 200 3230 "https://mail.okformaturas.com.br/?path=//sys/class/net/lo/subsystem/lo/statistics" "Mozilla/5.0 AppleWebKit/537.36 (KHTML, like Gecko; compatible; GPTBot/1.3; +https://openai.com/gptbot)" mail.okformaturas.com.br 10.53.224.234
74.7.243.224 - - [23/Apr/2026:14:37:19 -0300] "GET /?fileloc=//sys/class/net/lo/subsystem/lo/statistics/tx_carrier_errors&path=//sys/class/net/lo/subsystem/lo/statistics HTTP/2.0" 200 3233 "https://mail.okformaturas.com.br/?path=//sys/class/net/lo/subsystem/lo/statistics" "Mozilla/5.0 AppleWebKit/537.36 (KHTML, like Gecko; compatible; GPTBot/1.3; +https://openai.com/gptbot)" mail.okformaturas.com.br 10.53.224.234
74.7.243.224 - - [23/Apr/2026:14:37:19 -0300] "GET /?fileloc=//sys/class/net/lo/subsystem/lo/statistics/tx_aborted_errors&path=//sys/class/net/lo/subsystem/lo/statistics HTTP/2.0" 200 3233 "https://mail.okformaturas.com.br/?path=//sys/class/net/lo/subsystem/lo/statistics" "Mozilla/5.0 AppleWebKit/537.36 (KHTML, like Gecko; compatible; GPTBot/1.3; +https://openai.com/gptbot)" mail.okformaturas.com.br 10.53.224.234
74.7.243.224 - - [23/Apr/2026:14:37:20 -0300] "GET /?fileloc=//sys/class/net/lo/subsystem/lo/statistics/tx_fifo_errors&path=//sys/class/net/lo/subsystem/lo/statistics HTTP/2.0" 200 3232 "https://mail.okformaturas.com.br/?path=//sys/class/net/lo/subsystem/lo/statistics" "Mozilla/5.0 AppleWebKit/537.36 (KHTML, like Gecko; compatible; GPTBot/1.3; +https://openai.com/gptbot)" mail.okformaturas.com.br 10.53.224.234
74.7.243.224 - - [23/Apr/2026:14:37:21 -0300] "GET /?fileloc=//sys/class/net/lo/subsystem/lo/statistics/rx_missed_errors&path=//sys/class/net/lo/subsystem/lo/statistics HTTP/2.0" 200 3233 "https://mail.okformaturas.com.br/?path=//sys/class/net/lo/subsystem/lo/statistics" "Mozilla/5.0 AppleWebKit/537.36 (KHTML, like Gecko; compatible; GPTBot/1.3; +https://openai.com/gptbot)" mail.okformaturas.com.br 10.53.224.234
74.7.243.224 - - [23/Apr/2026:14:37:21 -0300] "GET /?fileloc=//sys/class/net/lo/subsystem/lo/statistics/rx_over_errors&path=//sys/class/net/lo/subsystem/lo/statistics HTTP/2.0" 200 3232 "https://mail.okformaturas.com.br/?path=//sys/class/net/lo/subsystem/lo/statistics" "Mozilla/5.0 AppleWebKit/537.36 (KHTML, like Gecko; compatible; GPTBot/1.3; +https://openai.com/gptbot)" mail.okformaturas.com.br 10.53.224.234
74.7.243.224 - - [23/Apr/2026:14:37:22 -0300] "GET /?fileloc=//sys/class/net/lo/subsystem/lo/statistics/rx_compressed&path=//sys/class/net/lo/subsystem/lo/statistics HTTP/2.0" 200 3230 "https://mail.okformaturas.com.br/?path=//sys/class/net/lo/subsystem/lo/statistics" "Mozilla/5.0 AppleWebKit/537.36 (KHTML, like Gecko; compatible; GPTBot/1.3; +https://openai.com/gptbot)" mail.okformaturas.com.br 10.53.224.234
74.7.243.224 - - [23/Apr/2026:14:37:22 -0300] "GET /?fileloc=//sys/class/net/lo/subsystem/lo/statistics/rx_frame_errors&path=//sys/class/net/lo/subsystem/lo/statistics HTTP/2.0" 200 3232 "https://mail.okformaturas.com.br/?path=//sys/class/net/lo/subsystem/lo/statistics" "Mozilla/5.0 AppleWebKit/537.36 (KHTML, like Gecko; compatible; GPTBot/1.3; +https://openai.com/gptbot)" mail.okformaturas.com.br 10.53.224.234
