66.249.69.6 - - [23/Apr/2026:11:41:05 -0300] "POST /kaunet/categoryshop/office/sitemap/KWf_CGmNaviPlusAjaxAction.jsp HTTP/1.1" 200 145554 "https://okformaturas.com.br/goodscode/765476579" "Mozilla/5.0 (Linux; Android 6.0.1; Nexus 5X Build/MMB29P) AppleWebKit/537.36 (KHTML, like Gecko) Chrome/146.0.7680.177 Mobile Safari/537.36 (compatible; GoogleOther)" okformaturas.com.br 10.53.224.234
66.249.69.5 - - [23/Apr/2026:11:41:12 -0300] "POST /kaunet/categoryshop/office/sitemap/KWf_CGmNaviPlusAjaxAction.jsp HTTP/1.1" 200 145554 "https://okformaturas.com.br/goodscode/903478832" "Mozilla/5.0 (Linux; Android 6.0.1; Nexus 5X Build/MMB29P) AppleWebKit/537.36 (KHTML, like Gecko) Chrome/146.0.7680.177 Mobile Safari/537.36 (compatible; Googlebot/2.1; +http://www.google.com/bot.html)" okformaturas.com.br 10.53.224.234
74.7.227.162 - - [23/Apr/2026:11:41:15 -0300] "GET /goodscode/3699460895?path=/home2/okform09/public_html/.tmb HTTP/2.0" 200 3231 "https://okformaturas.com.br/goodscode/3699460895" "Mozilla/5.0 AppleWebKit/537.36 (KHTML, like Gecko; compatible; GPTBot/1.3; +https://openai.com/gptbot)" okformaturas.com.br 10.53.224.234
66.249.69.6 - - [23/Apr/2026:11:41:27 -0300] "GET /goodscode/3404826787 HTTP/1.1" 200 148045 "-" "Mozilla/5.0 (Linux; Android 6.0.1; Nexus 5X Build/MMB29P) AppleWebKit/537.36 (KHTML, like Gecko) Chrome/146.0.7680.177 Mobile Safari/537.36 (compatible; Googlebot/2.1; +http://www.google.com/bot.html)" okformaturas.com.br 10.53.224.234
66.249.69.5 - - [23/Apr/2026:11:41:47 -0300] "POST /kaunet/categoryshop/office/sitemap/KWf_CGmNaviPlusAjaxAction.jsp HTTP/1.1" 200 145554 "https://okformaturas.com.br/goodscode/3404826787" "Mozilla/5.0 (Linux; Android 6.0.1; Nexus 5X Build/MMB29P) AppleWebKit/537.36 (KHTML, like Gecko) Chrome/146.0.7680.177 Mobile Safari/537.36 (compatible; Googlebot/2.1; +http://www.google.com/bot.html)" okformaturas.com.br 10.53.224.234
66.249.69.7 - - [23/Apr/2026:11:41:51 -0300] "GET /goodscode/3812125580 HTTP/1.1" 200 148686 "-" "Mozilla/5.0 (Linux; Android 6.0.1; Nexus 5X Build/MMB29P) AppleWebKit/537.36 (KHTML, like Gecko) Chrome/146.0.7680.177 Mobile Safari/537.36 (compatible; Googlebot/2.1; +http://www.google.com/bot.html)" okformaturas.com.br 10.53.224.234
74.7.227.162 - - [23/Apr/2026:11:42:02 -0300] "GET /goodscode/1011111653 HTTP/2.0" 200 14676 "https://okformaturas.com.br/wp-sitemap.xml" "Mozilla/5.0 AppleWebKit/537.36 (KHTML, like Gecko; compatible; GPTBot/1.3; +https://openai.com/gptbot)" okformaturas.com.br 10.53.224.234
66.249.69.6 - - [23/Apr/2026:11:42:14 -0300] "GET /goodscode/1285363391 HTTP/1.1" 200 155740 "-" "Mozilla/5.0 (Linux; Android 6.0.1; Nexus 5X Build/MMB29P) AppleWebKit/537.36 (KHTML, like Gecko) Chrome/146.0.7680.177 Mobile Safari/537.36 (compatible; Googlebot/2.1; +http://www.google.com/bot.html)" okformaturas.com.br 10.53.224.234
66.249.69.6 - - [23/Apr/2026:11:42:15 -0300] "POST /kaunet/categoryshop/office/sitemap/KWf_CGmNaviPlusAjaxAction.jsp HTTP/1.1" 200 145554 "https://okformaturas.com.br/goodscode/3812125580" "Mozilla/5.0 (Linux; Android 6.0.1; Nexus 5X Build/MMB29P) AppleWebKit/537.36 (KHTML, like Gecko) Chrome/146.0.7680.177 Mobile Safari/537.36 (compatible; Googlebot/2.1; +http://www.google.com/bot.html)" okformaturas.com.br 10.53.224.234
66.249.69.5 - - [23/Apr/2026:11:42:36 -0300] "GET /goodscode/2940177813 HTTP/1.1" 200 153921 "-" "Mozilla/5.0 (Linux; Android 6.0.1; Nexus 5X Build/MMB29P) AppleWebKit/537.36 (KHTML, like Gecko) Chrome/146.0.7680.177 Mobile Safari/537.36 (compatible; Googlebot/2.1; +http://www.google.com/bot.html)" okformaturas.com.br 10.53.224.234
66.249.69.5 - - [23/Apr/2026:11:42:36 -0300] "GET /goodscode/2590629090 HTTP/1.1" 200 150957 "-" "Mozilla/5.0 (Linux; Android 6.0.1; Nexus 5X Build/MMB29P) AppleWebKit/537.36 (KHTML, like Gecko) Chrome/146.0.7680.177 Mobile Safari/537.36 (compatible; Googlebot/2.1; +http://www.google.com/bot.html)" okformaturas.com.br 10.53.224.234
66.249.69.6 - - [23/Apr/2026:11:42:37 -0300] "POST /kaunet/categoryshop/office/sitemap/KWf_CGmNaviPlusAjaxAction.jsp HTTP/1.1" 200 145554 "https://okformaturas.com.br/goodscode/1285363391" "Mozilla/5.0 (Linux; Android 6.0.1; Nexus 5X Build/MMB29P) AppleWebKit/537.36 (KHTML, like Gecko) Chrome/146.0.7680.177 Mobile Safari/537.36 (compatible; Googlebot/2.1; +http://www.google.com/bot.html)" okformaturas.com.br 10.53.224.234
74.7.227.162 - - [23/Apr/2026:11:42:43 -0300] "GET /goodscode/1353959123 HTTP/2.0" 200 14676 "https://okformaturas.com.br/wp-sitemap.xml" "Mozilla/5.0 AppleWebKit/537.36 (KHTML, like Gecko; compatible; GPTBot/1.3; +https://openai.com/gptbot)" okformaturas.com.br 10.53.224.234
66.249.69.5 - - [23/Apr/2026:11:42:40 -0300] "GET /goodscode/1687977703 HTTP/1.1" 200 147497 "-" "Mozilla/5.0 (Linux; Android 6.0.1; Nexus 5X Build/MMB29P) AppleWebKit/537.36 (KHTML, like Gecko) Chrome/146.0.7680.177 Mobile Safari/537.36 (compatible; Googlebot/2.1; +http://www.google.com/bot.html)" okformaturas.com.br 10.53.224.234
66.249.69.5 - - [23/Apr/2026:11:42:47 -0300] "POST /kaunet/categoryshop/office/sitemap/KWf_CGmNaviPlusAjaxAction.jsp HTTP/1.1" 200 145554 "https://okformaturas.com.br/goodscode/2590629090" "Mozilla/5.0 (Linux; Android 6.0.1; Nexus 5X Build/MMB29P) AppleWebKit/537.36 (KHTML, like Gecko) Chrome/146.0.7680.177 Mobile Safari/537.36 (compatible; Googlebot/2.1; +http://www.google.com/bot.html)" okformaturas.com.br 10.53.224.234
66.249.69.8 - - [23/Apr/2026:11:42:56 -0300] "POST /kaunet/categoryshop/office/sitemap/KWf_CGmNaviPlusAjaxAction.jsp HTTP/1.1" 200 145554 "https://okformaturas.com.br/goodscode/2940177813" "Mozilla/5.0 (Linux; Android 6.0.1; Nexus 5X Build/MMB29P) AppleWebKit/537.36 (KHTML, like Gecko) Chrome/146.0.7680.177 Mobile Safari/537.36 (compatible; Googlebot/2.1; +http://www.google.com/bot.html)" okformaturas.com.br 10.53.224.234
66.249.69.5 - - [23/Apr/2026:11:42:56 -0300] "GET /goodscode/3490059747 HTTP/1.1" 200 147182 "-" "Mozilla/5.0 (Linux; Android 6.0.1; Nexus 5X Build/MMB29P) AppleWebKit/537.36 (KHTML, like Gecko) Chrome/146.0.7680.177 Mobile Safari/537.36 (compatible; Googlebot/2.1; +http://www.google.com/bot.html)" okformaturas.com.br 10.53.224.234
66.249.69.7 - - [23/Apr/2026:11:42:58 -0300] "GET /goodscode/1122990072 HTTP/1.1" 200 153908 "-" "Mozilla/5.0 (Linux; Android 6.0.1; Nexus 5X Build/MMB29P) AppleWebKit/537.36 (KHTML, like Gecko) Chrome/146.0.7680.177 Mobile Safari/537.36 (compatible; GoogleOther)" okformaturas.com.br 10.53.224.234
66.249.69.7 - - [23/Apr/2026:11:43:00 -0300] "POST /kaunet/categoryshop/office/sitemap/KWf_CGmNaviPlusAjaxAction.jsp HTTP/1.1" 200 145554 "https://okformaturas.com.br/goodscode/1687977703" "Mozilla/5.0 (Linux; Android 6.0.1; Nexus 5X Build/MMB29P) AppleWebKit/537.36 (KHTML, like Gecko) Chrome/146.0.7680.177 Mobile Safari/537.36 (compatible; Googlebot/2.1; +http://www.google.com/bot.html)" okformaturas.com.br 10.53.224.234
66.249.69.7 - - [23/Apr/2026:11:43:00 -0300] "GET /?5ae0d1261037401.html HTTP/1.1" 200 154128 "-" "Mozilla/5.0 (Linux; Android 6.0.1; Nexus 5X Build/MMB29P) AppleWebKit/537.36 (KHTML, like Gecko) Chrome/146.0.7680.177 Mobile Safari/537.36 (compatible; Googlebot/2.1; +http://www.google.com/bot.html)" okformaturas.com.br 10.53.224.234
66.249.69.5 - - [23/Apr/2026:11:43:08 -0300] "POST /kaunet/categoryshop/office/sitemap/KWf_CGmNaviPlusAjaxAction.jsp HTTP/1.1" 200 145554 "https://okformaturas.com.br/goodscode/1122990072" "Mozilla/5.0 (Linux; Android 6.0.1; Nexus 5X Build/MMB29P) AppleWebKit/537.36 (KHTML, like Gecko) Chrome/146.0.7680.177 Mobile Safari/537.36 (compatible; GoogleOther)" okformaturas.com.br 10.53.224.234
66.249.69.6 - - [23/Apr/2026:11:43:10 -0300] "GET /goodscode/4203416644 HTTP/1.1" 200 155974 "-" "Mozilla/5.0 (Linux; Android 6.0.1; Nexus 5X Build/MMB29P) AppleWebKit/537.36 (KHTML, like Gecko) Chrome/146.0.7680.177 Mobile Safari/537.36 (compatible; Googlebot/2.1; +http://www.google.com/bot.html)" okformaturas.com.br 10.53.224.234
66.249.69.5 - - [23/Apr/2026:11:43:11 -0300] "POST /kaunet/categoryshop/office/sitemap/KWf_CGmNaviPlusAjaxAction.jsp HTTP/1.1" 200 145554 "https://okformaturas.com.br/?5ae0d1261037401.html" "Mozilla/5.0 (Linux; Android 6.0.1; Nexus 5X Build/MMB29P) AppleWebKit/537.36 (KHTML, like Gecko) Chrome/146.0.7680.177 Mobile Safari/537.36 (compatible; Googlebot/2.1; +http://www.google.com/bot.html)" okformaturas.com.br 10.53.224.234
74.7.227.162 - - [23/Apr/2026:11:43:19 -0300] "GET /goodscode/2443376420 HTTP/2.0" 200 14676 "https://okformaturas.com.br/wp-sitemap.xml" "Mozilla/5.0 AppleWebKit/537.36 (KHTML, like Gecko; compatible; GPTBot/1.3; +https://openai.com/gptbot)" okformaturas.com.br 10.53.224.234
66.249.69.6 - - [23/Apr/2026:11:43:17 -0300] "POST /kaunet/categoryshop/office/sitemap/KWf_CGmNaviPlusAjaxAction.jsp HTTP/1.1" 200 145554 "https://okformaturas.com.br/goodscode/3490059747" "Mozilla/5.0 (Linux; Android 6.0.1; Nexus 5X Build/MMB29P) AppleWebKit/537.36 (KHTML, like Gecko) Chrome/146.0.7680.177 Mobile Safari/537.36 (compatible; Googlebot/2.1; +http://www.google.com/bot.html)" okformaturas.com.br 10.53.224.234
66.249.69.7 - - [23/Apr/2026:11:43:20 -0300] "GET /goodscode/533307330 HTTP/1.1" 200 153783 "-" "Mozilla/5.0 (Linux; Android 6.0.1; Nexus 5X Build/MMB29P) AppleWebKit/537.36 (KHTML, like Gecko) Chrome/146.0.7680.177 Mobile Safari/537.36 (compatible; Googlebot/2.1; +http://www.google.com/bot.html)" okformaturas.com.br 10.53.224.234
66.249.69.7 - - [23/Apr/2026:11:43:21 -0300] "GET /goodscode/1034529152 HTTP/1.1" 200 151621 "-" "Mozilla/5.0 (Linux; Android 6.0.1; Nexus 5X Build/MMB29P) AppleWebKit/537.36 (KHTML, like Gecko) Chrome/146.0.7680.177 Mobile Safari/537.36 (compatible; Googlebot/2.1; +http://www.google.com/bot.html)" okformaturas.com.br 10.53.224.234
66.249.69.5 - - [23/Apr/2026:11:43:44 -0300] "GET /goodscode/1913235200 HTTP/1.1" 200 147128 "-" "Mozilla/5.0 (Linux; Android 6.0.1; Nexus 5X Build/MMB29P) AppleWebKit/537.36 (KHTML, like Gecko) Chrome/146.0.7680.177 Mobile Safari/537.36 (compatible; Googlebot/2.1; +http://www.google.com/bot.html)" okformaturas.com.br 10.53.224.234
66.249.69.5 - - [23/Apr/2026:11:43:44 -0300] "POST /kaunet/categoryshop/office/sitemap/KWf_CGmNaviPlusAjaxAction.jsp HTTP/1.1" 200 145554 "https://okformaturas.com.br/goodscode/533307330" "Mozilla/5.0 (Linux; Android 6.0.1; Nexus 5X Build/MMB29P) AppleWebKit/537.36 (KHTML, like Gecko) Chrome/146.0.7680.177 Mobile Safari/537.36 (compatible; Googlebot/2.1; +http://www.google.com/bot.html)" okformaturas.com.br 10.53.224.234
66.249.69.5 - - [23/Apr/2026:11:43:46 -0300] "POST /kaunet/categoryshop/office/sitemap/KWf_CGmNaviPlusAjaxAction.jsp HTTP/1.1" 200 145554 "https://okformaturas.com.br/goodscode/1034529152" "Mozilla/5.0 (Linux; Android 6.0.1; Nexus 5X Build/MMB29P) AppleWebKit/537.36 (KHTML, like Gecko) Chrome/146.0.7680.177 Mobile Safari/537.36 (compatible; Googlebot/2.1; +http://www.google.com/bot.html)" okformaturas.com.br 10.53.224.234
74.7.227.162 - - [23/Apr/2026:11:43:51 -0300] "GET /goodscode/3214477811 HTTP/2.0" 200 14676 "https://okformaturas.com.br/wp-sitemap.xml" "Mozilla/5.0 AppleWebKit/537.36 (KHTML, like Gecko; compatible; GPTBot/1.3; +https://openai.com/gptbot)" okformaturas.com.br 10.53.224.234
66.249.69.7 - - [23/Apr/2026:11:44:08 -0300] "GET /goodscode/4196035045 HTTP/1.1" 200 151911 "-" "Mozilla/5.0 (Linux; Android 6.0.1; Nexus 5X Build/MMB29P) AppleWebKit/537.36 (KHTML, like Gecko) Chrome/146.0.7680.177 Mobile Safari/537.36 (compatible; Googlebot/2.1; +http://www.google.com/bot.html)" okformaturas.com.br 10.53.224.234
74.7.227.162 - - [23/Apr/2026:11:44:21 -0300] "GET /goodscode/1105875504 HTTP/2.0" 200 14676 "https://okformaturas.com.br/wp-sitemap.xml" "Mozilla/5.0 AppleWebKit/537.36 (KHTML, like Gecko; compatible; GPTBot/1.3; +https://openai.com/gptbot)" okformaturas.com.br 10.53.224.234
66.249.69.6 - - [23/Apr/2026:11:44:22 -0300] "POST /kaunet/categoryshop/office/sitemap/KWf_CGmNaviPlusAjaxAction.jsp HTTP/1.1" 200 145554 "https://okformaturas.com.br/goodscode/1913235200" "Mozilla/5.0 (Linux; Android 6.0.1; Nexus 5X Build/MMB29P) AppleWebKit/537.36 (KHTML, like Gecko) Chrome/146.0.7680.177 Mobile Safari/537.36 (compatible; Googlebot/2.1; +http://www.google.com/bot.html)" okformaturas.com.br 10.53.224.234
66.249.69.6 - - [23/Apr/2026:11:44:24 -0300] "POST /kaunet/categoryshop/office/sitemap/KWf_CGmNaviPlusAjaxAction.jsp HTTP/1.1" 200 145554 "https://okformaturas.com.br/goodscode/4196035045" "Mozilla/5.0 (Linux; Android 6.0.1; Nexus 5X Build/MMB29P) AppleWebKit/537.36 (KHTML, like Gecko) Chrome/146.0.7680.177 Mobile Safari/537.36 (compatible; Googlebot/2.1; +http://www.google.com/bot.html)" okformaturas.com.br 10.53.224.234
66.249.69.5 - - [23/Apr/2026:11:44:32 -0300] "GET /goodscode/74280431 HTTP/1.1" 200 148102 "-" "Mozilla/5.0 (Linux; Android 6.0.1; Nexus 5X Build/MMB29P) AppleWebKit/537.36 (KHTML, like Gecko) Chrome/146.0.7680.177 Mobile Safari/537.36 (compatible; Googlebot/2.1; +http://www.google.com/bot.html)" okformaturas.com.br 10.53.224.234
74.7.227.162 - - [23/Apr/2026:11:44:47 -0300] "GET /goodscode/2244883088 HTTP/2.0" 200 14676 "https://okformaturas.com.br/wp-sitemap.xml" "Mozilla/5.0 AppleWebKit/537.36 (KHTML, like Gecko; compatible; GPTBot/1.3; +https://openai.com/gptbot)" okformaturas.com.br 10.53.224.234
66.249.69.6 - - [23/Apr/2026:11:44:55 -0300] "POST /kaunet/categoryshop/office/sitemap/KWf_CGmNaviPlusAjaxAction.jsp HTTP/1.1" 200 145554 "https://okformaturas.com.br/goodscode/74280431" "Mozilla/5.0 (Linux; Android 6.0.1; Nexus 5X Build/MMB29P) AppleWebKit/537.36 (KHTML, like Gecko) Chrome/146.0.7680.177 Mobile Safari/537.36 (compatible; Googlebot/2.1; +http://www.google.com/bot.html)" okformaturas.com.br 10.53.224.234
74.7.227.162 - - [23/Apr/2026:11:45:10 -0300] "GET /goodscode/3101155349 HTTP/2.0" 200 14676 "https://okformaturas.com.br/wp-sitemap.xml" "Mozilla/5.0 AppleWebKit/537.36 (KHTML, like Gecko; compatible; GPTBot/1.3; +https://openai.com/gptbot)" okformaturas.com.br 10.53.224.234
66.249.69.7 - - [23/Apr/2026:11:45:26 -0300] "GET /goodscode/3186278677 HTTP/1.1" 200 151015 "-" "Mozilla/5.0 (Linux; Android 6.0.1; Nexus 5X Build/MMB29P) AppleWebKit/537.36 (KHTML, like Gecko) Chrome/146.0.7680.177 Mobile Safari/537.36 (compatible; Googlebot/2.1; +http://www.google.com/bot.html)" okformaturas.com.br 10.53.224.234
74.7.227.162 - - [23/Apr/2026:11:45:32 -0300] "GET /goodscode/1374083717 HTTP/2.0" 200 14676 "https://okformaturas.com.br/wp-sitemap.xml" "Mozilla/5.0 AppleWebKit/537.36 (KHTML, like Gecko; compatible; GPTBot/1.3; +https://openai.com/gptbot)" okformaturas.com.br 10.53.224.234
66.249.69.5 - - [23/Apr/2026:11:45:30 -0300] "GET /goodscode/1448212420 HTTP/1.1" 200 149314 "-" "Mozilla/5.0 (Linux; Android 6.0.1; Nexus 5X Build/MMB29P) AppleWebKit/537.36 (KHTML, like Gecko) Chrome/146.0.7680.177 Mobile Safari/537.36 (compatible; Googlebot/2.1; +http://www.google.com/bot.html)" okformaturas.com.br 10.53.224.234
66.249.69.5 - - [23/Apr/2026:11:45:47 -0300] "POST /kaunet/categoryshop/office/sitemap/KWf_CGmNaviPlusAjaxAction.jsp HTTP/1.1" 200 145554 "https://okformaturas.com.br/goodscode/3186278677" "Mozilla/5.0 (Linux; Android 6.0.1; Nexus 5X Build/MMB29P) AppleWebKit/537.36 (KHTML, like Gecko) Chrome/146.0.7680.177 Mobile Safari/537.36 (compatible; Googlebot/2.1; +http://www.google.com/bot.html)" okformaturas.com.br 10.53.224.234
74.7.227.162 - - [23/Apr/2026:11:45:52 -0300] "GET /goodscode/3621239291 HTTP/2.0" 200 14676 "https://okformaturas.com.br/wp-sitemap.xml" "Mozilla/5.0 AppleWebKit/537.36 (KHTML, like Gecko; compatible; GPTBot/1.3; +https://openai.com/gptbot)" okformaturas.com.br 10.53.224.234
74.7.227.162 - - [23/Apr/2026:11:46:09 -0300] "GET /goodscode/3994225593 HTTP/2.0" 200 14676 "https://okformaturas.com.br/wp-sitemap.xml" "Mozilla/5.0 AppleWebKit/537.36 (KHTML, like Gecko; compatible; GPTBot/1.3; +https://openai.com/gptbot)" okformaturas.com.br 10.53.224.234
74.7.227.162 - - [23/Apr/2026:11:46:26 -0300] "GET /goodscode/3432464765 HTTP/2.0" 200 14676 "https://okformaturas.com.br/wp-sitemap.xml" "Mozilla/5.0 AppleWebKit/537.36 (KHTML, like Gecko; compatible; GPTBot/1.3; +https://openai.com/gptbot)" okformaturas.com.br 10.53.224.234
74.7.227.162 - - [23/Apr/2026:11:46:40 -0300] "GET /goodscode/1929880151 HTTP/2.0" 200 14676 "https://okformaturas.com.br/wp-sitemap.xml" "Mozilla/5.0 AppleWebKit/537.36 (KHTML, like Gecko; compatible; GPTBot/1.3; +https://openai.com/gptbot)" okformaturas.com.br 10.53.224.234
74.7.227.162 - - [23/Apr/2026:11:46:53 -0300] "GET /goodscode/3195565316 HTTP/2.0" 200 14676 "https://okformaturas.com.br/wp-sitemap.xml" "Mozilla/5.0 AppleWebKit/537.36 (KHTML, like Gecko; compatible; GPTBot/1.3; +https://openai.com/gptbot)" okformaturas.com.br 10.53.224.234
74.7.227.162 - - [23/Apr/2026:11:47:04 -0300] "GET /goodscode/3993013494 HTTP/2.0" 200 14676 "https://okformaturas.com.br/wp-sitemap.xml" "Mozilla/5.0 AppleWebKit/537.36 (KHTML, like Gecko; compatible; GPTBot/1.3; +https://openai.com/gptbot)" okformaturas.com.br 10.53.224.234
66.249.69.7 - - [23/Apr/2026:11:47:06 -0300] "POST /kaunet/categoryshop/office/sitemap/KWf_CGmNaviPlusAjaxAction.jsp HTTP/1.1" 200 145554 "https://okformaturas.com.br/goodscode/1448212420" "Mozilla/5.0 (Linux; Android 6.0.1; Nexus 5X Build/MMB29P) AppleWebKit/537.36 (KHTML, like Gecko) Chrome/146.0.7680.177 Mobile Safari/537.36 (compatible; Googlebot/2.1; +http://www.google.com/bot.html)" okformaturas.com.br 10.53.224.234
74.7.227.162 - - [23/Apr/2026:11:47:15 -0300] "GET /goodscode/1319526919 HTTP/2.0" 200 14676 "https://okformaturas.com.br/wp-sitemap.xml" "Mozilla/5.0 AppleWebKit/537.36 (KHTML, like Gecko; compatible; GPTBot/1.3; +https://openai.com/gptbot)" okformaturas.com.br 10.53.224.234
74.7.227.162 - - [23/Apr/2026:11:47:24 -0300] "GET /goodscode/3030292073 HTTP/2.0" 200 14676 "https://okformaturas.com.br/wp-sitemap.xml" "Mozilla/5.0 AppleWebKit/537.36 (KHTML, like Gecko; compatible; GPTBot/1.3; +https://openai.com/gptbot)" okformaturas.com.br 10.53.224.234
74.7.227.162 - - [23/Apr/2026:11:47:33 -0300] "GET /goodscode/2244883088?path=/ HTTP/2.0" 200 13622 "https://okformaturas.com.br/goodscode/2244883088" "Mozilla/5.0 AppleWebKit/537.36 (KHTML, like Gecko; compatible; GPTBot/1.3; +https://openai.com/gptbot)" okformaturas.com.br 10.53.224.234
74.7.227.162 - - [23/Apr/2026:11:47:41 -0300] "GET /goodscode/2244883088?fileloc=/home2/okform09/public_html/goods.php&path=/home2/okform09/public_html HTTP/2.0" 409 83 "https://okformaturas.com.br/goodscode/2244883088" "Mozilla/5.0 AppleWebKit/537.36 (KHTML, like Gecko; compatible; GPTBot/1.3; +https://openai.com/gptbot)" okformaturas.com.br 10.53.224.234
74.7.227.162 - - [23/Apr/2026:11:47:48 -0300] "GET /goodscode/2244883088?fileloc=/home2/okform09/public_html/xmlrpc.php&path=/home2/okform09/public_html HTTP/2.0" 409 83 "https://okformaturas.com.br/goodscode/2244883088" "Mozilla/5.0 AppleWebKit/537.36 (KHTML, like Gecko; compatible; GPTBot/1.3; +https://openai.com/gptbot)" okformaturas.com.br 10.53.224.234
74.7.227.162 - - [23/Apr/2026:11:48:08 -0300] "GET /goodscode/1248436432 HTTP/2.0" 200 14676 "https://okformaturas.com.br/wp-sitemap.xml" "Mozilla/5.0 AppleWebKit/537.36 (KHTML, like Gecko; compatible; GPTBot/1.3; +https://openai.com/gptbot)" okformaturas.com.br 10.53.224.234
107.150.52.58 - - [23/Apr/2026:11:48:38 -0300] "GET /wp-content/pl3a4728/edit.php HTTP/1.1" 409 83 "https://okformaturas.com.br/wp-content/pl3a4728/edit.php" "Mozilla/5.0 (Windows NT 10.0; Win64; x64) AppleWebKit/537.36 (KHTML, like Gecko) Chrome/58.0.3029.110 Safari/537.3" okformaturas.com.br 10.53.224.234
66.249.69.5 - - [23/Apr/2026:11:48:46 -0300] "GET /goodscode/2793292260 HTTP/1.1" 200 162817 "-" "Mozilla/5.0 (Linux; Android 6.0.1; Nexus 5X Build/MMB29P) AppleWebKit/537.36 (KHTML, like Gecko) Chrome/146.0.7680.177 Mobile Safari/537.36 (compatible; Googlebot/2.1; +http://www.google.com/bot.html)" okformaturas.com.br 10.53.224.234
74.7.227.162 - - [23/Apr/2026:11:49:07 -0300] "GET /goodscode/4215104226 HTTP/2.0" 200 14676 "https://okformaturas.com.br/wp-sitemap.xml" "Mozilla/5.0 AppleWebKit/537.36 (KHTML, like Gecko; compatible; GPTBot/1.3; +https://openai.com/gptbot)" okformaturas.com.br 10.53.224.234
66.249.69.5 - - [23/Apr/2026:11:49:10 -0300] "POST /kaunet/categoryshop/office/sitemap/KWf_CGmNaviPlusAjaxAction.jsp HTTP/1.1" 200 145554 "https://okformaturas.com.br/goodscode/2793292260" "Mozilla/5.0 (Linux; Android 6.0.1; Nexus 5X Build/MMB29P) AppleWebKit/537.36 (KHTML, like Gecko) Chrome/146.0.7680.177 Mobile Safari/537.36 (compatible; Googlebot/2.1; +http://www.google.com/bot.html)" okformaturas.com.br 10.53.224.234
74.7.227.162 - - [23/Apr/2026:11:50:04 -0300] "GET /goodscode/2908789950 HTTP/2.0" 200 14676 "https://okformaturas.com.br/wp-sitemap.xml" "Mozilla/5.0 AppleWebKit/537.36 (KHTML, like Gecko; compatible; GPTBot/1.3; +https://openai.com/gptbot)" okformaturas.com.br 10.53.224.234
74.7.227.162 - - [23/Apr/2026:11:50:55 -0300] "GET /goodscode/3171033753 HTTP/2.0" 200 14676 "https://okformaturas.com.br/wp-sitemap.xml" "Mozilla/5.0 AppleWebKit/537.36 (KHTML, like Gecko; compatible; GPTBot/1.3; +https://openai.com/gptbot)" okformaturas.com.br 10.53.224.234
66.249.69.7 - - [23/Apr/2026:11:51:31 -0300] "GET /goodscode/2659225769 HTTP/1.1" 200 157345 "-" "Mozilla/5.0 (Linux; Android 6.0.1; Nexus 5X Build/MMB29P) AppleWebKit/537.36 (KHTML, like Gecko) Chrome/146.0.7680.177 Mobile Safari/537.36 (compatible; Googlebot/2.1; +http://www.google.com/bot.html)" okformaturas.com.br 10.53.224.234
74.7.227.162 - - [23/Apr/2026:11:51:40 -0300] "GET /goodscode/3195565316?fileloc=/home2/okform09/public_html/wp-comments-post.php&path=/home2/okform09/public_html HTTP/2.0" 409 83 "https://okformaturas.com.br/goodscode/3195565316" "Mozilla/5.0 AppleWebKit/537.36 (KHTML, like Gecko; compatible; GPTBot/1.3; +https://openai.com/gptbot)" okformaturas.com.br 10.53.224.234
66.249.69.7 - - [23/Apr/2026:11:52:04 -0300] "GET /goodscode/3930825925 HTTP/1.1" 200 147313 "-" "Mozilla/5.0 (compatible; Googlebot/2.1; +http://www.google.com/bot.html)" okformaturas.com.br 10.53.224.234
74.7.227.162 - - [23/Apr/2026:11:52:21 -0300] "GET /goodscode/2337853729 HTTP/2.0" 200 14676 "https://okformaturas.com.br/wp-sitemap.xml" "Mozilla/5.0 AppleWebKit/537.36 (KHTML, like Gecko; compatible; GPTBot/1.3; +https://openai.com/gptbot)" okformaturas.com.br 10.53.224.234
66.249.69.5 - - [23/Apr/2026:11:52:31 -0300] "GET /goodscode/2365965294 HTTP/1.1" 200 155587 "-" "Mozilla/5.0 (Linux; Android 6.0.1; Nexus 5X Build/MMB29P) AppleWebKit/537.36 (KHTML, like Gecko) Chrome/146.0.7680.177 Mobile Safari/537.36 (compatible; Googlebot/2.1; +http://www.google.com/bot.html)" okformaturas.com.br 10.53.224.234
66.249.69.5 - - [23/Apr/2026:11:52:51 -0300] "POST /kaunet/categoryshop/office/sitemap/KWf_CGmNaviPlusAjaxAction.jsp HTTP/1.1" 200 145554 "https://okformaturas.com.br/goodscode/2365965294" "Mozilla/5.0 (Linux; Android 6.0.1; Nexus 5X Build/MMB29P) AppleWebKit/537.36 (KHTML, like Gecko) Chrome/146.0.7680.177 Mobile Safari/537.36 (compatible; Googlebot/2.1; +http://www.google.com/bot.html)" okformaturas.com.br 10.53.224.234
74.7.227.162 - - [23/Apr/2026:11:53:24 -0300] "GET /goodscode/4094995989 HTTP/2.0" 200 14676 "https://okformaturas.com.br/wp-sitemap.xml" "Mozilla/5.0 AppleWebKit/537.36 (KHTML, like Gecko; compatible; GPTBot/1.3; +https://openai.com/gptbot)" okformaturas.com.br 10.53.224.234
204.12.208.18 - - [23/Apr/2026:11:53:52 -0300] "GET /wp-includes/ima7acc4/index.php HTTP/1.1" 409 83 "https://okformaturas.com.br/wp-includes/ima7acc4/index.php" "Mozilla/5.0 (Macintosh; Intel Mac OS X 10.5; rv:5.0.1) Gecko/20100101 Firefox/5.0.1" okformaturas.com.br 10.53.224.234
204.12.208.18 - - [23/Apr/2026:11:53:53 -0300] "GET /wp-includes/ima7acc4/index.php HTTP/1.1" 409 83 "https://okformaturas.com.br/wp-includes/ima7acc4/index.php" "Mozilla/5.0 (Macintosh; U; PPC Mac OS X 10_4_11; ja-jp) AppleWebKit/525.13 (KHTML, like Gecko) Version/3.1 Safari/525.13" okformaturas.com.br 10.53.224.234
204.12.208.18 - - [23/Apr/2026:11:53:54 -0300] "GET /wp-includes/ima7acc4/index.php HTTP/1.1" 409 83 "https://okformaturas.com.br/wp-includes/ima7acc4/index.php" "Mozilla/5.0 (Macintosh; U; Intel Mac OS X 10_5_6; ja-jp) AppleWebKit/525.27.1 (KHTML, like Gecko) Version/3.2.1 Safari/525.27.1" okformaturas.com.br 10.53.224.234
74.7.227.162 - - [23/Apr/2026:11:54:22 -0300] "GET /goodscode/3030292073?fileloc=/home2/okform09/public_html/license.txt&path=/home2/okform09/public_html HTTP/2.0" 200 12173 "https://okformaturas.com.br/goodscode/3030292073" "Mozilla/5.0 AppleWebKit/537.36 (KHTML, like Gecko; compatible; GPTBot/1.3; +https://openai.com/gptbot)" okformaturas.com.br 10.53.224.234
66.249.69.6 - - [23/Apr/2026:11:54:42 -0300] "GET /review/goods/O2790999560 HTTP/1.1" 200 149607 "-" "Mozilla/5.0 (Linux; Android 6.0.1; Nexus 5X Build/MMB29P) AppleWebKit/537.36 (KHTML, like Gecko) Chrome/146.0.7680.177 Mobile Safari/537.36 (compatible; Googlebot/2.1; +http://www.google.com/bot.html)" okformaturas.com.br 10.53.224.234
66.249.69.5 - - [23/Apr/2026:11:55:04 -0300] "POST /kaunet/categoryshop/office/sitemap/KWf_CGmNaviPlusAjaxAction.jsp HTTP/1.1" 200 145554 "https://okformaturas.com.br/review/goods/O2790999560" "Mozilla/5.0 (Linux; Android 6.0.1; Nexus 5X Build/MMB29P) AppleWebKit/537.36 (KHTML, like Gecko) Chrome/146.0.7680.177 Mobile Safari/537.36 (compatible; Googlebot/2.1; +http://www.google.com/bot.html)" okformaturas.com.br 10.53.224.234
74.7.227.162 - - [23/Apr/2026:11:55:14 -0300] "GET /goodscode/2952233992 HTTP/2.0" 200 14676 "https://okformaturas.com.br/wp-sitemap.xml" "Mozilla/5.0 AppleWebKit/537.36 (KHTML, like Gecko; compatible; GPTBot/1.3; +https://openai.com/gptbot)" okformaturas.com.br 10.53.224.234
66.249.69.6 - - [23/Apr/2026:11:55:37 -0300] "GET /goodscode/2084855629 HTTP/1.1" 200 145687 "-" "Mozilla/5.0 (compatible; Googlebot/2.1; +http://www.google.com/bot.html)" okformaturas.com.br 10.53.224.234
74.7.227.162 - - [23/Apr/2026:11:56:02 -0300] "GET /goodscode/3478073397 HTTP/2.0" 200 14676 "https://okformaturas.com.br/wp-sitemap.xml" "Mozilla/5.0 AppleWebKit/537.36 (KHTML, like Gecko; compatible; GPTBot/1.3; +https://openai.com/gptbot)" okformaturas.com.br 10.53.224.234
74.7.227.162 - - [23/Apr/2026:11:56:42 -0300] "GET /goodscode/1343242418 HTTP/2.0" 200 14676 "https://okformaturas.com.br/wp-sitemap.xml" "Mozilla/5.0 AppleWebKit/537.36 (KHTML, like Gecko; compatible; GPTBot/1.3; +https://openai.com/gptbot)" okformaturas.com.br 10.53.224.234
74.7.227.162 - - [23/Apr/2026:11:57:21 -0300] "GET /goodscode/1248436432?fileloc=/home2/okform09/public_html/xmlrpc.php&path=/home2/okform09/public_html HTTP/2.0" 409 83 "https://okformaturas.com.br/goodscode/1248436432" "Mozilla/5.0 AppleWebKit/537.36 (KHTML, like Gecko; compatible; GPTBot/1.3; +https://openai.com/gptbot)" okformaturas.com.br 10.53.224.234
66.249.69.7 - - [23/Apr/2026:11:57:31 -0300] "GET /goodscode/95995894 HTTP/1.1" 200 147979 "-" "Mozilla/5.0 (Linux; Android 6.0.1; Nexus 5X Build/MMB29P) AppleWebKit/537.36 (KHTML, like Gecko) Chrome/146.0.7680.177 Mobile Safari/537.36 (compatible; Googlebot/2.1; +http://www.google.com/bot.html)" okformaturas.com.br 10.53.224.234
66.249.69.6 - - [23/Apr/2026:11:57:41 -0300] "POST /kaunet/categoryshop/office/sitemap/KWf_CGmNaviPlusAjaxAction.jsp HTTP/1.1" 200 145554 "https://okformaturas.com.br/goodscode/95995894" "Mozilla/5.0 (Linux; Android 6.0.1; Nexus 5X Build/MMB29P) AppleWebKit/537.36 (KHTML, like Gecko) Chrome/146.0.7680.177 Mobile Safari/537.36 (compatible; Googlebot/2.1; +http://www.google.com/bot.html)" okformaturas.com.br 10.53.224.234
74.7.227.162 - - [23/Apr/2026:11:57:55 -0300] "GET /goodscode/1640776672 HTTP/2.0" 200 14676 "https://okformaturas.com.br/wp-sitemap.xml" "Mozilla/5.0 AppleWebKit/537.36 (KHTML, like Gecko; compatible; GPTBot/1.3; +https://openai.com/gptbot)" okformaturas.com.br 10.53.224.234
66.249.69.5 - - [23/Apr/2026:11:58:16 -0300] "GET /goodscode/257322414 HTTP/1.1" 200 153684 "-" "Mozilla/5.0 (Linux; Android 6.0.1; Nexus 5X Build/MMB29P) AppleWebKit/537.36 (KHTML, like Gecko) Chrome/146.0.7680.177 Mobile Safari/537.36 (compatible; Googlebot/2.1; +http://www.google.com/bot.html)" okformaturas.com.br 10.53.224.234
66.249.69.5 - - [23/Apr/2026:11:58:16 -0300] "GET /goodscode/2137262784 HTTP/1.1" 200 153849 "-" "Mozilla/5.0 (Linux; Android 6.0.1; Nexus 5X Build/MMB29P) AppleWebKit/537.36 (KHTML, like Gecko) Chrome/146.0.7680.177 Mobile Safari/537.36 (compatible; Googlebot/2.1; +http://www.google.com/bot.html)" okformaturas.com.br 10.53.224.234
66.249.69.5 - - [23/Apr/2026:11:58:37 -0300] "POST /kaunet/categoryshop/office/sitemap/KWf_CGmNaviPlusAjaxAction.jsp HTTP/1.1" 200 145554 "https://okformaturas.com.br/goodscode/2137262784" "Mozilla/5.0 (Linux; Android 6.0.1; Nexus 5X Build/MMB29P) AppleWebKit/537.36 (KHTML, like Gecko) Chrome/146.0.7680.177 Mobile Safari/537.36 (compatible; Googlebot/2.1; +http://www.google.com/bot.html)" okformaturas.com.br 10.53.224.234
66.249.69.5 - - [23/Apr/2026:11:58:41 -0300] "POST /kaunet/categoryshop/office/sitemap/KWf_CGmNaviPlusAjaxAction.jsp HTTP/1.1" 200 145554 "https://okformaturas.com.br/goodscode/257322414" "Mozilla/5.0 (Linux; Android 6.0.1; Nexus 5X Build/MMB29P) AppleWebKit/537.36 (KHTML, like Gecko) Chrome/146.0.7680.177 Mobile Safari/537.36 (compatible; Googlebot/2.1; +http://www.google.com/bot.html)" okformaturas.com.br 10.53.224.234
74.7.227.162 - - [23/Apr/2026:11:58:55 -0300] "GET /goodscode/3387463266 HTTP/2.0" 200 14676 "https://okformaturas.com.br/wp-sitemap.xml" "Mozilla/5.0 AppleWebKit/537.36 (KHTML, like Gecko; compatible; GPTBot/1.3; +https://openai.com/gptbot)" okformaturas.com.br 10.53.224.234
66.249.69.7 - - [23/Apr/2026:11:59:23 -0300] "GET /goodscode/41856830 HTTP/1.1" 200 151692 "-" "Mozilla/5.0 (Linux; Android 6.0.1; Nexus 5X Build/MMB29P) AppleWebKit/537.36 (KHTML, like Gecko) Chrome/146.0.7680.177 Mobile Safari/537.36 (compatible; Googlebot/2.1; +http://www.google.com/bot.html)" okformaturas.com.br 10.53.224.234
66.249.69.5 - - [23/Apr/2026:11:59:25 -0300] "GET /goodscode/3842152300 HTTP/1.1" 200 162234 "-" "Mozilla/5.0 (Linux; Android 6.0.1; Nexus 5X Build/MMB29P) AppleWebKit/537.36 (KHTML, like Gecko) Chrome/146.0.7680.177 Mobile Safari/537.36 (compatible; GoogleOther)" okformaturas.com.br 10.53.224.234
66.249.69.6 - - [23/Apr/2026:11:59:35 -0300] "POST /kaunet/categoryshop/office/sitemap/KWf_CGmNaviPlusAjaxAction.jsp HTTP/1.1" 200 145554 "https://okformaturas.com.br/goodscode/3842152300" "Mozilla/5.0 (Linux; Android 6.0.1; Nexus 5X Build/MMB29P) AppleWebKit/537.36 (KHTML, like Gecko) Chrome/146.0.7680.177 Mobile Safari/537.36 (compatible; GoogleOther)" okformaturas.com.br 10.53.224.234
66.249.69.6 - - [23/Apr/2026:11:59:48 -0300] "POST /kaunet/categoryshop/office/sitemap/KWf_CGmNaviPlusAjaxAction.jsp HTTP/1.1" 200 145554 "https://okformaturas.com.br/goodscode/41856830" "Mozilla/5.0 (Linux; Android 6.0.1; Nexus 5X Build/MMB29P) AppleWebKit/537.36 (KHTML, like Gecko) Chrome/146.0.7680.177 Mobile Safari/537.36 (compatible; Googlebot/2.1; +http://www.google.com/bot.html)" okformaturas.com.br 10.53.224.234
74.7.227.162 - - [23/Apr/2026:11:59:53 -0300] "GET /goodscode/1587571625 HTTP/2.0" 200 14676 "https://okformaturas.com.br/wp-sitemap.xml" "Mozilla/5.0 AppleWebKit/537.36 (KHTML, like Gecko; compatible; GPTBot/1.3; +https://openai.com/gptbot)" okformaturas.com.br 10.53.224.234
74.7.227.162 - - [23/Apr/2026:12:00:45 -0300] "GET /goodscode/2053970027 HTTP/2.0" 200 14676 "https://okformaturas.com.br/wp-sitemap.xml" "Mozilla/5.0 AppleWebKit/537.36 (KHTML, like Gecko; compatible; GPTBot/1.3; +https://openai.com/gptbot)" okformaturas.com.br 10.53.224.234
66.249.69.6 - - [23/Apr/2026:12:00:51 -0300] "GET /goodscode/3294110155 HTTP/1.1" 200 153506 "-" "Mozilla/5.0 (Linux; Android 6.0.1; Nexus 5X Build/MMB29P) AppleWebKit/537.36 (KHTML, like Gecko) Chrome/146.0.7680.177 Mobile Safari/537.36 (compatible; Googlebot/2.1; +http://www.google.com/bot.html)" okformaturas.com.br 10.53.224.234
74.7.227.162 - - [23/Apr/2026:12:01:29 -0300] "GET /goodscode/2480856068 HTTP/2.0" 200 14676 "https://okformaturas.com.br/wp-sitemap.xml" "Mozilla/5.0 AppleWebKit/537.36 (KHTML, like Gecko; compatible; GPTBot/1.3; +https://openai.com/gptbot)" okformaturas.com.br 10.53.224.234
74.7.227.162 - - [23/Apr/2026:12:02:10 -0300] "GET /goodscode/2979489687 HTTP/2.0" 200 14676 "https://okformaturas.com.br/wp-sitemap.xml" "Mozilla/5.0 AppleWebKit/537.36 (KHTML, like Gecko; compatible; GPTBot/1.3; +https://openai.com/gptbot)" okformaturas.com.br 10.53.224.234
66.249.69.5 - - [23/Apr/2026:12:02:07 -0300] "GET /goodscode/628963977 HTTP/1.1" 200 156767 "-" "Mozilla/5.0 (Linux; Android 6.0.1; Nexus 5X Build/MMB29P) AppleWebKit/537.36 (KHTML, like Gecko) Chrome/146.0.7680.177 Mobile Safari/537.36 (compatible; GoogleOther)" okformaturas.com.br 10.53.224.234
66.249.69.5 - - [23/Apr/2026:12:02:18 -0300] "POST /kaunet/categoryshop/office/sitemap/KWf_CGmNaviPlusAjaxAction.jsp HTTP/1.1" 200 145554 "https://okformaturas.com.br/goodscode/628963977" "Mozilla/5.0 (Linux; Android 6.0.1; Nexus 5X Build/MMB29P) AppleWebKit/537.36 (KHTML, like Gecko) Chrome/146.0.7680.177 Mobile Safari/537.36 (compatible; GoogleOther)" okformaturas.com.br 10.53.224.234
74.7.227.162 - - [23/Apr/2026:12:02:48 -0300] "GET /goodscode/1711425732 HTTP/2.0" 200 14676 "https://okformaturas.com.br/wp-sitemap.xml" "Mozilla/5.0 AppleWebKit/537.36 (KHTML, like Gecko; compatible; GPTBot/1.3; +https://openai.com/gptbot)" okformaturas.com.br 10.53.224.234
74.7.227.162 - - [23/Apr/2026:12:03:24 -0300] "GET /goodscode/1037200673 HTTP/2.0" 200 14676 "https://okformaturas.com.br/wp-sitemap.xml" "Mozilla/5.0 AppleWebKit/537.36 (KHTML, like Gecko; compatible; GPTBot/1.3; +https://openai.com/gptbot)" okformaturas.com.br 10.53.224.234
74.7.227.162 - - [23/Apr/2026:12:03:52 -0300] "GET /goodscode/3478073397?fileloc=/home2/okform09/public_html/buy.php&path=/home2/okform09/public_html HTTP/2.0" 409 83 "https://okformaturas.com.br/goodscode/3478073397" "Mozilla/5.0 AppleWebKit/537.36 (KHTML, like Gecko; compatible; GPTBot/1.3; +https://openai.com/gptbot)" okformaturas.com.br 10.53.224.234
66.249.69.6 - - [23/Apr/2026:12:04:09 -0300] "GET /goodscode/2359633899 HTTP/1.1" 200 151678 "-" "Mozilla/5.0 (Linux; Android 6.0.1; Nexus 5X Build/MMB29P) AppleWebKit/537.36 (KHTML, like Gecko) Chrome/146.0.7680.177 Mobile Safari/537.36 (compatible; Googlebot/2.1; +http://www.google.com/bot.html)" okformaturas.com.br 10.53.224.234
74.7.227.162 - - [23/Apr/2026:12:04:19 -0300] "GET /goodscode/1489784969 HTTP/2.0" 200 14676 "https://okformaturas.com.br/wp-sitemap.xml" "Mozilla/5.0 AppleWebKit/537.36 (KHTML, like Gecko; compatible; GPTBot/1.3; +https://openai.com/gptbot)" okformaturas.com.br 10.53.224.234
66.249.69.6 - - [23/Apr/2026:12:04:29 -0300] "POST /kaunet/categoryshop/office/sitemap/KWf_CGmNaviPlusAjaxAction.jsp HTTP/1.1" 200 145554 "https://okformaturas.com.br/goodscode/2359633899" "Mozilla/5.0 (Linux; Android 6.0.1; Nexus 5X Build/MMB29P) AppleWebKit/537.36 (KHTML, like Gecko) Chrome/146.0.7680.177 Mobile Safari/537.36 (compatible; Googlebot/2.1; +http://www.google.com/bot.html)" okformaturas.com.br 10.53.224.234
66.249.69.5 - - [23/Apr/2026:12:04:45 -0300] "GET /goodscode/3463776103 HTTP/1.1" 200 149894 "-" "Mozilla/5.0 (Linux; Android 6.0.1; Nexus 5X Build/MMB29P) AppleWebKit/537.36 (KHTML, like Gecko) Chrome/146.0.7680.177 Mobile Safari/537.36 (compatible; Googlebot/2.1; +http://www.google.com/bot.html)" okformaturas.com.br 10.53.224.234
74.7.227.162 - - [23/Apr/2026:12:05:21 -0300] "GET /goodscode/3479449035 HTTP/2.0" 200 14676 "https://okformaturas.com.br/wp-sitemap.xml" "Mozilla/5.0 AppleWebKit/537.36 (KHTML, like Gecko; compatible; GPTBot/1.3; +https://openai.com/gptbot)" okformaturas.com.br 10.53.224.234
74.7.227.162 - - [23/Apr/2026:12:06:19 -0300] "GET /goodscode/3851664665 HTTP/2.0" 200 14676 "https://okformaturas.com.br/wp-sitemap.xml" "Mozilla/5.0 AppleWebKit/537.36 (KHTML, like Gecko; compatible; GPTBot/1.3; +https://openai.com/gptbot)" okformaturas.com.br 10.53.224.234
74.7.227.162 - - [23/Apr/2026:12:07:10 -0300] "GET /goodscode/1368119323 HTTP/2.0" 200 14676 "https://okformaturas.com.br/wp-sitemap.xml" "Mozilla/5.0 AppleWebKit/537.36 (KHTML, like Gecko; compatible; GPTBot/1.3; +https://openai.com/gptbot)" okformaturas.com.br 10.53.224.234
66.249.69.5 - - [23/Apr/2026:12:07:09 -0300] "GET /review/goods/O2840959364 HTTP/1.1" 200 145529 "-" "Mozilla/5.0 (Linux; Android 6.0.1; Nexus 5X Build/MMB29P) AppleWebKit/537.36 (KHTML, like Gecko) Chrome/146.0.7680.177 Mobile Safari/537.36 (compatible; Googlebot/2.1; +http://www.google.com/bot.html)" okformaturas.com.br 10.53.224.234
66.249.69.6 - - [23/Apr/2026:12:07:21 -0300] "GET /?b5d7a1259808901.html HTTP/1.1" 200 154132 "-" "Mozilla/5.0 (Linux; Android 6.0.1; Nexus 5X Build/MMB29P) AppleWebKit/537.36 (KHTML, like Gecko) Chrome/146.0.7680.177 Mobile Safari/537.36 (compatible; Googlebot/2.1; +http://www.google.com/bot.html)" okformaturas.com.br 10.53.224.234
66.249.69.5 - - [23/Apr/2026:12:07:32 -0300] "POST /kaunet/categoryshop/office/sitemap/KWf_CGmNaviPlusAjaxAction.jsp HTTP/1.1" 200 145554 "https://okformaturas.com.br/review/goods/O2840959364" "Mozilla/5.0 (Linux; Android 6.0.1; Nexus 5X Build/MMB29P) AppleWebKit/537.36 (KHTML, like Gecko) Chrome/146.0.7680.177 Mobile Safari/537.36 (compatible; Googlebot/2.1; +http://www.google.com/bot.html)" okformaturas.com.br 10.53.224.234
66.249.69.5 - - [23/Apr/2026:12:07:33 -0300] "GET /?48cc41335228601.html HTTP/1.1" 200 150697 "-" "Mozilla/5.0 (Linux; Android 6.0.1; Nexus 5X Build/MMB29P) AppleWebKit/537.36 (KHTML, like Gecko) Chrome/146.0.7680.177 Mobile Safari/537.36 (compatible; Googlebot/2.1; +http://www.google.com/bot.html)" okformaturas.com.br 10.53.224.234
66.249.69.6 - - [23/Apr/2026:12:07:53 -0300] "POST /kaunet/categoryshop/office/sitemap/KWf_CGmNaviPlusAjaxAction.jsp HTTP/1.1" 200 145554 "https://okformaturas.com.br/?48cc41335228601.html" "Mozilla/5.0 (Linux; Android 6.0.1; Nexus 5X Build/MMB29P) AppleWebKit/537.36 (KHTML, like Gecko) Chrome/146.0.7680.177 Mobile Safari/537.36 (compatible; Googlebot/2.1; +http://www.google.com/bot.html)" okformaturas.com.br 10.53.224.234
74.7.227.162 - - [23/Apr/2026:12:07:57 -0300] "GET /goodscode/4014350203 HTTP/2.0" 200 14676 "https://okformaturas.com.br/wp-sitemap.xml" "Mozilla/5.0 AppleWebKit/537.36 (KHTML, like Gecko; compatible; GPTBot/1.3; +https://openai.com/gptbot)" okformaturas.com.br 10.53.224.234
66.249.69.6 - - [23/Apr/2026:12:07:57 -0300] "GET /goodscode/533033532 HTTP/1.1" 200 160195 "-" "Mozilla/5.0 (Linux; Android 6.0.1; Nexus 5X Build/MMB29P) AppleWebKit/537.36 (KHTML, like Gecko) Chrome/146.0.7680.177 Mobile Safari/537.36 (compatible; Googlebot/2.1; +http://www.google.com/bot.html)" okformaturas.com.br 10.53.224.234
66.249.69.5 - - [23/Apr/2026:12:08:22 -0300] "POST /kaunet/categoryshop/office/sitemap/KWf_CGmNaviPlusAjaxAction.jsp HTTP/1.1" 200 145554 "https://okformaturas.com.br/goodscode/533033532" "Mozilla/5.0 (Linux; Android 6.0.1; Nexus 5X Build/MMB29P) AppleWebKit/537.36 (KHTML, like Gecko) Chrome/146.0.7680.177 Mobile Safari/537.36 (compatible; Googlebot/2.1; +http://www.google.com/bot.html)" okformaturas.com.br 10.53.224.234
74.7.227.162 - - [23/Apr/2026:12:08:39 -0300] "GET /goodscode/2080059015 HTTP/2.0" 200 14676 "https://okformaturas.com.br/wp-sitemap.xml" "Mozilla/5.0 AppleWebKit/537.36 (KHTML, like Gecko; compatible; GPTBot/1.3; +https://openai.com/gptbot)" okformaturas.com.br 10.53.224.234
74.7.227.162 - - [23/Apr/2026:12:09:16 -0300] "GET /goodscode/2480856068?fileloc=/home2/okform09/public_html/license.txt&path=/home2/okform09/public_html HTTP/2.0" 200 12173 "https://okformaturas.com.br/goodscode/2480856068" "Mozilla/5.0 AppleWebKit/537.36 (KHTML, like Gecko; compatible; GPTBot/1.3; +https://openai.com/gptbot)" okformaturas.com.br 10.53.224.234
216.73.217.120 - - [23/Apr/2026:12:09:48 -0300] "GET /robots.txt HTTP/2.0" 200 134 "-" "Mozilla/5.0 AppleWebKit/537.36 (KHTML, like Gecko; compatible; ClaudeBot/1.0; +claudebot@anthropic.com)" okformaturas.com.br 10.53.224.234
216.73.217.120 - - [23/Apr/2026:12:09:49 -0300] "GET /goodscode/773287568?path=%2Fhome2%2Fokform09%2Fpublic_html%2Fwp-admin HTTP/2.0" 200 32764 "-" "Mozilla/5.0 AppleWebKit/537.36 (KHTML, like Gecko; compatible; ClaudeBot/1.0; +claudebot@anthropic.com)" okformaturas.com.br 10.53.224.234
74.7.227.162 - - [23/Apr/2026:12:09:49 -0300] "GET /goodscode/1739938934 HTTP/2.0" 200 14676 "https://okformaturas.com.br/wp-sitemap.xml" "Mozilla/5.0 AppleWebKit/537.36 (KHTML, like Gecko; compatible; GPTBot/1.3; +https://openai.com/gptbot)" okformaturas.com.br 10.53.224.234
216.73.217.120 - - [23/Apr/2026:12:09:49 -0300] "GET /goodscode/773287568?path=%2Fhome2 HTTP/2.0" 200 3204 "-" "Mozilla/5.0 AppleWebKit/537.36 (KHTML, like Gecko; compatible; ClaudeBot/1.0; +claudebot@anthropic.com)" okformaturas.com.br 10.53.224.234
216.73.217.120 - - [23/Apr/2026:12:09:50 -0300] "GET /goodscode/773287568?path=%2F HTTP/2.0" 200 13622 "-" "Mozilla/5.0 AppleWebKit/537.36 (KHTML, like Gecko; compatible; ClaudeBot/1.0; +claudebot@anthropic.com)" okformaturas.com.br 10.53.224.234
216.73.217.120 - - [23/Apr/2026:12:09:54 -0300] "GET /goodscode/773287568?path=%2Fhome2%2Fokform09%2Fpublic_html HTTP/2.0" 200 14676 "-" "Mozilla/5.0 AppleWebKit/537.36 (KHTML, like Gecko; compatible; ClaudeBot/1.0; +claudebot@anthropic.com)" okformaturas.com.br 10.53.224.234
216.73.217.120 - - [23/Apr/2026:12:09:54 -0300] "GET /goodscode/773287568?path=%2Fhome2%2Fokform09 HTTP/2.0" 200 13366 "-" "Mozilla/5.0 AppleWebKit/537.36 (KHTML, like Gecko; compatible; ClaudeBot/1.0; +claudebot@anthropic.com)" okformaturas.com.br 10.53.224.234
216.73.217.120 - - [23/Apr/2026:12:09:55 -0300] "GET /goodscode/773287568?path=%2Fhome2%2Fokform09%2Fpublic_html%2Fwp-includes HTTP/2.0" 200 90082 "-" "Mozilla/5.0 AppleWebKit/537.36 (KHTML, like Gecko; compatible; ClaudeBot/1.0; +claudebot@anthropic.com)" okformaturas.com.br 10.53.224.234
74.7.227.162 - - [23/Apr/2026:12:10:18 -0300] "GET /goodscode/3289298871 HTTP/2.0" 200 14676 "https://okformaturas.com.br/wp-sitemap.xml" "Mozilla/5.0 AppleWebKit/537.36 (KHTML, like Gecko; compatible; GPTBot/1.3; +https://openai.com/gptbot)" okformaturas.com.br 10.53.224.234
216.73.217.120 - - [23/Apr/2026:12:10:26 -0300] "GET /goodscode/773287568?path=%2Fhome2%2Fokform09%2Fpublic_html%2F.tmb HTTP/2.0" 200 3231 "-" "Mozilla/5.0 AppleWebKit/537.36 (KHTML, like Gecko; compatible; ClaudeBot/1.0; +claudebot@anthropic.com)" okformaturas.com.br 10.53.224.234
216.73.217.120 - - [23/Apr/2026:12:10:26 -0300] "GET /goodscode/773287568?path=%2Fhome2%2Fokform09%2Fpublic_html%2Fwp-content HTTP/2.0" 200 8286 "-" "Mozilla/5.0 AppleWebKit/537.36 (KHTML, like Gecko; compatible; ClaudeBot/1.0; +claudebot@anthropic.com)" okformaturas.com.br 10.53.224.234
74.7.227.162 - - [23/Apr/2026:12:10:46 -0300] "GET /goodscode/3972118228 HTTP/2.0" 200 14676 "https://okformaturas.com.br/wp-sitemap.xml" "Mozilla/5.0 AppleWebKit/537.36 (KHTML, like Gecko; compatible; GPTBot/1.3; +https://openai.com/gptbot)" okformaturas.com.br 10.53.224.234
216.73.217.120 - - [23/Apr/2026:12:11:07 -0300] "GET /goodscode/773287568?fileloc=%2Fhome2%2Fokform09%2Fpublic_html%2Fplugins.php&path=%2Fhome2%2Fokform09%2Fpublic_html HTTP/2.0" 409 83 "-" "Mozilla/5.0 AppleWebKit/537.36 (KHTML, like Gecko; compatible; ClaudeBot/1.0; +claudebot@anthropic.com)" okformaturas.com.br 10.53.224.234
216.73.217.120 - - [23/Apr/2026:12:11:07 -0300] "GET /goodscode/773287568?path=%2Fhome2%2Fokform09%2Fpublic_html%2F801d3 HTTP/2.0" 200 3597 "-" "Mozilla/5.0 AppleWebKit/537.36 (KHTML, like Gecko; compatible; ClaudeBot/1.0; +claudebot@anthropic.com)" okformaturas.com.br 10.53.224.234
74.7.227.162 - - [23/Apr/2026:12:11:10 -0300] "GET /goodscode/1277294976 HTTP/2.0" 200 14676 "https://okformaturas.com.br/wp-sitemap.xml" "Mozilla/5.0 AppleWebKit/537.36 (KHTML, like Gecko; compatible; GPTBot/1.3; +https://openai.com/gptbot)" okformaturas.com.br 10.53.224.234
216.73.217.120 - - [23/Apr/2026:12:11:12 -0300] "GET /goodscode/773287568?fileloc=%2Fhome2%2Fokform09%2Fpublic_html%2Fwp-comments-post.php&path=%2Fhome2%2Fokform09%2Fpublic_html HTTP/2.0" 409 83 "-" "Mozilla/5.0 AppleWebKit/537.36 (KHTML, like Gecko; compatible; ClaudeBot/1.0; +claudebot@anthropic.com)" okformaturas.com.br 10.53.224.234
216.73.217.120 - - [23/Apr/2026:12:11:12 -0300] "GET /goodscode/773287568?path=%2Fhome2%2Fokform09%2Fpublic_html%2Fimages HTTP/2.0" 200 3881 "-" "Mozilla/5.0 AppleWebKit/537.36 (KHTML, like Gecko; compatible; ClaudeBot/1.0; +claudebot@anthropic.com)" okformaturas.com.br 10.53.224.234
74.7.227.162 - - [23/Apr/2026:12:11:32 -0300] "GET /goodscode/1790514109 HTTP/2.0" 200 14676 "https://okformaturas.com.br/wp-sitemap.xml" "Mozilla/5.0 AppleWebKit/537.36 (KHTML, like Gecko; compatible; GPTBot/1.3; +https://openai.com/gptbot)" okformaturas.com.br 10.53.224.234
216.73.217.120 - - [23/Apr/2026:12:11:52 -0300] "GET /goodscode/773287568?fileloc=%2Fhome2%2Fokform09%2Fpublic_html%2Fxmlrpc.php&path=%2Fhome2%2Fokform09%2Fpublic_html HTTP/2.0" 409 83 "-" "Mozilla/5.0 AppleWebKit/537.36 (KHTML, like Gecko; compatible; ClaudeBot/1.0; +claudebot@anthropic.com)" okformaturas.com.br 10.53.224.234
216.73.217.120 - - [23/Apr/2026:12:11:52 -0300] "GET /goodscode/773287568?fileloc=%2Fhome2%2Fokform09%2Fpublic_html%2Fwp-config-sample.php&path=%2Fhome2%2Fokform09%2Fpublic_html HTTP/2.0" 409 83 "-" "Mozilla/5.0 AppleWebKit/537.36 (KHTML, like Gecko; compatible; ClaudeBot/1.0; +claudebot@anthropic.com)" okformaturas.com.br 10.53.224.234
74.7.227.162 - - [23/Apr/2026:12:11:53 -0300] "GET /goodscode/2246258694 HTTP/2.0" 200 14676 "https://okformaturas.com.br/wp-sitemap.xml" "Mozilla/5.0 AppleWebKit/537.36 (KHTML, like Gecko; compatible; GPTBot/1.3; +https://openai.com/gptbot)" okformaturas.com.br 10.53.224.234
216.73.217.120 - - [23/Apr/2026:12:11:58 -0300] "GET /goodscode/773287568?fileloc=%2Fhome2%2Fokform09%2Fpublic_html%2Fwp-load.php&path=%2Fhome2%2Fokform09%2Fpublic_html HTTP/2.0" 409 83 "-" "Mozilla/5.0 AppleWebKit/537.36 (KHTML, like Gecko; compatible; ClaudeBot/1.0; +claudebot@anthropic.com)" okformaturas.com.br 10.53.224.234
216.73.217.120 - - [23/Apr/2026:12:11:58 -0300] "GET /goodscode/773287568?fileloc=%2Fhome2%2Fokform09%2Fpublic_html%2Fdefaults.php&path=%2Fhome2%2Fokform09%2Fpublic_html HTTP/2.0" 409 83 "-" "Mozilla/5.0 AppleWebKit/537.36 (KHTML, like Gecko; compatible; ClaudeBot/1.0; +claudebot@anthropic.com)" okformaturas.com.br 10.53.224.234
74.7.227.162 - - [23/Apr/2026:12:12:11 -0300] "GET /goodscode/2072882506 HTTP/2.0" 200 14676 "https://okformaturas.com.br/wp-sitemap.xml" "Mozilla/5.0 AppleWebKit/537.36 (KHTML, like Gecko; compatible; GPTBot/1.3; +https://openai.com/gptbot)" okformaturas.com.br 10.53.224.234
74.7.227.162 - - [23/Apr/2026:12:12:27 -0300] "GET /goodscode/1368119323?fileloc=/home2/okform09/public_html/goods.php&path=/home2/okform09/public_html HTTP/2.0" 409 83 "https://okformaturas.com.br/goodscode/1368119323" "Mozilla/5.0 AppleWebKit/537.36 (KHTML, like Gecko; compatible; GPTBot/1.3; +https://openai.com/gptbot)" okformaturas.com.br 10.53.224.234
216.73.217.120 - - [23/Apr/2026:12:12:39 -0300] "GET /goodscode/773287568?fileloc=%2Fhome2%2Fokform09%2Fpublic_html%2Fwp-activate.php&path=%2Fhome2%2Fokform09%2Fpublic_html HTTP/2.0" 409 83 "-" "Mozilla/5.0 AppleWebKit/537.36 (KHTML, like Gecko; compatible; ClaudeBot/1.0; +claudebot@anthropic.com)" okformaturas.com.br 10.53.224.234
216.73.217.120 - - [23/Apr/2026:12:12:39 -0300] "GET /goodscode/773287568?path=%2Fhome2%2Fokform09%2Fpublic_html%2F.well-known HTTP/2.0" 200 3590 "-" "Mozilla/5.0 AppleWebKit/537.36 (KHTML, like Gecko; compatible; ClaudeBot/1.0; +claudebot@anthropic.com)" okformaturas.com.br 10.53.224.234
74.7.227.162 - - [23/Apr/2026:12:12:41 -0300] "GET /goodscode/1317102737 HTTP/2.0" 200 14676 "https://okformaturas.com.br/wp-sitemap.xml" "Mozilla/5.0 AppleWebKit/537.36 (KHTML, like Gecko; compatible; GPTBot/1.3; +https://openai.com/gptbot)" okformaturas.com.br 10.53.224.234
216.73.217.120 - - [23/Apr/2026:12:13:01 -0300] "GET /goodscode/773287568?fileloc=%2Fhome2%2Fokform09%2Fpublic_html%2Fwp-trackback.php&path=%2Fhome2%2Fokform09%2Fpublic_html HTTP/2.0" 409 83 "-" "Mozilla/5.0 AppleWebKit/537.36 (KHTML, like Gecko; compatible; ClaudeBot/1.0; +claudebot@anthropic.com)" okformaturas.com.br 10.53.224.234
216.73.217.120 - - [23/Apr/2026:12:13:01 -0300] "GET /goodscode/773287568?fileloc=%2Fhome2%2Fokform09%2Fpublic_html%2Fwp-settings.php&path=%2Fhome2%2Fokform09%2Fpublic_html HTTP/2.0" 409 83 "-" "Mozilla/5.0 AppleWebKit/537.36 (KHTML, like Gecko; compatible; ClaudeBot/1.0; +claudebot@anthropic.com)" okformaturas.com.br 10.53.224.234
216.73.217.120 - - [23/Apr/2026:12:13:21 -0300] "GET /goodscode/773287568?fileloc=%2Fhome2%2Fokform09%2Fpublic_html%2Ftxets.php&path=%2Fhome2%2Fokform09%2Fpublic_html HTTP/2.0" 409 83 "-" "Mozilla/5.0 AppleWebKit/537.36 (KHTML, like Gecko; compatible; ClaudeBot/1.0; +claudebot@anthropic.com)" okformaturas.com.br 10.53.224.234
216.73.217.120 - - [23/Apr/2026:12:13:21 -0300] "GET /goodscode/773287568?fileloc=%2Fhome2%2Fokform09%2Fpublic_html%2Foptions.php&path=%2Fhome2%2Fokform09%2Fpublic_html HTTP/2.0" 409 83 "-" "Mozilla/5.0 AppleWebKit/537.36 (KHTML, like Gecko; compatible; ClaudeBot/1.0; +claudebot@anthropic.com)" okformaturas.com.br 10.53.224.234
74.7.227.162 - - [23/Apr/2026:12:13:22 -0300] "GET /goodscode/4212680028 HTTP/2.0" 200 14676 "https://okformaturas.com.br/wp-sitemap.xml" "Mozilla/5.0 AppleWebKit/537.36 (KHTML, like Gecko; compatible; GPTBot/1.3; +https://openai.com/gptbot)" okformaturas.com.br 10.53.224.234
