66.249.69.5 - - [23/Apr/2026:09:33:01 -0300] "GET /goodscode/3621282428 HTTP/1.1" 200 149016 "-" "Mozilla/5.0 (Linux; Android 6.0.1; Nexus 5X Build/MMB29P) AppleWebKit/537.36 (KHTML, like Gecko) Chrome/146.0.7680.177 Mobile Safari/537.36 (compatible; Googlebot/2.1; +http://www.google.com/bot.html)" okformaturas.com.br 10.53.224.234
66.249.69.5 - - [23/Apr/2026:09:33:05 -0300] "POST /kaunet/categoryshop/office/sitemap/KWf_CGmNaviPlusAjaxAction.jsp HTTP/1.1" 200 145554 "https://okformaturas.com.br/goodscode/3308677650" "Mozilla/5.0 (Linux; Android 6.0.1; Nexus 5X Build/MMB29P) AppleWebKit/537.36 (KHTML, like Gecko) Chrome/146.0.7680.177 Mobile Safari/537.36 (compatible; Googlebot/2.1; +http://www.google.com/bot.html)" okformaturas.com.br 10.53.224.234
66.249.69.5 - - [23/Apr/2026:09:33:07 -0300] "POST /kaunet/categoryshop/office/sitemap/KWf_CGmNaviPlusAjaxAction.jsp HTTP/1.1" 200 145554 "https://okformaturas.com.br/goodscode/2357904200" "Mozilla/5.0 (Linux; Android 6.0.1; Nexus 5X Build/MMB29P) AppleWebKit/537.36 (KHTML, like Gecko) Chrome/146.0.7680.177 Mobile Safari/537.36 (compatible; Googlebot/2.1; +http://www.google.com/bot.html)" okformaturas.com.br 10.53.224.234
66.249.69.5 - - [23/Apr/2026:09:33:08 -0300] "POST /kaunet/categoryshop/office/sitemap/KWf_CGmNaviPlusAjaxAction.jsp HTTP/1.1" 200 145554 "https://okformaturas.com.br/goodscode/258122745" "Mozilla/5.0 (Linux; Android 6.0.1; Nexus 5X Build/MMB29P) AppleWebKit/537.36 (KHTML, like Gecko) Chrome/146.0.7680.177 Mobile Safari/537.36 (compatible; Googlebot/2.1; +http://www.google.com/bot.html)" okformaturas.com.br 10.53.224.234
66.249.69.7 - - [23/Apr/2026:09:33:12 -0300] "POST /kaunet/categoryshop/office/sitemap/KWf_CGmNaviPlusAjaxAction.jsp HTTP/1.1" 200 145554 "https://okformaturas.com.br/goodscode/3621282428" "Mozilla/5.0 (Linux; Android 6.0.1; Nexus 5X Build/MMB29P) AppleWebKit/537.36 (KHTML, like Gecko) Chrome/146.0.7680.177 Mobile Safari/537.36 (compatible; Googlebot/2.1; +http://www.google.com/bot.html)" okformaturas.com.br 10.53.224.234
66.249.69.7 - - [23/Apr/2026:09:33:13 -0300] "GET /goodscode/1688409013 HTTP/1.1" 200 151924 "-" "Mozilla/5.0 (Linux; Android 6.0.1; Nexus 5X Build/MMB29P) AppleWebKit/537.36 (KHTML, like Gecko) Chrome/146.0.7680.177 Mobile Safari/537.36 (compatible; Googlebot/2.1; +http://www.google.com/bot.html)" okformaturas.com.br 10.53.224.234
74.7.227.162 - - [23/Apr/2026:09:33:20 -0300] "GET /goodscode/1565627783 HTTP/2.0" 200 14676 "https://okformaturas.com.br/wp-sitemap.xml" "Mozilla/5.0 AppleWebKit/537.36 (KHTML, like Gecko; compatible; GPTBot/1.3; +https://openai.com/gptbot)" okformaturas.com.br 10.53.224.234
66.249.69.6 - - [23/Apr/2026:09:33:21 -0300] "POST /kaunet/categoryshop/office/sitemap/KWf_CGmNaviPlusAjaxAction.jsp HTTP/1.1" 200 145554 "https://okformaturas.com.br/goodscode/628457424" "Mozilla/5.0 (Linux; Android 6.0.1; Nexus 5X Build/MMB29P) AppleWebKit/537.36 (KHTML, like Gecko) Chrome/146.0.7680.177 Mobile Safari/537.36 (compatible; Googlebot/2.1; +http://www.google.com/bot.html)" okformaturas.com.br 10.53.224.234
66.249.69.6 - - [23/Apr/2026:09:33:31 -0300] "GET /goodscode/592585878 HTTP/1.1" 200 149989 "-" "Mozilla/5.0 (Linux; Android 6.0.1; Nexus 5X Build/MMB29P) AppleWebKit/537.36 (KHTML, like Gecko) Chrome/146.0.7680.177 Mobile Safari/537.36 (compatible; Googlebot/2.1; +http://www.google.com/bot.html)" okformaturas.com.br 10.53.224.234
66.249.69.6 - - [23/Apr/2026:09:33:35 -0300] "GET /goodscode/1899446411 HTTP/1.1" 200 156254 "-" "Mozilla/5.0 (Linux; Android 6.0.1; Nexus 5X Build/MMB29P) AppleWebKit/537.36 (KHTML, like Gecko) Chrome/146.0.7680.177 Mobile Safari/537.36 (compatible; Googlebot/2.1; +http://www.google.com/bot.html)" okformaturas.com.br 10.53.224.234
66.249.69.6 - - [23/Apr/2026:09:33:37 -0300] "POST /kaunet/categoryshop/office/sitemap/KWf_CGmNaviPlusAjaxAction.jsp HTTP/1.1" 200 145554 "https://okformaturas.com.br/goodscode/1688409013" "Mozilla/5.0 (Linux; Android 6.0.1; Nexus 5X Build/MMB29P) AppleWebKit/537.36 (KHTML, like Gecko) Chrome/146.0.7680.177 Mobile Safari/537.36 (compatible; Googlebot/2.1; +http://www.google.com/bot.html)" okformaturas.com.br 10.53.224.234
66.249.69.9 - - [23/Apr/2026:09:33:41 -0300] "GET /goodscode/2961289635 HTTP/1.1" 200 156863 "-" "Mozilla/5.0 (Linux; Android 6.0.1; Nexus 5X Build/MMB29P) AppleWebKit/537.36 (KHTML, like Gecko) Chrome/146.0.7680.177 Mobile Safari/537.36 (compatible; Googlebot/2.1; +http://www.google.com/bot.html)" okformaturas.com.br 10.53.224.234
74.7.227.162 - - [23/Apr/2026:09:33:48 -0300] "GET /goodscode/1494537296 HTTP/2.0" 200 14676 "https://okformaturas.com.br/wp-sitemap.xml" "Mozilla/5.0 AppleWebKit/537.36 (KHTML, like Gecko; compatible; GPTBot/1.3; +https://openai.com/gptbot)" okformaturas.com.br 10.53.224.234
66.249.69.5 - - [23/Apr/2026:09:33:51 -0300] "POST /kaunet/categoryshop/office/sitemap/KWf_CGmNaviPlusAjaxAction.jsp HTTP/1.1" 200 145554 "https://okformaturas.com.br/goodscode/592585878" "Mozilla/5.0 (Linux; Android 6.0.1; Nexus 5X Build/MMB29P) AppleWebKit/537.36 (KHTML, like Gecko) Chrome/146.0.7680.177 Mobile Safari/537.36 (compatible; Googlebot/2.1; +http://www.google.com/bot.html)" okformaturas.com.br 10.53.224.234
66.249.69.8 - - [23/Apr/2026:09:33:57 -0300] "GET /goodscode/1949975827 HTTP/1.1" 200 154773 "-" "Mozilla/5.0 (Linux; Android 6.0.1; Nexus 5X Build/MMB29P) AppleWebKit/537.36 (KHTML, like Gecko) Chrome/146.0.7680.177 Mobile Safari/537.36 (compatible; Googlebot/2.1; +http://www.google.com/bot.html)" okformaturas.com.br 10.53.224.234
66.249.69.7 - - [23/Apr/2026:09:34:02 -0300] "POST /kaunet/categoryshop/office/sitemap/KWf_CGmNaviPlusAjaxAction.jsp HTTP/1.1" 200 145554 "https://okformaturas.com.br/goodscode/2961289635" "Mozilla/5.0 (Linux; Android 6.0.1; Nexus 5X Build/MMB29P) AppleWebKit/537.36 (KHTML, like Gecko) Chrome/146.0.7680.177 Mobile Safari/537.36 (compatible; Googlebot/2.1; +http://www.google.com/bot.html)" okformaturas.com.br 10.53.224.234
66.249.69.7 - - [23/Apr/2026:09:34:04 -0300] "POST /kaunet/categoryshop/office/sitemap/KWf_CGmNaviPlusAjaxAction.jsp HTTP/1.1" 200 145554 "https://okformaturas.com.br/goodscode/1899446411" "Mozilla/5.0 (Linux; Android 6.0.1; Nexus 5X Build/MMB29P) AppleWebKit/537.36 (KHTML, like Gecko) Chrome/146.0.7680.177 Mobile Safari/537.36 (compatible; Googlebot/2.1; +http://www.google.com/bot.html)" okformaturas.com.br 10.53.224.234
74.7.227.162 - - [23/Apr/2026:09:34:12 -0300] "GET /goodscode/2716033769 HTTP/2.0" 200 14676 "https://okformaturas.com.br/wp-sitemap.xml" "Mozilla/5.0 AppleWebKit/537.36 (KHTML, like Gecko; compatible; GPTBot/1.3; +https://openai.com/gptbot)" okformaturas.com.br 10.53.224.234
66.249.69.7 - - [23/Apr/2026:09:34:11 -0300] "GET /goodscode/275488903 HTTP/1.1" 200 152961 "-" "Mozilla/5.0 (Linux; Android 6.0.1; Nexus 5X Build/MMB29P) AppleWebKit/537.36 (KHTML, like Gecko) Chrome/146.0.7680.177 Mobile Safari/537.36 (compatible; Googlebot/2.1; +http://www.google.com/bot.html)" okformaturas.com.br 10.53.224.234
66.249.69.6 - - [23/Apr/2026:09:34:12 -0300] "GET /goodscode/39129813 HTTP/1.1" 200 148926 "-" "Mozilla/5.0 (Linux; Android 6.0.1; Nexus 5X Build/MMB29P) AppleWebKit/537.36 (KHTML, like Gecko) Chrome/146.0.7680.177 Mobile Safari/537.36 (compatible; Googlebot/2.1; +http://www.google.com/bot.html)" okformaturas.com.br 10.53.224.234
66.249.69.6 - - [23/Apr/2026:09:34:17 -0300] "POST /kaunet/categoryshop/office/sitemap/KWf_CGmNaviPlusAjaxAction.jsp HTTP/1.1" 200 145554 "https://okformaturas.com.br/goodscode/1949975827" "Mozilla/5.0 (Linux; Android 6.0.1; Nexus 5X Build/MMB29P) AppleWebKit/537.36 (KHTML, like Gecko) Chrome/146.0.7680.177 Mobile Safari/537.36 (compatible; Googlebot/2.1; +http://www.google.com/bot.html)" okformaturas.com.br 10.53.224.234
66.249.69.6 - - [23/Apr/2026:09:34:26 -0300] "GET /goodscode/608838597 HTTP/1.1" 200 162603 "-" "Mozilla/5.0 (Linux; Android 6.0.1; Nexus 5X Build/MMB29P) AppleWebKit/537.36 (KHTML, like Gecko) Chrome/146.0.7680.177 Mobile Safari/537.36 (compatible; Googlebot/2.1; +http://www.google.com/bot.html)" okformaturas.com.br 10.53.224.234
66.249.69.7 - - [23/Apr/2026:09:34:26 -0300] "GET /goodscode/306909686 HTTP/1.1" 200 150902 "-" "Mozilla/5.0 (Linux; Android 6.0.1; Nexus 5X Build/MMB29P) AppleWebKit/537.36 (KHTML, like Gecko) Chrome/146.0.7680.177 Mobile Safari/537.36 (compatible; Googlebot/2.1; +http://www.google.com/bot.html)" okformaturas.com.br 10.53.224.234
74.7.227.162 - - [23/Apr/2026:09:34:35 -0300] "GET /goodscode/1572640785 HTTP/2.0" 200 14676 "https://okformaturas.com.br/wp-sitemap.xml" "Mozilla/5.0 AppleWebKit/537.36 (KHTML, like Gecko; compatible; GPTBot/1.3; +https://openai.com/gptbot)" okformaturas.com.br 10.53.224.234
66.249.69.6 - - [23/Apr/2026:09:34:35 -0300] "POST /kaunet/categoryshop/office/sitemap/KWf_CGmNaviPlusAjaxAction.jsp HTTP/1.1" 200 145554 "https://okformaturas.com.br/goodscode/275488903" "Mozilla/5.0 (Linux; Android 6.0.1; Nexus 5X Build/MMB29P) AppleWebKit/537.36 (KHTML, like Gecko) Chrome/146.0.7680.177 Mobile Safari/537.36 (compatible; Googlebot/2.1; +http://www.google.com/bot.html)" okformaturas.com.br 10.53.224.234
66.249.69.8 - - [23/Apr/2026:09:34:37 -0300] "POST /kaunet/categoryshop/office/sitemap/KWf_CGmNaviPlusAjaxAction.jsp HTTP/1.1" 200 145554 "https://okformaturas.com.br/goodscode/39129813" "Mozilla/5.0 (Linux; Android 6.0.1; Nexus 5X Build/MMB29P) AppleWebKit/537.36 (KHTML, like Gecko) Chrome/146.0.7680.177 Mobile Safari/537.36 (compatible; Googlebot/2.1; +http://www.google.com/bot.html)" okformaturas.com.br 10.53.224.234
66.249.69.8 - - [23/Apr/2026:09:34:39 -0300] "GET /goodscode/1102662398 HTTP/1.1" 200 148535 "-" "Mozilla/5.0 (Linux; Android 6.0.1; Nexus 5X Build/MMB29P) AppleWebKit/537.36 (KHTML, like Gecko) Chrome/146.0.7680.177 Mobile Safari/537.36 (compatible; Googlebot/2.1; +http://www.google.com/bot.html)" okformaturas.com.br 10.53.224.234
141.0.151.194 - - [23/Apr/2026:09:34:43 -0300] "GET /wp-json/wp/v2/users/me?context=edit HTTP/2.0" 200 14676 "-" "Mozilla/5.0 (Windows NT 10.0; Win64; x64) AppleWebKit/537.36 (KHTML, like Gecko) Chrome/145.0.0.0 Safari/537.36" okformaturas.com.br 10.53.224.234
66.249.69.6 - - [23/Apr/2026:09:34:42 -0300] "POST /kaunet/categoryshop/office/sitemap/KWf_CGmNaviPlusAjaxAction.jsp HTTP/1.1" 200 145554 "https://okformaturas.com.br/goodscode/306909686" "Mozilla/5.0 (Linux; Android 6.0.1; Nexus 5X Build/MMB29P) AppleWebKit/537.36 (KHTML, like Gecko) Chrome/146.0.7680.177 Mobile Safari/537.36 (compatible; Googlebot/2.1; +http://www.google.com/bot.html)" okformaturas.com.br 10.53.224.234
141.0.151.194 - - [23/Apr/2026:09:34:44 -0300] "GET /wp-login.php HTTP/2.0" 200 14676 "-" "Mozilla/5.0 (Windows NT 10.0; Win64; x64) AppleWebKit/537.36 (KHTML, like Gecko) Chrome/145.0.0.0 Safari/537.36" okformaturas.com.br 10.53.224.234
141.0.151.194 - - [23/Apr/2026:09:34:45 -0300] "POST /xmlrpc.php HTTP/2.0" 403 7955 "-" "Mozilla/5.0 (Windows NT 10.0; Win64; x64) AppleWebKit/537.36 (KHTML, like Gecko) Chrome/145.0.0.0 Safari/537.36" okformaturas.com.br 10.53.224.234
141.0.151.194 - - [23/Apr/2026:09:34:46 -0300] "GET / HTTP/2.0" 200 14676 "-" "Mozilla/5.0 (Windows NT 10.0; Win64; x64) AppleWebKit/537.36 (KHTML, like Gecko) Chrome/145.0.0.0 Safari/537.36" okformaturas.com.br 10.53.224.234
141.0.151.194 - - [23/Apr/2026:09:34:46 -0300] "GET /wp-login.php HTTP/2.0" 200 14676 "-" "Mozilla/5.0 (Windows NT 10.0; Win64; x64) AppleWebKit/537.36 (KHTML, like Gecko) Chrome/145.0.0.0 Safari/537.36" okformaturas.com.br 10.53.224.234
141.0.151.194 - - [23/Apr/2026:09:34:47 -0300] "POST /xmlrpc.php HTTP/2.0" 403 7955 "-" "Mozilla/5.0 (Windows NT 10.0; Win64; x64) AppleWebKit/537.36 (KHTML, like Gecko) Chrome/145.0.0.0 Safari/537.36" okformaturas.com.br 10.53.224.234
74.109.10.214 - - [23/Apr/2026:09:34:50 -0300] "POST /xmlrpc.php HTTP/1.1" 403 7955 "-" "Mozilla/5.0 (Windows NT 10.0; Win64; x64) AppleWebKit/537.36 (KHTML, like Gecko) Chrome/145.0.0.0 Safari/537.36" okformaturas.com.br 10.53.224.234
74.109.10.214 - - [23/Apr/2026:09:34:53 -0300] "POST /xmlrpc.php HTTP/2.0" 403 7955 "-" "Mozilla/5.0 (Windows NT 10.0; Win64; x64) AppleWebKit/537.36 (KHTML, like Gecko) Chrome/145.0.0.0 Safari/537.36" okformaturas.com.br 10.53.224.234
66.249.69.6 - - [23/Apr/2026:09:34:50 -0300] "POST /kaunet/categoryshop/office/sitemap/KWf_CGmNaviPlusAjaxAction.jsp HTTP/1.1" 200 145554 "https://okformaturas.com.br/goodscode/608838597" "Mozilla/5.0 (Linux; Android 6.0.1; Nexus 5X Build/MMB29P) AppleWebKit/537.36 (KHTML, like Gecko) Chrome/146.0.7680.177 Mobile Safari/537.36 (compatible; Googlebot/2.1; +http://www.google.com/bot.html)" okformaturas.com.br 10.53.224.234
74.7.227.162 - - [23/Apr/2026:09:34:54 -0300] "GET /goodscode/3386251167 HTTP/2.0" 200 14676 "https://okformaturas.com.br/wp-sitemap.xml" "Mozilla/5.0 AppleWebKit/537.36 (KHTML, like Gecko; compatible; GPTBot/1.3; +https://openai.com/gptbot)" okformaturas.com.br 10.53.224.234
66.249.69.5 - - [23/Apr/2026:09:34:53 -0300] "GET /goodscode/3610052225 HTTP/1.1" 200 155417 "-" "Mozilla/5.0 (Linux; Android 6.0.1; Nexus 5X Build/MMB29P) AppleWebKit/537.36 (KHTML, like Gecko) Chrome/146.0.7680.177 Mobile Safari/537.36 (compatible; Googlebot/2.1; +http://www.google.com/bot.html)" okformaturas.com.br 10.53.224.234
92.207.152.26 - - [23/Apr/2026:09:35:00 -0300] "POST /xmlrpc.php HTTP/1.1" 403 7955 "-" "Mozilla/5.0 (Windows NT 10.0; Win64; x64) AppleWebKit/537.36 (KHTML, like Gecko) Chrome/145.0.0.0 Safari/537.36" okformaturas.com.br 10.53.224.234
92.207.152.26 - - [23/Apr/2026:09:35:03 -0300] "GET /wp-login.php HTTP/2.0" 200 14676 "-" "Mozilla/5.0 (Windows NT 10.0; Win64; x64) AppleWebKit/537.36 (KHTML, like Gecko) Chrome/145.0.0.0 Safari/537.36" okformaturas.com.br 10.53.224.234
92.207.152.26 - - [23/Apr/2026:09:35:04 -0300] "POST /xmlrpc.php HTTP/2.0" 403 7955 "-" "Mozilla/5.0 (Windows NT 10.0; Win64; x64) AppleWebKit/537.36 (KHTML, like Gecko) Chrome/145.0.0.0 Safari/537.36" okformaturas.com.br 10.53.224.234
66.249.69.8 - - [23/Apr/2026:09:35:02 -0300] "POST /kaunet/categoryshop/office/sitemap/KWf_CGmNaviPlusAjaxAction.jsp HTTP/1.1" 200 145554 "https://okformaturas.com.br/goodscode/1102662398" "Mozilla/5.0 (Linux; Android 6.0.1; Nexus 5X Build/MMB29P) AppleWebKit/537.36 (KHTML, like Gecko) Chrome/146.0.7680.177 Mobile Safari/537.36 (compatible; Googlebot/2.1; +http://www.google.com/bot.html)" okformaturas.com.br 10.53.224.234
92.207.197.40 - - [23/Apr/2026:09:35:05 -0300] "POST /xmlrpc.php HTTP/2.0" 409 83 "-" "Mozilla/5.0 (Windows NT 10.0; Win64; x64) AppleWebKit/537.36 (KHTML, like Gecko) Chrome/145.0.0.0 Safari/537.36" okformaturas.com.br 10.53.224.234
92.207.197.40 - - [23/Apr/2026:09:35:06 -0300] "GET / HTTP/2.0" 200 14676 "-" "Mozilla/5.0 (Windows NT 10.0; Win64; x64) AppleWebKit/537.36 (KHTML, like Gecko) Chrome/145.0.0.0 Safari/537.36" okformaturas.com.br 10.53.224.234
92.207.197.40 - - [23/Apr/2026:09:35:07 -0300] "GET /wp-login.php HTTP/2.0" 409 83 "-" "Mozilla/5.0 (Windows NT 10.0; Win64; x64) AppleWebKit/537.36 (KHTML, like Gecko) Chrome/145.0.0.0 Safari/537.36" okformaturas.com.br 10.53.224.234
92.207.197.40 - - [23/Apr/2026:09:35:07 -0300] "POST /xmlrpc.php HTTP/2.0" 409 83 "-" "Mozilla/5.0 (Windows NT 10.0; Win64; x64) AppleWebKit/537.36 (KHTML, like Gecko) Chrome/145.0.0.0 Safari/537.36" okformaturas.com.br 10.53.224.234
204.186.246.132 - - [23/Apr/2026:09:35:09 -0300] "GET /wp-json/wp/v2/users/me?context=edit HTTP/1.1" 200 14676 "-" "Mozilla/5.0 (Windows NT 10.0; Win64; x64) AppleWebKit/537.36 (KHTML, like Gecko) Chrome/145.0.0.0 Safari/537.36" okformaturas.com.br 10.53.224.234
66.249.69.8 - - [23/Apr/2026:09:35:07 -0300] "GET /goodscode/1914104297 HTTP/1.1" 200 155204 "-" "Mozilla/5.0 (Linux; Android 6.0.1; Nexus 5X Build/MMB29P) AppleWebKit/537.36 (KHTML, like Gecko) Chrome/146.0.7680.177 Mobile Safari/537.36 (compatible; Googlebot/2.1; +http://www.google.com/bot.html)" okformaturas.com.br 10.53.224.234
74.7.227.162 - - [23/Apr/2026:09:35:12 -0300] "GET /goodscode/2008147179 HTTP/2.0" 200 14676 "https://okformaturas.com.br/wp-sitemap.xml" "Mozilla/5.0 AppleWebKit/537.36 (KHTML, like Gecko; compatible; GPTBot/1.3; +https://openai.com/gptbot)" okformaturas.com.br 10.53.224.234
66.249.69.5 - - [23/Apr/2026:09:35:13 -0300] "GET /goodscode/898166568 HTTP/1.1" 200 152842 "-" "Mozilla/5.0 (Linux; Android 6.0.1; Nexus 5X Build/MMB29P) AppleWebKit/537.36 (KHTML, like Gecko) Chrome/146.0.7680.177 Mobile Safari/537.36 (compatible; Googlebot/2.1; +http://www.google.com/bot.html)" okformaturas.com.br 10.53.224.234
82.16.187.168 - - [23/Apr/2026:09:35:17 -0300] "GET /wp-json/wp/v2/users/me?context=edit HTTP/2.0" 200 14676 "-" "Mozilla/5.0 (Windows NT 10.0; Win64; x64) AppleWebKit/537.36 (KHTML, like Gecko) Chrome/145.0.0.0 Safari/537.36" okformaturas.com.br 10.53.224.234
82.16.187.168 - - [23/Apr/2026:09:35:18 -0300] "GET /wp-json/wp/v2/users/me?context=edit HTTP/2.0" 200 14676 "-" "Mozilla/5.0 (Windows NT 10.0; Win64; x64) AppleWebKit/537.36 (KHTML, like Gecko) Chrome/145.0.0.0 Safari/537.36" okformaturas.com.br 10.53.224.234
82.16.187.168 - - [23/Apr/2026:09:35:18 -0300] "GET /wp-json/wp/v2/users/me?context=edit HTTP/2.0" 200 14676 "-" "Mozilla/5.0 (Windows NT 10.0; Win64; x64) AppleWebKit/537.36 (KHTML, like Gecko) Chrome/145.0.0.0 Safari/537.36" okformaturas.com.br 10.53.224.234
82.16.187.168 - - [23/Apr/2026:09:35:19 -0300] "GET /wp-login.php HTTP/2.0" 200 14676 "-" "Mozilla/5.0 (Windows NT 10.0; Win64; x64) AppleWebKit/537.36 (KHTML, like Gecko) Chrome/145.0.0.0 Safari/537.36" okformaturas.com.br 10.53.224.234
66.249.69.5 - - [23/Apr/2026:09:35:18 -0300] "POST /kaunet/categoryshop/office/sitemap/KWf_CGmNaviPlusAjaxAction.jsp HTTP/1.1" 200 145554 "https://okformaturas.com.br/goodscode/3610052225" "Mozilla/5.0 (Linux; Android 6.0.1; Nexus 5X Build/MMB29P) AppleWebKit/537.36 (KHTML, like Gecko) Chrome/146.0.7680.177 Mobile Safari/537.36 (compatible; Googlebot/2.1; +http://www.google.com/bot.html)" okformaturas.com.br 10.53.224.234
82.16.187.168 - - [23/Apr/2026:09:35:22 -0300] "POST /xmlrpc.php HTTP/2.0" 403 7955 "-" "Mozilla/5.0 (Windows NT 10.0; Win64; x64) AppleWebKit/537.36 (KHTML, like Gecko) Chrome/145.0.0.0 Safari/537.36" okformaturas.com.br 10.53.224.234
82.16.187.168 - - [23/Apr/2026:09:35:23 -0300] "GET / HTTP/2.0" 200 14676 "-" "Mozilla/5.0 (Windows NT 10.0; Win64; x64) AppleWebKit/537.36 (KHTML, like Gecko) Chrome/145.0.0.0 Safari/537.36" okformaturas.com.br 10.53.224.234
82.16.187.168 - - [23/Apr/2026:09:35:23 -0300] "GET /wp-login.php HTTP/2.0" 200 14676 "-" "Mozilla/5.0 (Windows NT 10.0; Win64; x64) AppleWebKit/537.36 (KHTML, like Gecko) Chrome/145.0.0.0 Safari/537.36" okformaturas.com.br 10.53.224.234
82.16.187.168 - - [23/Apr/2026:09:35:24 -0300] "POST /xmlrpc.php HTTP/2.0" 403 7955 "-" "Mozilla/5.0 (Windows NT 10.0; Win64; x64) AppleWebKit/537.36 (KHTML, like Gecko) Chrome/145.0.0.0 Safari/537.36" okformaturas.com.br 10.53.224.234
66.249.69.6 - - [23/Apr/2026:09:35:22 -0300] "GET /goodscode/1828310165 HTTP/1.1" 200 162031 "-" "Mozilla/5.0 (Linux; Android 6.0.1; Nexus 5X Build/MMB29P) AppleWebKit/537.36 (KHTML, like Gecko) Chrome/146.0.7680.177 Mobile Safari/537.36 (compatible; Googlebot/2.1; +http://www.google.com/bot.html)" okformaturas.com.br 10.53.224.234
74.7.227.162 - - [23/Apr/2026:09:35:28 -0300] "GET /goodscode/1155629314?path=/home2/okform09 HTTP/2.0" 200 13366 "https://okformaturas.com.br/goodscode/1155629314" "Mozilla/5.0 AppleWebKit/537.36 (KHTML, like Gecko; compatible; GPTBot/1.3; +https://openai.com/gptbot)" okformaturas.com.br 10.53.224.234
165.23.228.203 - - [23/Apr/2026:09:35:30 -0300] "GET /wp-json/wp/v2/users/me?context=edit HTTP/2.0" 200 14676 "-" "Mozilla/5.0 (Windows NT 10.0; Win64; x64) AppleWebKit/537.36 (KHTML, like Gecko) Chrome/145.0.0.0 Safari/537.36" okformaturas.com.br 10.53.224.234
165.23.228.203 - - [23/Apr/2026:09:35:31 -0300] "GET /wp-json/wp/v2/users/me?context=edit HTTP/2.0" 200 14676 "-" "Mozilla/5.0 (Windows NT 10.0; Win64; x64) AppleWebKit/537.36 (KHTML, like Gecko) Chrome/145.0.0.0 Safari/537.36" okformaturas.com.br 10.53.224.234
66.249.69.6 - - [23/Apr/2026:09:35:29 -0300] "POST /kaunet/categoryshop/office/sitemap/KWf_CGmNaviPlusAjaxAction.jsp HTTP/1.1" 200 145554 "https://okformaturas.com.br/goodscode/1914104297" "Mozilla/5.0 (Linux; Android 6.0.1; Nexus 5X Build/MMB29P) AppleWebKit/537.36 (KHTML, like Gecko) Chrome/146.0.7680.177 Mobile Safari/537.36 (compatible; Googlebot/2.1; +http://www.google.com/bot.html)" okformaturas.com.br 10.53.224.234
66.249.69.6 - - [23/Apr/2026:09:35:30 -0300] "POST /kaunet/categoryshop/office/sitemap/KWf_CGmNaviPlusAjaxAction.jsp HTTP/1.1" 200 145554 "https://okformaturas.com.br/goodscode/1828310165" "Mozilla/5.0 (Linux; Android 6.0.1; Nexus 5X Build/MMB29P) AppleWebKit/537.36 (KHTML, like Gecko) Chrome/146.0.7680.177 Mobile Safari/537.36 (compatible; Googlebot/2.1; +http://www.google.com/bot.html)" okformaturas.com.br 10.53.224.234
165.23.228.203 - - [23/Apr/2026:09:35:31 -0300] "GET /wp-login.php HTTP/2.0" 200 14676 "-" "Mozilla/5.0 (Windows NT 10.0; Win64; x64) AppleWebKit/537.36 (KHTML, like Gecko) Chrome/145.0.0.0 Safari/537.36" okformaturas.com.br 10.53.224.234
165.23.228.203 - - [23/Apr/2026:09:35:33 -0300] "POST /xmlrpc.php HTTP/2.0" 403 7955 "-" "Mozilla/5.0 (Windows NT 10.0; Win64; x64) AppleWebKit/537.36 (KHTML, like Gecko) Chrome/145.0.0.0 Safari/537.36" okformaturas.com.br 10.53.224.234
165.23.228.203 - - [23/Apr/2026:09:35:34 -0300] "GET / HTTP/2.0" 200 14676 "-" "Mozilla/5.0 (Windows NT 10.0; Win64; x64) AppleWebKit/537.36 (KHTML, like Gecko) Chrome/145.0.0.0 Safari/537.36" okformaturas.com.br 10.53.224.234
165.23.228.203 - - [23/Apr/2026:09:35:35 -0300] "GET /wp-login.php HTTP/2.0" 200 14676 "-" "Mozilla/5.0 (Windows NT 10.0; Win64; x64) AppleWebKit/537.36 (KHTML, like Gecko) Chrome/145.0.0.0 Safari/537.36" okformaturas.com.br 10.53.224.234
165.23.228.203 - - [23/Apr/2026:09:35:35 -0300] "POST /xmlrpc.php HTTP/2.0" 403 7955 "-" "Mozilla/5.0 (Windows NT 10.0; Win64; x64) AppleWebKit/537.36 (KHTML, like Gecko) Chrome/145.0.0.0 Safari/537.36" okformaturas.com.br 10.53.224.234
94.103.84.74 - - [23/Apr/2026:09:35:36 -0300] "POST /xmlrpc.php HTTP/2.0" 409 83 "-" "Mozilla/5.0 (Windows NT 10.0; Win64; x64) AppleWebKit/537.36 (KHTML, like Gecko) Chrome/145.0.0.0 Safari/537.36" okformaturas.com.br 10.53.224.234
94.103.84.74 - - [23/Apr/2026:09:35:37 -0300] "GET / HTTP/2.0" 200 14676 "-" "Mozilla/5.0 (Windows NT 10.0; Win64; x64) AppleWebKit/537.36 (KHTML, like Gecko) Chrome/145.0.0.0 Safari/537.36" okformaturas.com.br 10.53.224.234
66.249.69.8 - - [23/Apr/2026:09:35:35 -0300] "POST /kaunet/categoryshop/office/sitemap/KWf_CGmNaviPlusAjaxAction.jsp HTTP/1.1" 200 145554 "https://okformaturas.com.br/goodscode/898166568" "Mozilla/5.0 (Linux; Android 6.0.1; Nexus 5X Build/MMB29P) AppleWebKit/537.36 (KHTML, like Gecko) Chrome/146.0.7680.177 Mobile Safari/537.36 (compatible; Googlebot/2.1; +http://www.google.com/bot.html)" okformaturas.com.br 10.53.224.234
94.103.84.74 - - [23/Apr/2026:09:35:38 -0300] "GET /wp-login.php HTTP/2.0" 409 83 "-" "Mozilla/5.0 (Windows NT 10.0; Win64; x64) AppleWebKit/537.36 (KHTML, like Gecko) Chrome/145.0.0.0 Safari/537.36" okformaturas.com.br 10.53.224.234
94.103.84.74 - - [23/Apr/2026:09:35:38 -0300] "POST /xmlrpc.php HTTP/2.0" 409 83 "-" "Mozilla/5.0 (Windows NT 10.0; Win64; x64) AppleWebKit/537.36 (KHTML, like Gecko) Chrome/145.0.0.0 Safari/537.36" okformaturas.com.br 10.53.224.234
66.249.69.6 - - [23/Apr/2026:09:35:36 -0300] "GET /goodscode/4074026413 HTTP/1.1" 200 159724 "-" "Mozilla/5.0 (Linux; Android 6.0.1; Nexus 5X Build/MMB29P) AppleWebKit/537.36 (KHTML, like Gecko) Chrome/146.0.7680.177 Mobile Safari/537.36 (compatible; Googlebot/2.1; +http://www.google.com/bot.html)" okformaturas.com.br 10.53.224.234
74.7.227.162 - - [23/Apr/2026:09:35:42 -0300] "GET /goodscode/3699460895 HTTP/2.0" 200 14676 "https://okformaturas.com.br/wp-sitemap.xml" "Mozilla/5.0 AppleWebKit/537.36 (KHTML, like Gecko; compatible; GPTBot/1.3; +https://openai.com/gptbot)" okformaturas.com.br 10.53.224.234
66.249.69.8 - - [23/Apr/2026:09:35:44 -0300] "POST /kaunet/categoryshop/office/sitemap/KWf_CGmNaviPlusAjaxAction.jsp HTTP/1.1" 200 145554 "https://okformaturas.com.br/goodscode/4074026413" "Mozilla/5.0 (Linux; Android 6.0.1; Nexus 5X Build/MMB29P) AppleWebKit/537.36 (KHTML, like Gecko) Chrome/146.0.7680.177 Mobile Safari/537.36 (compatible; Googlebot/2.1; +http://www.google.com/bot.html)" okformaturas.com.br 10.53.224.234
66.249.69.7 - - [23/Apr/2026:09:35:51 -0300] "GET /goodscode/2398969265 HTTP/1.1" 200 162725 "-" "Mozilla/5.0 (Linux; Android 6.0.1; Nexus 5X Build/MMB29P) AppleWebKit/537.36 (KHTML, like Gecko) Chrome/146.0.7680.177 Mobile Safari/537.36 (compatible; Googlebot/2.1; +http://www.google.com/bot.html)" okformaturas.com.br 10.53.224.234
74.7.227.162 - - [23/Apr/2026:09:35:55 -0300] "GET /goodscode/4290783517?path=/home2/okform09/public_html/.well-known HTTP/2.0" 200 3590 "https://okformaturas.com.br/goodscode/4290783517" "Mozilla/5.0 AppleWebKit/537.36 (KHTML, like Gecko; compatible; GPTBot/1.3; +https://openai.com/gptbot)" okformaturas.com.br 10.53.224.234
74.7.227.162 - - [23/Apr/2026:09:36:07 -0300] "GET /goodscode/2088629458 HTTP/2.0" 200 14676 "https://okformaturas.com.br/wp-sitemap.xml" "Mozilla/5.0 AppleWebKit/537.36 (KHTML, like Gecko; compatible; GPTBot/1.3; +https://openai.com/gptbot)" okformaturas.com.br 10.53.224.234
66.249.69.5 - - [23/Apr/2026:09:36:05 -0300] "GET /goodscode/2566966640 HTTP/1.1" 200 171952 "-" "Mozilla/5.0 (Linux; Android 6.0.1; Nexus 5X Build/MMB29P) AppleWebKit/537.36 (KHTML, like Gecko) Chrome/146.0.7680.177 Mobile Safari/537.36 (compatible; Googlebot/2.1; +http://www.google.com/bot.html)" okformaturas.com.br 10.53.224.234
66.249.69.6 - - [23/Apr/2026:09:36:08 -0300] "GET /goodscode/3298683107 HTTP/1.1" 200 153379 "-" "Mozilla/5.0 (Linux; Android 6.0.1; Nexus 5X Build/MMB29P) AppleWebKit/537.36 (KHTML, like Gecko) Chrome/146.0.7680.177 Mobile Safari/537.36 (compatible; Googlebot/2.1; +http://www.google.com/bot.html)" okformaturas.com.br 10.53.224.234
74.7.227.162 - - [23/Apr/2026:09:36:17 -0300] "GET /goodscode/2414908642 HTTP/2.0" 200 14676 "https://okformaturas.com.br/wp-sitemap.xml" "Mozilla/5.0 AppleWebKit/537.36 (KHTML, like Gecko; compatible; GPTBot/1.3; +https://openai.com/gptbot)" okformaturas.com.br 10.53.224.234
66.249.69.7 - - [23/Apr/2026:09:36:15 -0300] "POST /kaunet/categoryshop/office/sitemap/KWf_CGmNaviPlusAjaxAction.jsp HTTP/1.1" 200 145554 "https://okformaturas.com.br/goodscode/2398969265" "Mozilla/5.0 (Linux; Android 6.0.1; Nexus 5X Build/MMB29P) AppleWebKit/537.36 (KHTML, like Gecko) Chrome/146.0.7680.177 Mobile Safari/537.36 (compatible; Googlebot/2.1; +http://www.google.com/bot.html)" okformaturas.com.br 10.53.224.234
66.249.69.5 - - [23/Apr/2026:09:36:15 -0300] "POST /kaunet/categoryshop/office/sitemap/KWf_CGmNaviPlusAjaxAction.jsp HTTP/1.1" 200 145554 "https://okformaturas.com.br/goodscode/2566966640" "Mozilla/5.0 (Linux; Android 6.0.1; Nexus 5X Build/MMB29P) AppleWebKit/537.36 (KHTML, like Gecko) Chrome/146.0.7680.177 Mobile Safari/537.36 (compatible; Googlebot/2.1; +http://www.google.com/bot.html)" okformaturas.com.br 10.53.224.234
66.249.69.5 - - [23/Apr/2026:09:36:16 -0300] "POST /kaunet/categoryshop/office/sitemap/KWf_CGmNaviPlusAjaxAction.jsp HTTP/1.1" 200 145554 "https://okformaturas.com.br/goodscode/3298683107" "Mozilla/5.0 (Linux; Android 6.0.1; Nexus 5X Build/MMB29P) AppleWebKit/537.36 (KHTML, like Gecko) Chrome/146.0.7680.177 Mobile Safari/537.36 (compatible; Googlebot/2.1; +http://www.google.com/bot.html)" okformaturas.com.br 10.53.224.234
66.249.69.6 - - [23/Apr/2026:09:36:19 -0300] "GET /rakuraku/IsAlive.htm?1775520000000&_=1775520000000 HTTP/1.1" 200 154077 "https://okformaturas.com.br/goodscode/2566966640" "Mozilla/5.0 (Linux; Android 6.0.1; Nexus 5X Build/MMB29P) AppleWebKit/537.36 (KHTML, like Gecko) Chrome/146.0.7680.177 Mobile Safari/537.36 (compatible; Googlebot/2.1; +http://www.google.com/bot.html)" okformaturas.com.br 10.53.224.234
66.249.69.6 - - [23/Apr/2026:09:36:19 -0300] "GET /goodscode/1163354727 HTTP/1.1" 200 164457 "-" "Mozilla/5.0 (Linux; Android 6.0.1; Nexus 5X Build/MMB29P) AppleWebKit/537.36 (KHTML, like Gecko) Chrome/146.0.7680.177 Mobile Safari/537.36 (compatible; Googlebot/2.1; +http://www.google.com/bot.html)" okformaturas.com.br 10.53.224.234
74.7.227.162 - - [23/Apr/2026:09:36:27 -0300] "GET /goodscode/1565627783?path=/home2 HTTP/2.0" 200 3204 "https://okformaturas.com.br/goodscode/1565627783" "Mozilla/5.0 AppleWebKit/537.36 (KHTML, like Gecko; compatible; GPTBot/1.3; +https://openai.com/gptbot)" okformaturas.com.br 10.53.224.234
66.249.69.7 - - [23/Apr/2026:09:36:31 -0300] "GET /goodscode/3535172859 HTTP/1.1" 200 157454 "-" "Mozilla/5.0 (Linux; Android 6.0.1; Nexus 5X Build/MMB29P) AppleWebKit/537.36 (KHTML, like Gecko) Chrome/146.0.7680.177 Mobile Safari/537.36 (compatible; Googlebot/2.1; +http://www.google.com/bot.html)" okformaturas.com.br 10.53.224.234
74.7.227.162 - - [23/Apr/2026:09:36:36 -0300] "GET /goodscode/1838121609 HTTP/2.0" 200 14676 "https://okformaturas.com.br/wp-sitemap.xml" "Mozilla/5.0 AppleWebKit/537.36 (KHTML, like Gecko; compatible; GPTBot/1.3; +https://openai.com/gptbot)" okformaturas.com.br 10.53.224.234
66.249.69.6 - - [23/Apr/2026:09:36:34 -0300] "GET /goodscode/3762374126 HTTP/1.1" 200 167121 "-" "Mozilla/5.0 (Linux; Android 6.0.1; Nexus 5X Build/MMB29P) AppleWebKit/537.36 (KHTML, like Gecko) Chrome/146.0.7680.177 Mobile Safari/537.36 (compatible; Googlebot/2.1; +http://www.google.com/bot.html)" okformaturas.com.br 10.53.224.234
66.249.69.8 - - [23/Apr/2026:09:36:39 -0300] "GET /goodscode/1928539427 HTTP/1.1" 200 152442 "-" "Mozilla/5.0 (Linux; Android 6.0.1; Nexus 5X Build/MMB29P) AppleWebKit/537.36 (KHTML, like Gecko) Chrome/146.0.7680.177 Mobile Safari/537.36 (compatible; Googlebot/2.1; +http://www.google.com/bot.html)" okformaturas.com.br 10.53.224.234
74.7.227.162 - - [23/Apr/2026:09:36:43 -0300] "GET /goodscode/2651063457 HTTP/2.0" 200 14676 "https://okformaturas.com.br/wp-sitemap.xml" "Mozilla/5.0 AppleWebKit/537.36 (KHTML, like Gecko; compatible; GPTBot/1.3; +https://openai.com/gptbot)" okformaturas.com.br 10.53.224.234
66.249.69.5 - - [23/Apr/2026:09:36:45 -0300] "POST /kaunet/categoryshop/office/sitemap/KWf_CGmNaviPlusAjaxAction.jsp HTTP/1.1" 200 145554 "https://okformaturas.com.br/goodscode/3762374126" "Mozilla/5.0 (Linux; Android 6.0.1; Nexus 5X Build/MMB29P) AppleWebKit/537.36 (KHTML, like Gecko) Chrome/146.0.7680.177 Mobile Safari/537.36 (compatible; Googlebot/2.1; +http://www.google.com/bot.html)" okformaturas.com.br 10.53.224.234
74.7.227.162 - - [23/Apr/2026:09:36:50 -0300] "GET /goodscode/1572640785?fileloc=/home2/okform09/public_html/wp-config-sample.php&path=/home2/okform09/public_html HTTP/2.0" 409 83 "https://okformaturas.com.br/goodscode/1572640785" "Mozilla/5.0 AppleWebKit/537.36 (KHTML, like Gecko; compatible; GPTBot/1.3; +https://openai.com/gptbot)" okformaturas.com.br 10.53.224.234
66.249.69.6 - - [23/Apr/2026:09:36:48 -0300] "GET /goodscode/1433987170 HTTP/1.1" 200 162986 "-" "Mozilla/5.0 (Linux; Android 6.0.1; Nexus 5X Build/MMB29P) AppleWebKit/537.36 (KHTML, like Gecko) Chrome/146.0.7680.177 Mobile Safari/537.36 (compatible; Googlebot/2.1; +http://www.google.com/bot.html)" okformaturas.com.br 10.53.224.234
66.249.69.8 - - [23/Apr/2026:09:36:48 -0300] "POST /kaunet/categoryshop/office/sitemap/KWf_CGmNaviPlusAjaxAction.jsp HTTP/1.1" 200 145554 "https://okformaturas.com.br/goodscode/1163354727" "Mozilla/5.0 (Linux; Android 6.0.1; Nexus 5X Build/MMB29P) AppleWebKit/537.36 (KHTML, like Gecko) Chrome/146.0.7680.177 Mobile Safari/537.36 (compatible; Googlebot/2.1; +http://www.google.com/bot.html)" okformaturas.com.br 10.53.224.234
66.249.69.8 - - [23/Apr/2026:09:36:49 -0300] "POST /kaunet/categoryshop/office/sitemap/KWf_CGmNaviPlusAjaxAction.jsp HTTP/1.1" 200 145554 "https://okformaturas.com.br/goodscode/1928539427" "Mozilla/5.0 (Linux; Android 6.0.1; Nexus 5X Build/MMB29P) AppleWebKit/537.36 (KHTML, like Gecko) Chrome/146.0.7680.177 Mobile Safari/537.36 (compatible; Googlebot/2.1; +http://www.google.com/bot.html)" okformaturas.com.br 10.53.224.234
74.7.227.162 - - [23/Apr/2026:09:36:56 -0300] "GET /goodscode/3624830164 HTTP/2.0" 200 14676 "https://okformaturas.com.br/wp-sitemap.xml" "Mozilla/5.0 AppleWebKit/537.36 (KHTML, like Gecko; compatible; GPTBot/1.3; +https://openai.com/gptbot)" okformaturas.com.br 10.53.224.234
66.249.69.10 - - [23/Apr/2026:09:36:59 -0300] "POST /kaunet/categoryshop/office/sitemap/KWf_CGmNaviPlusAjaxAction.jsp HTTP/1.1" 200 145554 "https://okformaturas.com.br/goodscode/1433987170" "Mozilla/5.0 (Linux; Android 6.0.1; Nexus 5X Build/MMB29P) AppleWebKit/537.36 (KHTML, like Gecko) Chrome/146.0.7680.177 Mobile Safari/537.36 (compatible; Googlebot/2.1; +http://www.google.com/bot.html)" okformaturas.com.br 10.53.224.234
66.249.69.9 - - [23/Apr/2026:09:37:02 -0300] "GET /goodscode/1504686923 HTTP/1.1" 200 162530 "-" "Mozilla/5.0 (Linux; Android 6.0.1; Nexus 5X Build/MMB29P) AppleWebKit/537.36 (KHTML, like Gecko) Chrome/146.0.7680.177 Mobile Safari/537.36 (compatible; Googlebot/2.1; +http://www.google.com/bot.html)" okformaturas.com.br 10.53.224.234
74.7.227.162 - - [23/Apr/2026:09:37:14 -0300] "GET /goodscode/2803267243 HTTP/2.0" 200 14676 "https://okformaturas.com.br/wp-sitemap.xml" "Mozilla/5.0 AppleWebKit/537.36 (KHTML, like Gecko; compatible; GPTBot/1.3; +https://openai.com/gptbot)" okformaturas.com.br 10.53.224.234
66.249.69.8 - - [23/Apr/2026:09:37:17 -0300] "GET /goodscode/2618981109 HTTP/1.1" 200 161009 "-" "Mozilla/5.0 (Linux; Android 6.0.1; Nexus 5X Build/MMB29P) AppleWebKit/537.36 (KHTML, like Gecko) Chrome/146.0.7680.177 Mobile Safari/537.36 (compatible; Googlebot/2.1; +http://www.google.com/bot.html)" okformaturas.com.br 10.53.224.234
66.249.69.5 - - [23/Apr/2026:09:37:25 -0300] "POST /kaunet/categoryshop/office/sitemap/KWf_CGmNaviPlusAjaxAction.jsp HTTP/1.1" 200 145554 "https://okformaturas.com.br/goodscode/1504686923" "Mozilla/5.0 (Linux; Android 6.0.1; Nexus 5X Build/MMB29P) AppleWebKit/537.36 (KHTML, like Gecko) Chrome/146.0.7680.177 Mobile Safari/537.36 (compatible; Googlebot/2.1; +http://www.google.com/bot.html)" okformaturas.com.br 10.53.224.234
74.7.227.162 - - [23/Apr/2026:09:37:30 -0300] "GET /goodscode/1467281601 HTTP/2.0" 200 14676 "https://okformaturas.com.br/wp-sitemap.xml" "Mozilla/5.0 AppleWebKit/537.36 (KHTML, like Gecko; compatible; GPTBot/1.3; +https://openai.com/gptbot)" okformaturas.com.br 10.53.224.234
66.249.69.6 - - [23/Apr/2026:09:37:28 -0300] "POST /kaunet/categoryshop/office/sitemap/KWf_CGmNaviPlusAjaxAction.jsp HTTP/1.1" 200 145554 "https://okformaturas.com.br/goodscode/2618981109" "Mozilla/5.0 (Linux; Android 6.0.1; Nexus 5X Build/MMB29P) AppleWebKit/537.36 (KHTML, like Gecko) Chrome/146.0.7680.177 Mobile Safari/537.36 (compatible; Googlebot/2.1; +http://www.google.com/bot.html)" okformaturas.com.br 10.53.224.234
66.249.69.7 - - [23/Apr/2026:09:37:31 -0300] "GET /goodscode/144800721 HTTP/1.1" 200 164189 "-" "Mozilla/5.0 (Linux; Android 6.0.1; Nexus 5X Build/MMB29P) AppleWebKit/537.36 (KHTML, like Gecko) Chrome/146.0.7680.177 Mobile Safari/537.36 (compatible; Googlebot/2.1; +http://www.google.com/bot.html)" okformaturas.com.br 10.53.224.234
74.7.227.162 - - [23/Apr/2026:09:37:45 -0300] "GET /goodscode/2410156331 HTTP/2.0" 200 14676 "https://okformaturas.com.br/wp-sitemap.xml" "Mozilla/5.0 AppleWebKit/537.36 (KHTML, like Gecko; compatible; GPTBot/1.3; +https://openai.com/gptbot)" okformaturas.com.br 10.53.224.234
66.249.69.6 - - [23/Apr/2026:09:37:47 -0300] "GET /goodscode/3062297940 HTTP/1.1" 200 157721 "-" "Mozilla/5.0 (Linux; Android 6.0.1; Nexus 5X Build/MMB29P) AppleWebKit/537.36 (KHTML, like Gecko) Chrome/146.0.7680.177 Mobile Safari/537.36 (compatible; Googlebot/2.1; +http://www.google.com/bot.html)" okformaturas.com.br 10.53.224.234
40.77.167.45 - - [23/Apr/2026:09:37:51 -0300] "GET /goodscode/1921150203 HTTP/2.0" 200 165605 "-" "Mozilla/5.0 AppleWebKit/537.36 (KHTML, like Gecko; compatible; bingbot/2.0; +http://www.bing.com/bingbot.htm) Chrome/116.0.1938.76 Safari/537.36" okformaturas.com.br 10.53.224.234
74.7.227.162 - - [23/Apr/2026:09:37:58 -0300] "GET /goodscode/2809068130 HTTP/2.0" 200 14676 "https://okformaturas.com.br/wp-sitemap.xml" "Mozilla/5.0 AppleWebKit/537.36 (KHTML, like Gecko; compatible; GPTBot/1.3; +https://openai.com/gptbot)" okformaturas.com.br 10.53.224.234
66.249.69.7 - - [23/Apr/2026:09:37:56 -0300] "POST /kaunet/categoryshop/office/sitemap/KWf_CGmNaviPlusAjaxAction.jsp HTTP/1.1" 200 145554 "https://okformaturas.com.br/goodscode/3062297940" "Mozilla/5.0 (Linux; Android 6.0.1; Nexus 5X Build/MMB29P) AppleWebKit/537.36 (KHTML, like Gecko) Chrome/146.0.7680.177 Mobile Safari/537.36 (compatible; Googlebot/2.1; +http://www.google.com/bot.html)" okformaturas.com.br 10.53.224.234
66.249.69.8 - - [23/Apr/2026:09:37:58 -0300] "POST /kaunet/categoryshop/office/sitemap/KWf_CGmNaviPlusAjaxAction.jsp HTTP/1.1" 200 145554 "https://okformaturas.com.br/goodscode/144800721" "Mozilla/5.0 (Linux; Android 6.0.1; Nexus 5X Build/MMB29P) AppleWebKit/537.36 (KHTML, like Gecko) Chrome/146.0.7680.177 Mobile Safari/537.36 (compatible; Googlebot/2.1; +http://www.google.com/bot.html)" okformaturas.com.br 10.53.224.234
66.249.69.6 - - [23/Apr/2026:09:38:00 -0300] "GET /goodscode/116169404 HTTP/1.1" 200 159175 "-" "Mozilla/5.0 (Linux; Android 6.0.1; Nexus 5X Build/MMB29P) AppleWebKit/537.36 (KHTML, like Gecko) Chrome/146.0.7680.177 Mobile Safari/537.36 (compatible; Googlebot/2.1; +http://www.google.com/bot.html)" okformaturas.com.br 10.53.224.234
74.7.227.162 - - [23/Apr/2026:09:38:10 -0300] "GET /goodscode/3526647505 HTTP/2.0" 200 14676 "https://okformaturas.com.br/wp-sitemap.xml" "Mozilla/5.0 AppleWebKit/537.36 (KHTML, like Gecko; compatible; GPTBot/1.3; +https://openai.com/gptbot)" okformaturas.com.br 10.53.224.234
66.249.69.7 - - [23/Apr/2026:09:38:14 -0300] "GET /goodscode/64154903 HTTP/1.1" 200 163819 "-" "Mozilla/5.0 (Linux; Android 6.0.1; Nexus 5X Build/MMB29P) AppleWebKit/537.36 (KHTML, like Gecko) Chrome/146.0.7680.177 Mobile Safari/537.36 (compatible; Googlebot/2.1; +http://www.google.com/bot.html)" okformaturas.com.br 10.53.224.234
66.249.69.6 - - [23/Apr/2026:09:38:16 -0300] "POST /kaunet/categoryshop/office/sitemap/KWf_CGmNaviPlusAjaxAction.jsp HTTP/1.1" 200 145554 "https://okformaturas.com.br/goodscode/116169404" "Mozilla/5.0 (Linux; Android 6.0.1; Nexus 5X Build/MMB29P) AppleWebKit/537.36 (KHTML, like Gecko) Chrome/146.0.7680.177 Mobile Safari/537.36 (compatible; Googlebot/2.1; +http://www.google.com/bot.html)" okformaturas.com.br 10.53.224.234
74.7.227.162 - - [23/Apr/2026:09:38:22 -0300] "GET /goodscode/2414908642?fileloc=/home2/okform09/public_html/plugins.php&path=/home2/okform09/public_html HTTP/2.0" 409 83 "https://okformaturas.com.br/goodscode/2414908642" "Mozilla/5.0 AppleWebKit/537.36 (KHTML, like Gecko; compatible; GPTBot/1.3; +https://openai.com/gptbot)" okformaturas.com.br 10.53.224.234
66.249.69.6 - - [23/Apr/2026:09:38:28 -0300] "GET /goodscode/2364711266 HTTP/1.1" 200 148030 "-" "Mozilla/5.0 (Linux; Android 6.0.1; Nexus 5X Build/MMB29P) AppleWebKit/537.36 (KHTML, like Gecko) Chrome/146.0.7680.177 Mobile Safari/537.36 (compatible; Googlebot/2.1; +http://www.google.com/bot.html)" okformaturas.com.br 10.53.224.234
74.7.227.162 - - [23/Apr/2026:09:38:32 -0300] "GET /goodscode/2831735037 HTTP/2.0" 200 14676 "https://okformaturas.com.br/wp-sitemap.xml" "Mozilla/5.0 AppleWebKit/537.36 (KHTML, like Gecko; compatible; GPTBot/1.3; +https://openai.com/gptbot)" okformaturas.com.br 10.53.224.234
66.249.69.5 - - [23/Apr/2026:09:38:37 -0300] "POST /kaunet/categoryshop/office/sitemap/KWf_CGmNaviPlusAjaxAction.jsp HTTP/1.1" 200 145554 "https://okformaturas.com.br/goodscode/64154903" "Mozilla/5.0 (Linux; Android 6.0.1; Nexus 5X Build/MMB29P) AppleWebKit/537.36 (KHTML, like Gecko) Chrome/146.0.7680.177 Mobile Safari/537.36 (compatible; Googlebot/2.1; +http://www.google.com/bot.html)" okformaturas.com.br 10.53.224.234
66.249.69.5 - - [23/Apr/2026:09:38:38 -0300] "POST /kaunet/categoryshop/office/sitemap/KWf_CGmNaviPlusAjaxAction.jsp HTTP/1.1" 200 145554 "https://okformaturas.com.br/goodscode/2364711266" "Mozilla/5.0 (Linux; Android 6.0.1; Nexus 5X Build/MMB29P) AppleWebKit/537.36 (KHTML, like Gecko) Chrome/146.0.7680.177 Mobile Safari/537.36 (compatible; Googlebot/2.1; +http://www.google.com/bot.html)" okformaturas.com.br 10.53.224.234
66.249.69.8 - - [23/Apr/2026:09:38:47 -0300] "GET /goodscode/1969815126 HTTP/1.1" 200 147070 "-" "Mozilla/5.0 (Linux; Android 6.0.1; Nexus 5X Build/MMB29P) AppleWebKit/537.36 (KHTML, like Gecko) Chrome/146.0.7680.177 Mobile Safari/537.36 (compatible; Googlebot/2.1; +http://www.google.com/bot.html)" okformaturas.com.br 10.53.224.234
66.249.69.5 - - [23/Apr/2026:09:38:48 -0300] "GET /goodscode/736920778 HTTP/1.1" 200 156501 "-" "Mozilla/5.0 (Linux; Android 6.0.1; Nexus 5X Build/MMB29P) AppleWebKit/537.36 (KHTML, like Gecko) Chrome/146.0.7680.177 Mobile Safari/537.36 (compatible; Googlebot/2.1; +http://www.google.com/bot.html)" okformaturas.com.br 10.53.224.234
66.249.69.6 - - [23/Apr/2026:09:38:57 -0300] "GET /goodscode/259893531 HTTP/1.1" 200 150322 "-" "Mozilla/5.0 (Linux; Android 6.0.1; Nexus 5X Build/MMB29P) AppleWebKit/537.36 (KHTML, like Gecko) Chrome/146.0.7680.177 Mobile Safari/537.36 (compatible; Googlebot/2.1; +http://www.google.com/bot.html)" okformaturas.com.br 10.53.224.234
66.249.69.8 - - [23/Apr/2026:09:38:58 -0300] "GET /goodscode/3902238574 HTTP/1.1" 200 151252 "-" "Mozilla/5.0 (Linux; Android 6.0.1; Nexus 5X Build/MMB29P) AppleWebKit/537.36 (KHTML, like Gecko) Chrome/146.0.7680.177 Mobile Safari/537.36 (compatible; Googlebot/2.1; +http://www.google.com/bot.html)" okformaturas.com.br 10.53.224.234
66.249.69.6 - - [23/Apr/2026:09:38:59 -0300] "POST /kaunet/categoryshop/office/sitemap/KWf_CGmNaviPlusAjaxAction.jsp HTTP/1.1" 200 145554 "https://okformaturas.com.br/goodscode/1969815126" "Mozilla/5.0 (Linux; Android 6.0.1; Nexus 5X Build/MMB29P) AppleWebKit/537.36 (KHTML, like Gecko) Chrome/146.0.7680.177 Mobile Safari/537.36 (compatible; Googlebot/2.1; +http://www.google.com/bot.html)" okformaturas.com.br 10.53.224.234
74.7.227.162 - - [23/Apr/2026:09:39:02 -0300] "GET /goodscode/2078846916 HTTP/2.0" 200 14676 "https://okformaturas.com.br/wp-sitemap.xml" "Mozilla/5.0 AppleWebKit/537.36 (KHTML, like Gecko; compatible; GPTBot/1.3; +https://openai.com/gptbot)" okformaturas.com.br 10.53.224.234
66.249.69.5 - - [23/Apr/2026:09:39:09 -0300] "POST /kaunet/categoryshop/office/sitemap/KWf_CGmNaviPlusAjaxAction.jsp HTTP/1.1" 200 145554 "https://okformaturas.com.br/goodscode/736920778" "Mozilla/5.0 (Linux; Android 6.0.1; Nexus 5X Build/MMB29P) AppleWebKit/537.36 (KHTML, like Gecko) Chrome/146.0.7680.177 Mobile Safari/537.36 (compatible; Googlebot/2.1; +http://www.google.com/bot.html)" okformaturas.com.br 10.53.224.234
66.249.69.8 - - [23/Apr/2026:09:39:10 -0300] "POST /kaunet/categoryshop/office/sitemap/KWf_CGmNaviPlusAjaxAction.jsp HTTP/1.1" 200 145554 "https://okformaturas.com.br/goodscode/259893531" "Mozilla/5.0 (Linux; Android 6.0.1; Nexus 5X Build/MMB29P) AppleWebKit/537.36 (KHTML, like Gecko) Chrome/146.0.7680.177 Mobile Safari/537.36 (compatible; Googlebot/2.1; +http://www.google.com/bot.html)" okformaturas.com.br 10.53.224.234
66.249.69.5 - - [23/Apr/2026:09:39:20 -0300] "GET /goodscode/3441126791 HTTP/1.1" 200 155479 "-" "Mozilla/5.0 (Linux; Android 6.0.1; Nexus 5X Build/MMB29P) AppleWebKit/537.36 (KHTML, like Gecko) Chrome/146.0.7680.177 Mobile Safari/537.36 (compatible; Googlebot/2.1; +http://www.google.com/bot.html)" okformaturas.com.br 10.53.224.234
74.7.227.162 - - [23/Apr/2026:09:39:28 -0300] "GET /goodscode/2651063457?path=/home2 HTTP/2.0" 200 3204 "https://okformaturas.com.br/goodscode/2651063457" "Mozilla/5.0 AppleWebKit/537.36 (KHTML, like Gecko; compatible; GPTBot/1.3; +https://openai.com/gptbot)" okformaturas.com.br 10.53.224.234
66.249.69.6 - - [23/Apr/2026:09:39:34 -0300] "GET /goodscode/2296877006 HTTP/1.1" 200 156240 "-" "Mozilla/5.0 (Linux; Android 6.0.1; Nexus 5X Build/MMB29P) AppleWebKit/537.36 (KHTML, like Gecko) Chrome/146.0.7680.177 Mobile Safari/537.36 (compatible; Googlebot/2.1; +http://www.google.com/bot.html)" okformaturas.com.br 10.53.224.234
66.249.69.5 - - [23/Apr/2026:09:39:42 -0300] "GET /goodscode/1967006917 HTTP/1.1" 200 152489 "-" "Mozilla/5.0 (Linux; Android 6.0.1; Nexus 5X Build/MMB29P) AppleWebKit/537.36 (KHTML, like Gecko) Chrome/146.0.7680.177 Mobile Safari/537.36 (compatible; Googlebot/2.1; +http://www.google.com/bot.html)" okformaturas.com.br 10.53.224.234
66.249.69.5 - - [23/Apr/2026:09:39:44 -0300] "POST /kaunet/categoryshop/office/sitemap/KWf_CGmNaviPlusAjaxAction.jsp HTTP/1.1" 200 145554 "https://okformaturas.com.br/goodscode/3441126791" "Mozilla/5.0 (Linux; Android 6.0.1; Nexus 5X Build/MMB29P) AppleWebKit/537.36 (KHTML, like Gecko) Chrome/146.0.7680.177 Mobile Safari/537.36 (compatible; Googlebot/2.1; +http://www.google.com/bot.html)" okformaturas.com.br 10.53.224.234
74.7.227.162 - - [23/Apr/2026:09:39:52 -0300] "GET /goodscode/2030650547 HTTP/2.0" 200 14676 "https://okformaturas.com.br/wp-sitemap.xml" "Mozilla/5.0 AppleWebKit/537.36 (KHTML, like Gecko; compatible; GPTBot/1.3; +https://openai.com/gptbot)" okformaturas.com.br 10.53.224.234
66.249.69.5 - - [23/Apr/2026:09:39:53 -0300] "POST /kaunet/categoryshop/office/sitemap/KWf_CGmNaviPlusAjaxAction.jsp HTTP/1.1" 200 145554 "https://okformaturas.com.br/goodscode/1967006917" "Mozilla/5.0 (Linux; Android 6.0.1; Nexus 5X Build/MMB29P) AppleWebKit/537.36 (KHTML, like Gecko) Chrome/146.0.7680.177 Mobile Safari/537.36 (compatible; Googlebot/2.1; +http://www.google.com/bot.html)" okformaturas.com.br 10.53.224.234
66.249.69.7 - - [23/Apr/2026:09:39:55 -0300] "GET /goodscode/3315431012 HTTP/1.1" 200 148792 "-" "Mozilla/5.0 (Linux; Android 6.0.1; Nexus 5X Build/MMB29P) AppleWebKit/537.36 (KHTML, like Gecko) Chrome/146.0.7680.177 Mobile Safari/537.36 (compatible; Googlebot/2.1; +http://www.google.com/bot.html)" okformaturas.com.br 10.53.224.234
66.249.69.6 - - [23/Apr/2026:09:39:59 -0300] "POST /kaunet/categoryshop/office/sitemap/KWf_CGmNaviPlusAjaxAction.jsp HTTP/1.1" 200 145554 "https://okformaturas.com.br/goodscode/2296877006" "Mozilla/5.0 (Linux; Android 6.0.1; Nexus 5X Build/MMB29P) AppleWebKit/537.36 (KHTML, like Gecko) Chrome/146.0.7680.177 Mobile Safari/537.36 (compatible; Googlebot/2.1; +http://www.google.com/bot.html)" okformaturas.com.br 10.53.224.234
66.249.69.6 - - [23/Apr/2026:09:40:09 -0300] "GET /goodscode/4050037643 HTTP/1.1" 200 145588 "-" "Mozilla/5.0 (Linux; Android 6.0.1; Nexus 5X Build/MMB29P) AppleWebKit/537.36 (KHTML, like Gecko) Chrome/146.0.7680.177 Mobile Safari/537.36 (compatible; Googlebot/2.1; +http://www.google.com/bot.html)" okformaturas.com.br 10.53.224.234
74.7.227.162 - - [23/Apr/2026:09:40:13 -0300] "GET /goodscode/1058095923 HTTP/2.0" 200 14676 "https://okformaturas.com.br/wp-sitemap.xml" "Mozilla/5.0 AppleWebKit/537.36 (KHTML, like Gecko; compatible; GPTBot/1.3; +https://openai.com/gptbot)" okformaturas.com.br 10.53.224.234
66.249.69.7 - - [23/Apr/2026:09:40:16 -0300] "POST /kaunet/categoryshop/office/sitemap/KWf_CGmNaviPlusAjaxAction.jsp HTTP/1.1" 200 145554 "https://okformaturas.com.br/goodscode/3315431012" "Mozilla/5.0 (Linux; Android 6.0.1; Nexus 5X Build/MMB29P) AppleWebKit/537.36 (KHTML, like Gecko) Chrome/146.0.7680.177 Mobile Safari/537.36 (compatible; Googlebot/2.1; +http://www.google.com/bot.html)" okformaturas.com.br 10.53.224.234
66.249.69.6 - - [23/Apr/2026:09:40:19 -0300] "POST /kaunet/categoryshop/office/sitemap/KWf_CGmNaviPlusAjaxAction.jsp HTTP/1.1" 200 145554 "https://okformaturas.com.br/goodscode/4050037643" "Mozilla/5.0 (Linux; Android 6.0.1; Nexus 5X Build/MMB29P) AppleWebKit/537.36 (KHTML, like Gecko) Chrome/146.0.7680.177 Mobile Safari/537.36 (compatible; Googlebot/2.1; +http://www.google.com/bot.html)" okformaturas.com.br 10.53.224.234
66.249.69.5 - - [23/Apr/2026:09:40:23 -0300] "GET /goodscode/2686447690 HTTP/1.1" 200 154066 "-" "Mozilla/5.0 (Linux; Android 6.0.1; Nexus 5X Build/MMB29P) AppleWebKit/537.36 (KHTML, like Gecko) Chrome/146.0.7680.177 Mobile Safari/537.36 (compatible; Googlebot/2.1; +http://www.google.com/bot.html)" okformaturas.com.br 10.53.224.234
74.7.227.162 - - [23/Apr/2026:09:40:34 -0300] "GET /goodscode/3831540071 HTTP/2.0" 200 14676 "https://okformaturas.com.br/wp-sitemap.xml" "Mozilla/5.0 AppleWebKit/537.36 (KHTML, like Gecko; compatible; GPTBot/1.3; +https://openai.com/gptbot)" okformaturas.com.br 10.53.224.234
66.249.69.7 - - [23/Apr/2026:09:40:32 -0300] "POST /kaunet/categoryshop/office/sitemap/KWf_CGmNaviPlusAjaxAction.jsp HTTP/1.1" 200 145554 "https://okformaturas.com.br/goodscode/2686447690" "Mozilla/5.0 (Linux; Android 6.0.1; Nexus 5X Build/MMB29P) AppleWebKit/537.36 (KHTML, like Gecko) Chrome/146.0.7680.177 Mobile Safari/537.36 (compatible; Googlebot/2.1; +http://www.google.com/bot.html)" okformaturas.com.br 10.53.224.234
66.249.69.5 - - [23/Apr/2026:09:40:38 -0300] "GET /goodscode/961400980 HTTP/1.1" 200 155112 "-" "Mozilla/5.0 (Linux; Android 6.0.1; Nexus 5X Build/MMB29P) AppleWebKit/537.36 (KHTML, like Gecko) Chrome/146.0.7680.177 Mobile Safari/537.36 (compatible; Googlebot/2.1; +http://www.google.com/bot.html)" okformaturas.com.br 10.53.224.234
74.7.227.162 - - [23/Apr/2026:09:40:52 -0300] "GET /goodscode/2838911530 HTTP/2.0" 200 14676 "https://okformaturas.com.br/wp-sitemap.xml" "Mozilla/5.0 AppleWebKit/537.36 (KHTML, like Gecko; compatible; GPTBot/1.3; +https://openai.com/gptbot)" okformaturas.com.br 10.53.224.234
