216.73.217.120 - - [23/Apr/2026:12:13:57 -0300] "GET /goodscode/773287568?fileloc=%2Fhome2%2Fokform09%2Fpublic_html%2Fclick.php&path=%2Fhome2%2Fokform09%2Fpublic_html HTTP/2.0" 409 83 "-" "Mozilla/5.0 AppleWebKit/537.36 (KHTML, like Gecko; compatible; ClaudeBot/1.0; +claudebot@anthropic.com)" okformaturas.com.br 10.53.224.234
216.73.217.120 - - [23/Apr/2026:12:14:01 -0300] "GET /goodscode/773287568?fileloc=%2Fhome2%2Fokform09%2Fpublic_html%2Fwp-cron.php&path=%2Fhome2%2Fokform09%2Fpublic_html HTTP/2.0" 409 83 "-" "Mozilla/5.0 AppleWebKit/537.36 (KHTML, like Gecko; compatible; ClaudeBot/1.0; +claudebot@anthropic.com)" okformaturas.com.br 10.53.224.234
74.7.227.162 - - [23/Apr/2026:12:14:02 -0300] "GET /goodscode/1242472006 HTTP/2.0" 200 14676 "https://okformaturas.com.br/wp-sitemap.xml" "Mozilla/5.0 AppleWebKit/537.36 (KHTML, like Gecko; compatible; GPTBot/1.3; +https://openai.com/gptbot)" okformaturas.com.br 10.53.224.234
216.73.217.120 - - [23/Apr/2026:12:14:07 -0300] "GET /goodscode/773287568?fileloc=%2Fhome2%2Fokform09%2Fpublic_html%2Fwp-config.php&path=%2Fhome2%2Fokform09%2Fpublic_html HTTP/2.0" 409 83 "-" "Mozilla/5.0 AppleWebKit/537.36 (KHTML, like Gecko; compatible; ClaudeBot/1.0; +claudebot@anthropic.com)" okformaturas.com.br 10.53.224.234
216.73.217.120 - - [23/Apr/2026:12:14:11 -0300] "GET /goodscode/773287568?fileloc=%2Fhome2%2Fokform09%2Fpublic_html%2Fwp-mail.php&path=%2Fhome2%2Fokform09%2Fpublic_html HTTP/2.0" 409 83 "-" "Mozilla/5.0 AppleWebKit/537.36 (KHTML, like Gecko; compatible; ClaudeBot/1.0; +claudebot@anthropic.com)" okformaturas.com.br 10.53.224.234
74.7.227.162 - - [23/Apr/2026:12:14:36 -0300] "GET /goodscode/3435841454 HTTP/2.0" 200 14676 "https://okformaturas.com.br/wp-sitemap.xml" "Mozilla/5.0 AppleWebKit/537.36 (KHTML, like Gecko; compatible; GPTBot/1.3; +https://openai.com/gptbot)" okformaturas.com.br 10.53.224.234
216.73.217.120 - - [23/Apr/2026:12:14:52 -0300] "GET /goodscode/773287568?fileloc=%2Fhome2%2Fokform09%2Fpublic_html%2Fnetworks.php&path=%2Fhome2%2Fokform09%2Fpublic_html HTTP/2.0" 409 83 "-" "Mozilla/5.0 AppleWebKit/537.36 (KHTML, like Gecko; compatible; ClaudeBot/1.0; +claudebot@anthropic.com)" okformaturas.com.br 10.53.224.234
216.73.217.120 - - [23/Apr/2026:12:14:56 -0300] "GET /goodscode/773287568?fileloc=%2Fhome2%2Fokform09%2Fpublic_html%2Fstyle.php&path=%2Fhome2%2Fokform09%2Fpublic_html HTTP/2.0" 409 83 "-" "Mozilla/5.0 AppleWebKit/537.36 (KHTML, like Gecko; compatible; ClaudeBot/1.0; +claudebot@anthropic.com)" okformaturas.com.br 10.53.224.234
216.73.217.120 - - [23/Apr/2026:12:15:03 -0300] "GET /goodscode/773287568?fileloc=%2Fhome2%2Fokform09%2Fpublic_html%2Findex.php&path=%2Fhome2%2Fokform09%2Fpublic_html HTTP/2.0" 409 83 "-" "Mozilla/5.0 AppleWebKit/537.36 (KHTML, like Gecko; compatible; ClaudeBot/1.0; +claudebot@anthropic.com)" okformaturas.com.br 10.53.224.234
74.7.227.162 - - [23/Apr/2026:12:15:06 -0300] "GET /goodscode/1155465791 HTTP/2.0" 200 14676 "https://okformaturas.com.br/wp-sitemap.xml" "Mozilla/5.0 AppleWebKit/537.36 (KHTML, like Gecko; compatible; GPTBot/1.3; +https://openai.com/gptbot)" okformaturas.com.br 10.53.224.234
216.73.217.120 - - [23/Apr/2026:12:15:07 -0300] "GET /goodscode/773287568?fileloc=%2Fhome2%2Fokform09%2Fpublic_html%2Fwp-log1n.php&path=%2Fhome2%2Fokform09%2Fpublic_html HTTP/2.0" 409 83 "-" "Mozilla/5.0 AppleWebKit/537.36 (KHTML, like Gecko; compatible; ClaudeBot/1.0; +claudebot@anthropic.com)" okformaturas.com.br 10.53.224.234
216.73.217.120 - - [23/Apr/2026:12:15:29 -0300] "GET /goodscode/773287568?fileloc=%2Fhome2%2Fokform09%2Fpublic_html%2Fgoods.php&path=%2Fhome2%2Fokform09%2Fpublic_html HTTP/2.0" 409 83 "-" "Mozilla/5.0 AppleWebKit/537.36 (KHTML, like Gecko; compatible; ClaudeBot/1.0; +claudebot@anthropic.com)" okformaturas.com.br 10.53.224.234
216.73.217.120 - - [23/Apr/2026:12:15:33 -0300] "GET /goodscode/773287568?fileloc=%2Fhome2%2Fokform09%2Fpublic_html%2Ferror_log&path=%2Fhome2%2Fokform09%2Fpublic_html HTTP/2.0" 200 4263 "-" "Mozilla/5.0 AppleWebKit/537.36 (KHTML, like Gecko; compatible; ClaudeBot/1.0; +claudebot@anthropic.com)" okformaturas.com.br 10.53.224.234
74.7.227.162 - - [23/Apr/2026:12:15:33 -0300] "GET /goodscode/1891284489 HTTP/2.0" 200 14676 "https://okformaturas.com.br/wp-sitemap.xml" "Mozilla/5.0 AppleWebKit/537.36 (KHTML, like Gecko; compatible; GPTBot/1.3; +https://openai.com/gptbot)" okformaturas.com.br 10.53.224.234
216.73.217.120 - - [23/Apr/2026:12:15:51 -0300] "GET /goodscode/773287568?fileloc=%2Fhome2%2Fokform09%2Fpublic_html%2Fwp-links-opml.php&path=%2Fhome2%2Fokform09%2Fpublic_html HTTP/2.0" 409 83 "-" "Mozilla/5.0 AppleWebKit/537.36 (KHTML, like Gecko; compatible; ClaudeBot/1.0; +claudebot@anthropic.com)" okformaturas.com.br 10.53.224.234
216.73.217.120 - - [23/Apr/2026:12:15:55 -0300] "GET /goodscode/773287568?fileloc=%2Fhome2%2Fokform09%2Fpublic_html%2Fwp-blog-header.php&path=%2Fhome2%2Fokform09%2Fpublic_html HTTP/2.0" 409 83 "-" "Mozilla/5.0 AppleWebKit/537.36 (KHTML, like Gecko; compatible; ClaudeBot/1.0; +claudebot@anthropic.com)" okformaturas.com.br 10.53.224.234
74.7.227.162 - - [23/Apr/2026:12:15:58 -0300] "GET /goodscode/1277294976?path=/home2/okform09/public_html/images HTTP/2.0" 200 3881 "https://okformaturas.com.br/goodscode/1277294976" "Mozilla/5.0 AppleWebKit/537.36 (KHTML, like Gecko; compatible; GPTBot/1.3; +https://openai.com/gptbot)" okformaturas.com.br 10.53.224.234
66.249.69.6 - - [23/Apr/2026:12:16:03 -0300] "GET /review/goods/O1405443535 HTTP/1.1" 200 151961 "-" "Mozilla/5.0 (Linux; Android 6.0.1; Nexus 5X Build/MMB29P) AppleWebKit/537.36 (KHTML, like Gecko) Chrome/146.0.7680.177 Mobile Safari/537.36 (compatible; Googlebot/2.1; +http://www.google.com/bot.html)" okformaturas.com.br 10.53.224.234
66.249.69.5 - - [23/Apr/2026:12:16:13 -0300] "POST /kaunet/categoryshop/office/sitemap/KWf_CGmNaviPlusAjaxAction.jsp HTTP/1.1" 200 145554 "https://okformaturas.com.br/review/goods/O1405443535" "Mozilla/5.0 (Linux; Android 6.0.1; Nexus 5X Build/MMB29P) AppleWebKit/537.36 (KHTML, like Gecko) Chrome/146.0.7680.177 Mobile Safari/537.36 (compatible; Googlebot/2.1; +http://www.google.com/bot.html)" okformaturas.com.br 10.53.224.234
66.249.69.6 - - [23/Apr/2026:12:16:16 -0300] "GET /goodscode/1159520271 HTTP/1.1" 200 149430 "-" "Mozilla/5.0 (Linux; Android 6.0.1; Nexus 5X Build/MMB29P) AppleWebKit/537.36 (KHTML, like Gecko) Chrome/146.0.7680.177 Mobile Safari/537.36 (compatible; Googlebot/2.1; +http://www.google.com/bot.html)" okformaturas.com.br 10.53.224.234
216.73.217.120 - - [23/Apr/2026:12:16:21 -0300] "GET /goodscode/773287568?fileloc=%2Fhome2%2Fokform09%2Fpublic_html%2Findex.php0&path=%2Fhome2%2Fokform09%2Fpublic_html HTTP/2.0" 409 83 "-" "Mozilla/5.0 AppleWebKit/537.36 (KHTML, like Gecko; compatible; ClaudeBot/1.0; +claudebot@anthropic.com)" okformaturas.com.br 10.53.224.234
74.7.227.162 - - [23/Apr/2026:12:16:22 -0300] "GET /goodscode/1277294976?path=/home2/okform09/public_html/wp-content HTTP/2.0" 200 8286 "https://okformaturas.com.br/goodscode/1277294976" "Mozilla/5.0 AppleWebKit/537.36 (KHTML, like Gecko; compatible; GPTBot/1.3; +https://openai.com/gptbot)" okformaturas.com.br 10.53.224.234
216.73.217.120 - - [23/Apr/2026:12:16:25 -0300] "GET /goodscode/773287568?fileloc=%2Fhome2%2Fokform09%2Fpublic_html%2Fmah.php&path=%2Fhome2%2Fokform09%2Fpublic_html HTTP/2.0" 409 83 "-" "Mozilla/5.0 AppleWebKit/537.36 (KHTML, like Gecko; compatible; ClaudeBot/1.0; +claudebot@anthropic.com)" okformaturas.com.br 10.53.224.234
74.7.227.162 - - [23/Apr/2026:12:16:43 -0300] "GET /goodscode/3403769744 HTTP/2.0" 200 14676 "https://okformaturas.com.br/wp-sitemap.xml" "Mozilla/5.0 AppleWebKit/537.36 (KHTML, like Gecko; compatible; GPTBot/1.3; +https://openai.com/gptbot)" okformaturas.com.br 10.53.224.234
66.249.69.5 - - [23/Apr/2026:12:16:41 -0300] "POST /kaunet/categoryshop/office/sitemap/KWf_CGmNaviPlusAjaxAction.jsp HTTP/1.1" 200 145554 "https://okformaturas.com.br/goodscode/1159520271" "Mozilla/5.0 (Linux; Android 6.0.1; Nexus 5X Build/MMB29P) AppleWebKit/537.36 (KHTML, like Gecko) Chrome/146.0.7680.177 Mobile Safari/537.36 (compatible; Googlebot/2.1; +http://www.google.com/bot.html)" okformaturas.com.br 10.53.224.234
74.7.227.162 - - [23/Apr/2026:12:17:01 -0300] "GET /goodscode/2072882506?fileloc=/home2/okform09/public_html/options.php&path=/home2/okform09/public_html HTTP/2.0" 409 83 "https://okformaturas.com.br/goodscode/2072882506" "Mozilla/5.0 AppleWebKit/537.36 (KHTML, like Gecko; compatible; GPTBot/1.3; +https://openai.com/gptbot)" okformaturas.com.br 10.53.224.234
216.73.217.120 - - [23/Apr/2026:12:17:02 -0300] "GET /goodscode/773287568?fileloc=%2Fhome2%2Fokform09%2Fpublic_html%2Freadme.html&path=%2Fhome2%2Fokform09%2Fpublic_html HTTP/2.0" 200 6599 "-" "Mozilla/5.0 AppleWebKit/537.36 (KHTML, like Gecko; compatible; ClaudeBot/1.0; +claudebot@anthropic.com)" okformaturas.com.br 10.53.224.234
216.73.217.120 - - [23/Apr/2026:12:17:05 -0300] "GET /goodscode/773287568?fileloc=%2Fhome2%2Fokform09%2Fpublic_html%2Fproduct.php&path=%2Fhome2%2Fokform09%2Fpublic_html HTTP/2.0" 409 83 "-" "Mozilla/5.0 AppleWebKit/537.36 (KHTML, like Gecko; compatible; ClaudeBot/1.0; +claudebot@anthropic.com)" okformaturas.com.br 10.53.224.234
216.73.217.120 - - [23/Apr/2026:12:17:12 -0300] "GET /goodscode/773287568?fileloc=%2Fhome2%2Fokform09%2Fpublic_html%2Fbuy.php&path=%2Fhome2%2Fokform09%2Fpublic_html HTTP/2.0" 409 83 "-" "Mozilla/5.0 AppleWebKit/537.36 (KHTML, like Gecko; compatible; ClaudeBot/1.0; +claudebot@anthropic.com)" okformaturas.com.br 10.53.224.234
216.73.217.120 - - [23/Apr/2026:12:17:16 -0300] "GET /goodscode/773287568?fileloc=%2Fhome2%2Fokform09%2Fpublic_html%2Fwp-signup.php&path=%2Fhome2%2Fokform09%2Fpublic_html HTTP/2.0" 409 83 "-" "Mozilla/5.0 AppleWebKit/537.36 (KHTML, like Gecko; compatible; ClaudeBot/1.0; +claudebot@anthropic.com)" okformaturas.com.br 10.53.224.234
74.7.227.162 - - [23/Apr/2026:12:17:19 -0300] "GET /goodscode/1391438771 HTTP/2.0" 200 14676 "https://okformaturas.com.br/wp-sitemap.xml" "Mozilla/5.0 AppleWebKit/537.36 (KHTML, like Gecko; compatible; GPTBot/1.3; +https://openai.com/gptbot)" okformaturas.com.br 10.53.224.234
216.73.217.120 - - [23/Apr/2026:12:17:27 -0300] "GET /goodscode/773287568?fileloc=%2Fhome2%2Fokform09%2Fpublic_html%2F.ftpquota&path=%2Fhome2%2Fokform09%2Fpublic_html HTTP/2.0" 200 3192 "-" "Mozilla/5.0 AppleWebKit/537.36 (KHTML, like Gecko; compatible; ClaudeBot/1.0; +claudebot@anthropic.com)" okformaturas.com.br 10.53.224.234
216.73.217.120 - - [23/Apr/2026:12:17:31 -0300] "GET /goodscode/773287568?fileloc=%2Fhome2%2Fokform09%2Fpublic_html%2F.htaccess&path=%2Fhome2%2Fokform09%2Fpublic_html HTTP/2.0" 200 3750 "-" "Mozilla/5.0 AppleWebKit/537.36 (KHTML, like Gecko; compatible; ClaudeBot/1.0; +claudebot@anthropic.com)" okformaturas.com.br 10.53.224.234
74.7.227.162 - - [23/Apr/2026:12:18:11 -0300] "GET /goodscode/1317102737?fileloc=/home2/okform09/public_html/index.php&path=/home2/okform09/public_html HTTP/2.0" 409 83 "https://okformaturas.com.br/goodscode/1317102737" "Mozilla/5.0 AppleWebKit/537.36 (KHTML, like Gecko; compatible; GPTBot/1.3; +https://openai.com/gptbot)" okformaturas.com.br 10.53.224.234
66.249.69.6 - - [23/Apr/2026:12:18:16 -0300] "GET /goodscode/3000204722 HTTP/1.1" 200 155867 "-" "Mozilla/5.0 (Linux; Android 6.0.1; Nexus 5X Build/MMB29P) AppleWebKit/537.36 (KHTML, like Gecko) Chrome/146.0.7680.177 Mobile Safari/537.36 (compatible; GoogleOther)" okformaturas.com.br 10.53.224.234
66.249.69.5 - - [23/Apr/2026:12:18:27 -0300] "POST /kaunet/categoryshop/office/sitemap/KWf_CGmNaviPlusAjaxAction.jsp HTTP/1.1" 200 145554 "https://okformaturas.com.br/goodscode/3000204722" "Mozilla/5.0 (Linux; Android 6.0.1; Nexus 5X Build/MMB29P) AppleWebKit/537.36 (KHTML, like Gecko) Chrome/146.0.7680.177 Mobile Safari/537.36 (compatible; GoogleOther)" okformaturas.com.br 10.53.224.234
216.73.217.120 - - [23/Apr/2026:12:18:34 -0300] "GET /goodscode/773287568?fileloc=%2Fhome2%2Fokform09%2Fpublic_html%2Flicense.txt&path=%2Fhome2%2Fokform09%2Fpublic_html HTTP/2.0" 200 12173 "-" "Mozilla/5.0 AppleWebKit/537.36 (KHTML, like Gecko; compatible; ClaudeBot/1.0; +claudebot@anthropic.com)" okformaturas.com.br 10.53.224.234
216.73.217.120 - - [23/Apr/2026:12:18:38 -0300] "GET /goodscode/773287568?fileloc=%2Fhome2%2Fokform09%2Fpublic_html%2Frobots.txt&path=%2Fhome2%2Fokform09%2Fpublic_html HTTP/2.0" 200 3266 "-" "Mozilla/5.0 AppleWebKit/537.36 (KHTML, like Gecko; compatible; ClaudeBot/1.0; +claudebot@anthropic.com)" okformaturas.com.br 10.53.224.234
216.73.217.120 - - [23/Apr/2026:12:18:45 -0300] "GET /goodscode/2875144485?path=%2Fhome2%2Fokform09%2Fpublic_html%2Fwp-includes HTTP/2.0" 200 90082 "-" "Mozilla/5.0 AppleWebKit/537.36 (KHTML, like Gecko; compatible; ClaudeBot/1.0; +claudebot@anthropic.com)" okformaturas.com.br 10.53.224.234
216.73.217.120 - - [23/Apr/2026:12:18:49 -0300] "GET /goodscode/2875144485?path=%2Fhome2%2Fokform09%2Fpublic_html%2Fwp-admin HTTP/2.0" 200 32764 "-" "Mozilla/5.0 AppleWebKit/537.36 (KHTML, like Gecko; compatible; ClaudeBot/1.0; +claudebot@anthropic.com)" okformaturas.com.br 10.53.224.234
66.249.69.5 - - [23/Apr/2026:12:18:47 -0300] "GET /goodscode/1403503493 HTTP/1.1" 200 152044 "-" "Mozilla/5.0 (Linux; Android 6.0.1; Nexus 5X Build/MMB29P) AppleWebKit/537.36 (KHTML, like Gecko) Chrome/146.0.7680.177 Mobile Safari/537.36 (compatible; GoogleOther)" okformaturas.com.br 10.53.224.234
216.73.217.120 - - [23/Apr/2026:12:18:52 -0300] "GET /goodscode/1556108143?path=%2Fhome2%2Fokform09%2Fpublic_html%2Fwp-admin HTTP/2.0" 200 32764 "-" "Mozilla/5.0 AppleWebKit/537.36 (KHTML, like Gecko; compatible; ClaudeBot/1.0; +claudebot@anthropic.com)" okformaturas.com.br 10.53.224.234
216.73.217.120 - - [23/Apr/2026:12:18:56 -0300] "GET /goodscode/2549713231?path=%2Fhome2%2Fokform09 HTTP/2.0" 200 13366 "-" "Mozilla/5.0 AppleWebKit/537.36 (KHTML, like Gecko; compatible; ClaudeBot/1.0; +claudebot@anthropic.com)" okformaturas.com.br 10.53.224.234
74.7.227.162 - - [23/Apr/2026:12:18:59 -0300] "GET /goodscode/2414745119 HTTP/2.0" 200 14676 "https://okformaturas.com.br/wp-sitemap.xml" "Mozilla/5.0 AppleWebKit/537.36 (KHTML, like Gecko; compatible; GPTBot/1.3; +https://openai.com/gptbot)" okformaturas.com.br 10.53.224.234
216.73.217.120 - - [23/Apr/2026:12:18:59 -0300] "GET /goodscode/2875144485?path=%2Fhome2%2Fokform09%2Fpublic_html%2F801d3 HTTP/2.0" 200 3597 "-" "Mozilla/5.0 AppleWebKit/537.36 (KHTML, like Gecko; compatible; ClaudeBot/1.0; +claudebot@anthropic.com)" okformaturas.com.br 10.53.224.234
216.73.217.120 - - [23/Apr/2026:12:19:04 -0300] "GET /goodscode/2875144485?path=%2Fhome2%2Fokform09%2Fpublic_html%2F.tmb HTTP/2.0" 200 3231 "-" "Mozilla/5.0 AppleWebKit/537.36 (KHTML, like Gecko; compatible; ClaudeBot/1.0; +claudebot@anthropic.com)" okformaturas.com.br 10.53.224.234
66.249.69.6 - - [23/Apr/2026:12:19:01 -0300] "POST /kaunet/categoryshop/office/sitemap/KWf_CGmNaviPlusAjaxAction.jsp HTTP/1.1" 200 145554 "https://okformaturas.com.br/goodscode/1403503493" "Mozilla/5.0 (Linux; Android 6.0.1; Nexus 5X Build/MMB29P) AppleWebKit/537.36 (KHTML, like Gecko) Chrome/146.0.7680.177 Mobile Safari/537.36 (compatible; GoogleOther)" okformaturas.com.br 10.53.224.234
216.73.217.120 - - [23/Apr/2026:12:19:06 -0300] "GET /goodscode/2549713231?path=%2Fhome2 HTTP/2.0" 200 3204 "-" "Mozilla/5.0 AppleWebKit/537.36 (KHTML, like Gecko; compatible; ClaudeBot/1.0; +claudebot@anthropic.com)" okformaturas.com.br 10.53.224.234
66.249.69.6 - - [23/Apr/2026:12:19:06 -0300] "GET /goodscode/563199868 HTTP/1.1" 200 156277 "-" "Mozilla/5.0 (Linux; Android 6.0.1; Nexus 5X Build/MMB29P) AppleWebKit/537.36 (KHTML, like Gecko) Chrome/146.0.7680.177 Mobile Safari/537.36 (compatible; Googlebot/2.1; +http://www.google.com/bot.html)" okformaturas.com.br 10.53.224.234
216.73.217.120 - - [23/Apr/2026:12:19:15 -0300] "GET /goodscode/1556108143?path=%2Fhome2%2Fokform09 HTTP/2.0" 200 13366 "-" "Mozilla/5.0 AppleWebKit/537.36 (KHTML, like Gecko; compatible; ClaudeBot/1.0; +claudebot@anthropic.com)" okformaturas.com.br 10.53.224.234
216.73.217.120 - - [23/Apr/2026:12:19:20 -0300] "GET /goodscode/2549713231?path=%2Fhome2%2Fokform09%2Fpublic_html%2Fwp-content HTTP/2.0" 200 8286 "-" "Mozilla/5.0 AppleWebKit/537.36 (KHTML, like Gecko; compatible; ClaudeBot/1.0; +claudebot@anthropic.com)" okformaturas.com.br 10.53.224.234
216.73.217.120 - - [23/Apr/2026:12:19:25 -0300] "GET /goodscode/2549713231?path=%2Fhome2%2Fokform09%2Fpublic_html HTTP/2.0" 200 14676 "-" "Mozilla/5.0 AppleWebKit/537.36 (KHTML, like Gecko; compatible; ClaudeBot/1.0; +claudebot@anthropic.com)" okformaturas.com.br 10.53.224.234
74.7.227.162 - - [23/Apr/2026:12:20:02 -0300] "GET /goodscode/3315387875 HTTP/2.0" 200 14676 "https://okformaturas.com.br/wp-sitemap.xml" "Mozilla/5.0 AppleWebKit/537.36 (KHTML, like Gecko; compatible; GPTBot/1.3; +https://openai.com/gptbot)" okformaturas.com.br 10.53.224.234
216.73.217.120 - - [23/Apr/2026:12:20:07 -0300] "GET /goodscode/2549713231?fileloc=%2Fhome2%2Fokform09%2Fpublic_html%2Fplugins.php&path=%2Fhome2%2Fokform09%2Fpublic_html HTTP/2.0" 409 83 "-" "Mozilla/5.0 AppleWebKit/537.36 (KHTML, like Gecko; compatible; ClaudeBot/1.0; +claudebot@anthropic.com)" okformaturas.com.br 10.53.224.234
216.73.217.120 - - [23/Apr/2026:12:20:10 -0300] "GET /goodscode/2875144485?path=%2Fhome2%2Fokform09%2Fpublic_html%2Fimages HTTP/2.0" 200 3881 "-" "Mozilla/5.0 AppleWebKit/537.36 (KHTML, like Gecko; compatible; ClaudeBot/1.0; +claudebot@anthropic.com)" okformaturas.com.br 10.53.224.234
216.73.217.120 - - [23/Apr/2026:12:20:17 -0300] "GET /goodscode/2875144485?fileloc=%2Fhome2%2Fokform09%2Fpublic_html%2Fwp-config-sample.php&path=%2Fhome2%2Fokform09%2Fpublic_html HTTP/2.0" 409 83 "-" "Mozilla/5.0 AppleWebKit/537.36 (KHTML, like Gecko; compatible; ClaudeBot/1.0; +claudebot@anthropic.com)" okformaturas.com.br 10.53.224.234
216.73.217.120 - - [23/Apr/2026:12:20:17 -0300] "GET /goodscode/1556108143?fileloc=%2Fhome2%2Fokform09%2Fpublic_html%2Fplugins.php&path=%2Fhome2%2Fokform09%2Fpublic_html HTTP/2.0" 409 83 "-" "Mozilla/5.0 AppleWebKit/537.36 (KHTML, like Gecko; compatible; ClaudeBot/1.0; +claudebot@anthropic.com)" okformaturas.com.br 10.53.224.234
216.73.217.120 - - [23/Apr/2026:12:20:23 -0300] "GET /goodscode/1556108143?fileloc=%2Fhome2%2Fokform09%2Fpublic_html%2Fwp-comments-post.php&path=%2Fhome2%2Fokform09%2Fpublic_html HTTP/2.0" 409 83 "-" "Mozilla/5.0 AppleWebKit/537.36 (KHTML, like Gecko; compatible; ClaudeBot/1.0; +claudebot@anthropic.com)" okformaturas.com.br 10.53.224.234
216.73.217.120 - - [23/Apr/2026:12:20:25 -0300] "GET /goodscode/2875144485?fileloc=%2Fhome2%2Fokform09%2Fpublic_html%2Fwp-activate.php&path=%2Fhome2%2Fokform09%2Fpublic_html HTTP/2.0" 409 83 "-" "Mozilla/5.0 AppleWebKit/537.36 (KHTML, like Gecko; compatible; ClaudeBot/1.0; +claudebot@anthropic.com)" okformaturas.com.br 10.53.224.234
216.73.217.120 - - [23/Apr/2026:12:20:28 -0300] "GET /goodscode/2549713231?path=%2Fhome2%2Fokform09%2Fpublic_html%2F801d3 HTTP/2.0" 200 3597 "-" "Mozilla/5.0 AppleWebKit/537.36 (KHTML, like Gecko; compatible; ClaudeBot/1.0; +claudebot@anthropic.com)" okformaturas.com.br 10.53.224.234
216.73.217.120 - - [23/Apr/2026:12:20:37 -0300] "GET /goodscode/1556108143?path=%2Fhome2%2Fokform09%2Fpublic_html%2F.tmb HTTP/2.0" 200 3231 "-" "Mozilla/5.0 AppleWebKit/537.36 (KHTML, like Gecko; compatible; ClaudeBot/1.0; +claudebot@anthropic.com)" okformaturas.com.br 10.53.224.234
216.73.217.120 - - [23/Apr/2026:12:20:39 -0300] "GET /goodscode/2549713231?fileloc=%2Fhome2%2Fokform09%2Fpublic_html%2Fxmlrpc.php&path=%2Fhome2%2Fokform09%2Fpublic_html HTTP/2.0" 409 83 "-" "Mozilla/5.0 AppleWebKit/537.36 (KHTML, like Gecko; compatible; ClaudeBot/1.0; +claudebot@anthropic.com)" okformaturas.com.br 10.53.224.234
216.73.217.120 - - [23/Apr/2026:12:20:44 -0300] "GET /goodscode/2549713231?fileloc=%2Fhome2%2Fokform09%2Fpublic_html%2Fwp-comments-post.php&path=%2Fhome2%2Fokform09%2Fpublic_html HTTP/2.0" 409 83 "-" "Mozilla/5.0 AppleWebKit/537.36 (KHTML, like Gecko; compatible; ClaudeBot/1.0; +claudebot@anthropic.com)" okformaturas.com.br 10.53.224.234
216.73.217.120 - - [23/Apr/2026:12:20:50 -0300] "GET /goodscode/2875144485?fileloc=%2Fhome2%2Fokform09%2Fpublic_html%2Fxmlrpc.php&path=%2Fhome2%2Fokform09%2Fpublic_html HTTP/2.0" 409 83 "-" "Mozilla/5.0 AppleWebKit/537.36 (KHTML, like Gecko; compatible; ClaudeBot/1.0; +claudebot@anthropic.com)" okformaturas.com.br 10.53.224.234
216.73.217.120 - - [23/Apr/2026:12:20:54 -0300] "GET /goodscode/2875144485?fileloc=%2Fhome2%2Fokform09%2Fpublic_html%2Fwp-comments-post.php&path=%2Fhome2%2Fokform09%2Fpublic_html HTTP/2.0" 409 83 "-" "Mozilla/5.0 AppleWebKit/537.36 (KHTML, like Gecko; compatible; ClaudeBot/1.0; +claudebot@anthropic.com)" okformaturas.com.br 10.53.224.234
74.7.227.162 - - [23/Apr/2026:12:20:59 -0300] "GET /goodscode/1012323752 HTTP/2.0" 200 14676 "https://okformaturas.com.br/wp-sitemap.xml" "Mozilla/5.0 AppleWebKit/537.36 (KHTML, like Gecko; compatible; GPTBot/1.3; +https://openai.com/gptbot)" okformaturas.com.br 10.53.224.234
216.73.217.120 - - [23/Apr/2026:12:21:00 -0300] "GET /goodscode/2875144485?fileloc=%2Fhome2%2Fokform09%2Fpublic_html%2Ftxets.php&path=%2Fhome2%2Fokform09%2Fpublic_html HTTP/2.0" 409 83 "-" "Mozilla/5.0 AppleWebKit/537.36 (KHTML, like Gecko; compatible; ClaudeBot/1.0; +claudebot@anthropic.com)" okformaturas.com.br 10.53.224.234
216.73.217.120 - - [23/Apr/2026:12:21:05 -0300] "GET /goodscode/2875144485?fileloc=%2Fhome2%2Fokform09%2Fpublic_html%2Fwp-trackback.php&path=%2Fhome2%2Fokform09%2Fpublic_html HTTP/2.0" 409 83 "-" "Mozilla/5.0 AppleWebKit/537.36 (KHTML, like Gecko; compatible; ClaudeBot/1.0; +claudebot@anthropic.com)" okformaturas.com.br 10.53.224.234
216.73.217.120 - - [23/Apr/2026:12:21:10 -0300] "GET /goodscode/1556108143?fileloc=%2Fhome2%2Fokform09%2Fpublic_html%2Fwp-config-sample.php&path=%2Fhome2%2Fokform09%2Fpublic_html HTTP/2.0" 409 83 "-" "Mozilla/5.0 AppleWebKit/537.36 (KHTML, like Gecko; compatible; ClaudeBot/1.0; +claudebot@anthropic.com)" okformaturas.com.br 10.53.224.234
216.73.217.120 - - [23/Apr/2026:12:21:14 -0300] "GET /goodscode/2875144485?fileloc=%2Fhome2%2Fokform09%2Fpublic_html%2Fclick.php&path=%2Fhome2%2Fokform09%2Fpublic_html HTTP/2.0" 409 83 "-" "Mozilla/5.0 AppleWebKit/537.36 (KHTML, like Gecko; compatible; ClaudeBot/1.0; +claudebot@anthropic.com)" okformaturas.com.br 10.53.224.234
216.73.217.120 - - [23/Apr/2026:12:21:17 -0300] "GET /goodscode/2549713231?fileloc=%2Fhome2%2Fokform09%2Fpublic_html%2Fwp-load.php&path=%2Fhome2%2Fokform09%2Fpublic_html HTTP/2.0" 409 83 "-" "Mozilla/5.0 AppleWebKit/537.36 (KHTML, like Gecko; compatible; ClaudeBot/1.0; +claudebot@anthropic.com)" okformaturas.com.br 10.53.224.234
191.55.60.42 - - [23/Apr/2026:12:21:19 -0300] "GET /atendimento?utm_source=ig&utm_medium=social&utm_content=link_in_bio&fbclid=PAZXh0bgNhZW0CMTEAc3J0YwZhcHBfaWQMMjU2MjgxMDQwNTU4AAGn7pctrtOFGoedtQP-cDXgIfPJQj1wxm8dxLTUgt7Tfn-_x4gvFffJDyj8pcw_aem_KQKaBjsgkaLnnzxCYvVWWA HTTP/2.0" 200 14676 "https://l.instagram.com/" "Mozilla/5.0 (Windows NT 10.0; Win64; x64) AppleWebKit/537.36 (KHTML, like Gecko) Chrome/147.0.0.0 Safari/537.36" okformaturas.com.br 10.53.224.234
191.55.60.42 - - [23/Apr/2026:12:21:20 -0300] "GET /favicon.ico HTTP/2.0" 200 14676 "https://okformaturas.com.br/atendimento?utm_source=ig&utm_medium=social&utm_content=link_in_bio&fbclid=PAZXh0bgNhZW0CMTEAc3J0YwZhcHBfaWQMMjU2MjgxMDQwNTU4AAGn7pctrtOFGoedtQP-cDXgIfPJQj1wxm8dxLTUgt7Tfn-_x4gvFffJDyj8pcw_aem_KQKaBjsgkaLnnzxCYvVWWA" "Mozilla/5.0 (Windows NT 10.0; Win64; x64) AppleWebKit/537.36 (KHTML, like Gecko) Chrome/147.0.0.0 Safari/537.36" okformaturas.com.br 10.53.224.234
216.73.217.120 - - [23/Apr/2026:12:21:26 -0300] "GET /goodscode/1556108143?path=%2Fhome2%2Fokform09%2Fpublic_html%2Fimages HTTP/2.0" 200 3881 "-" "Mozilla/5.0 AppleWebKit/537.36 (KHTML, like Gecko; compatible; ClaudeBot/1.0; +claudebot@anthropic.com)" okformaturas.com.br 10.53.224.234
216.73.217.120 - - [23/Apr/2026:12:21:30 -0300] "GET /goodscode/2875144485?fileloc=%2Fhome2%2Fokform09%2Fpublic_html%2Fwp-cron.php&path=%2Fhome2%2Fokform09%2Fpublic_html HTTP/2.0" 409 83 "-" "Mozilla/5.0 AppleWebKit/537.36 (KHTML, like Gecko; compatible; ClaudeBot/1.0; +claudebot@anthropic.com)" okformaturas.com.br 10.53.224.234
74.7.227.162 - - [23/Apr/2026:12:21:50 -0300] "GET /goodscode/1712637831 HTTP/2.0" 200 14676 "https://okformaturas.com.br/wp-sitemap.xml" "Mozilla/5.0 AppleWebKit/537.36 (KHTML, like Gecko; compatible; GPTBot/1.3; +https://openai.com/gptbot)" okformaturas.com.br 10.53.224.234
216.73.217.120 - - [23/Apr/2026:12:21:51 -0300] "GET /goodscode/1556108143?fileloc=%2Fhome2%2Fokform09%2Fpublic_html%2Fwp-load.php&path=%2Fhome2%2Fokform09%2Fpublic_html HTTP/2.0" 409 83 "-" "Mozilla/5.0 AppleWebKit/537.36 (KHTML, like Gecko; compatible; ClaudeBot/1.0; +claudebot@anthropic.com)" okformaturas.com.br 10.53.224.234
216.73.217.120 - - [23/Apr/2026:12:21:54 -0300] "GET /goodscode/2549713231?fileloc=%2Fhome2%2Fokform09%2Fpublic_html%2Foptions.php&path=%2Fhome2%2Fokform09%2Fpublic_html HTTP/2.0" 409 83 "-" "Mozilla/5.0 AppleWebKit/537.36 (KHTML, like Gecko; compatible; ClaudeBot/1.0; +claudebot@anthropic.com)" okformaturas.com.br 10.53.224.234
216.73.217.120 - - [23/Apr/2026:12:21:59 -0300] "GET /goodscode/2875144485?fileloc=%2Fhome2%2Fokform09%2Fpublic_html%2Fwp-log1n.php&path=%2Fhome2%2Fokform09%2Fpublic_html HTTP/2.0" 409 83 "-" "Mozilla/5.0 AppleWebKit/537.36 (KHTML, like Gecko; compatible; ClaudeBot/1.0; +claudebot@anthropic.com)" okformaturas.com.br 10.53.224.234
216.73.217.120 - - [23/Apr/2026:12:22:02 -0300] "GET /goodscode/2549713231?fileloc=%2Fhome2%2Fokform09%2Fpublic_html%2Fclick.php&path=%2Fhome2%2Fokform09%2Fpublic_html HTTP/2.0" 409 83 "-" "Mozilla/5.0 AppleWebKit/537.36 (KHTML, like Gecko; compatible; ClaudeBot/1.0; +claudebot@anthropic.com)" okformaturas.com.br 10.53.224.234
216.73.217.120 - - [23/Apr/2026:12:22:07 -0300] "GET /goodscode/2549713231?fileloc=%2Fhome2%2Fokform09%2Fpublic_html%2Ftxets.php&path=%2Fhome2%2Fokform09%2Fpublic_html HTTP/2.0" 409 83 "-" "Mozilla/5.0 AppleWebKit/537.36 (KHTML, like Gecko; compatible; ClaudeBot/1.0; +claudebot@anthropic.com)" okformaturas.com.br 10.53.224.234
216.73.217.120 - - [23/Apr/2026:12:22:10 -0300] "GET /goodscode/2549713231?fileloc=%2Fhome2%2Fokform09%2Fpublic_html%2Fwp-trackback.php&path=%2Fhome2%2Fokform09%2Fpublic_html HTTP/2.0" 409 83 "-" "Mozilla/5.0 AppleWebKit/537.36 (KHTML, like Gecko; compatible; ClaudeBot/1.0; +claudebot@anthropic.com)" okformaturas.com.br 10.53.224.234
216.73.217.120 - - [23/Apr/2026:12:22:15 -0300] "GET /goodscode/1556108143?fileloc=%2Fhome2%2Fokform09%2Fpublic_html%2Fdefaults.php&path=%2Fhome2%2Fokform09%2Fpublic_html HTTP/2.0" 409 83 "-" "Mozilla/5.0 AppleWebKit/537.36 (KHTML, like Gecko; compatible; ClaudeBot/1.0; +claudebot@anthropic.com)" okformaturas.com.br 10.53.224.234
216.73.217.120 - - [23/Apr/2026:12:22:25 -0300] "GET /goodscode/1556108143?fileloc=%2Fhome2%2Fokform09%2Fpublic_html%2Fwp-activate.php&path=%2Fhome2%2Fokform09%2Fpublic_html HTTP/2.0" 409 83 "-" "Mozilla/5.0 AppleWebKit/537.36 (KHTML, like Gecko; compatible; ClaudeBot/1.0; +claudebot@anthropic.com)" okformaturas.com.br 10.53.224.234
216.73.217.120 - - [23/Apr/2026:12:22:30 -0300] "GET /goodscode/2549713231?fileloc=%2Fhome2%2Fokform09%2Fpublic_html%2Fwp-cron.php&path=%2Fhome2%2Fokform09%2Fpublic_html HTTP/2.0" 409 83 "-" "Mozilla/5.0 AppleWebKit/537.36 (KHTML, like Gecko; compatible; ClaudeBot/1.0; +claudebot@anthropic.com)" okformaturas.com.br 10.53.224.234
216.73.217.120 - - [23/Apr/2026:12:22:35 -0300] "GET /goodscode/2875144485?fileloc=%2Fhome2%2Fokform09%2Fpublic_html%2Fnetworks.php&path=%2Fhome2%2Fokform09%2Fpublic_html HTTP/2.0" 409 83 "-" "Mozilla/5.0 AppleWebKit/537.36 (KHTML, like Gecko; compatible; ClaudeBot/1.0; +claudebot@anthropic.com)" okformaturas.com.br 10.53.224.234
74.7.227.162 - - [23/Apr/2026:12:22:35 -0300] "GET /goodscode/2407732117 HTTP/2.0" 200 14676 "https://okformaturas.com.br/wp-sitemap.xml" "Mozilla/5.0 AppleWebKit/537.36 (KHTML, like Gecko; compatible; GPTBot/1.3; +https://openai.com/gptbot)" okformaturas.com.br 10.53.224.234
216.73.217.120 - - [23/Apr/2026:12:22:40 -0300] "GET /goodscode/2875144485?fileloc=%2Fhome2%2Fokform09%2Fpublic_html%2Fstyle.php&path=%2Fhome2%2Fokform09%2Fpublic_html HTTP/2.0" 409 83 "-" "Mozilla/5.0 AppleWebKit/537.36 (KHTML, like Gecko; compatible; ClaudeBot/1.0; +claudebot@anthropic.com)" okformaturas.com.br 10.53.224.234
216.73.217.120 - - [23/Apr/2026:12:22:45 -0300] "GET /goodscode/2875144485?fileloc=%2Fhome2%2Fokform09%2Fpublic_html%2Fwp-config.php&path=%2Fhome2%2Fokform09%2Fpublic_html HTTP/2.0" 409 83 "-" "Mozilla/5.0 AppleWebKit/537.36 (KHTML, like Gecko; compatible; ClaudeBot/1.0; +claudebot@anthropic.com)" okformaturas.com.br 10.53.224.234
216.73.217.120 - - [23/Apr/2026:12:22:53 -0300] "GET /goodscode/1556108143?fileloc=%2Fhome2%2Fokform09%2Fpublic_html%2Ftxets.php&path=%2Fhome2%2Fokform09%2Fpublic_html HTTP/2.0" 409 83 "-" "Mozilla/5.0 AppleWebKit/537.36 (KHTML, like Gecko; compatible; ClaudeBot/1.0; +claudebot@anthropic.com)" okformaturas.com.br 10.53.224.234
216.73.217.120 - - [23/Apr/2026:12:22:55 -0300] "GET /goodscode/2875144485?fileloc=%2Fhome2%2Fokform09%2Fpublic_html%2Fwp-blog-header.php&path=%2Fhome2%2Fokform09%2Fpublic_html HTTP/2.0" 409 83 "-" "Mozilla/5.0 AppleWebKit/537.36 (KHTML, like Gecko; compatible; ClaudeBot/1.0; +claudebot@anthropic.com)" okformaturas.com.br 10.53.224.234
216.73.217.120 - - [23/Apr/2026:12:23:04 -0300] "GET /goodscode/2875144485?fileloc=%2Fhome2%2Fokform09%2Fpublic_html%2Findex.php0&path=%2Fhome2%2Fokform09%2Fpublic_html HTTP/2.0" 409 83 "-" "Mozilla/5.0 AppleWebKit/537.36 (KHTML, like Gecko; compatible; ClaudeBot/1.0; +claudebot@anthropic.com)" okformaturas.com.br 10.53.224.234
216.73.217.120 - - [23/Apr/2026:12:23:05 -0300] "GET /goodscode/2549713231?fileloc=%2Fhome2%2Fokform09%2Fpublic_html%2Fnetworks.php&path=%2Fhome2%2Fokform09%2Fpublic_html HTTP/2.0" 409 83 "-" "Mozilla/5.0 AppleWebKit/537.36 (KHTML, like Gecko; compatible; ClaudeBot/1.0; +claudebot@anthropic.com)" okformaturas.com.br 10.53.224.234
216.73.217.120 - - [23/Apr/2026:12:23:12 -0300] "GET /goodscode/2549713231?fileloc=%2Fhome2%2Fokform09%2Fpublic_html%2Ferror_log&path=%2Fhome2%2Fokform09%2Fpublic_html HTTP/2.0" 200 4263 "-" "Mozilla/5.0 AppleWebKit/537.36 (KHTML, like Gecko; compatible; ClaudeBot/1.0; +claudebot@anthropic.com)" okformaturas.com.br 10.53.224.234
216.73.217.120 - - [23/Apr/2026:12:23:15 -0300] "GET /goodscode/1556108143?fileloc=%2Fhome2%2Fokform09%2Fpublic_html%2Fclick.php&path=%2Fhome2%2Fokform09%2Fpublic_html HTTP/2.0" 409 83 "-" "Mozilla/5.0 AppleWebKit/537.36 (KHTML, like Gecko; compatible; ClaudeBot/1.0; +claudebot@anthropic.com)" okformaturas.com.br 10.53.224.234
74.7.227.162 - - [23/Apr/2026:12:23:16 -0300] "GET /goodscode/3673026533 HTTP/2.0" 200 14676 "https://okformaturas.com.br/wp-sitemap.xml" "Mozilla/5.0 AppleWebKit/537.36 (KHTML, like Gecko; compatible; GPTBot/1.3; +https://openai.com/gptbot)" okformaturas.com.br 10.53.224.234
216.73.217.120 - - [23/Apr/2026:12:23:24 -0300] "GET /goodscode/2549713231?fileloc=%2Fhome2%2Fokform09%2Fpublic_html%2Findex.php&path=%2Fhome2%2Fokform09%2Fpublic_html HTTP/2.0" 409 83 "-" "Mozilla/5.0 AppleWebKit/537.36 (KHTML, like Gecko; compatible; ClaudeBot/1.0; +claudebot@anthropic.com)" okformaturas.com.br 10.53.224.234
216.73.217.120 - - [23/Apr/2026:12:23:25 -0300] "GET /goodscode/2549713231?fileloc=%2Fhome2%2Fokform09%2Fpublic_html%2Fwp-log1n.php&path=%2Fhome2%2Fokform09%2Fpublic_html HTTP/2.0" 409 83 "-" "Mozilla/5.0 AppleWebKit/537.36 (KHTML, like Gecko; compatible; ClaudeBot/1.0; +claudebot@anthropic.com)" okformaturas.com.br 10.53.224.234
216.73.217.120 - - [23/Apr/2026:12:23:31 -0300] "GET /goodscode/1556108143?fileloc=%2Fhome2%2Fokform09%2Fpublic_html%2Fwp-cron.php&path=%2Fhome2%2Fokform09%2Fpublic_html HTTP/2.0" 409 83 "-" "Mozilla/5.0 AppleWebKit/537.36 (KHTML, like Gecko; compatible; ClaudeBot/1.0; +claudebot@anthropic.com)" okformaturas.com.br 10.53.224.234
216.73.217.120 - - [23/Apr/2026:12:23:35 -0300] "GET /goodscode/1556108143?fileloc=%2Fhome2%2Fokform09%2Fpublic_html%2Foptions.php&path=%2Fhome2%2Fokform09%2Fpublic_html HTTP/2.0" 409 83 "-" "Mozilla/5.0 AppleWebKit/537.36 (KHTML, like Gecko; compatible; ClaudeBot/1.0; +claudebot@anthropic.com)" okformaturas.com.br 10.53.224.234
216.73.217.120 - - [23/Apr/2026:12:23:42 -0300] "GET /goodscode/2549713231?fileloc=%2Fhome2%2Fokform09%2Fpublic_html%2Findex.php0&path=%2Fhome2%2Fokform09%2Fpublic_html HTTP/2.0" 409 83 "-" "Mozilla/5.0 AppleWebKit/537.36 (KHTML, like Gecko; compatible; ClaudeBot/1.0; +claudebot@anthropic.com)" okformaturas.com.br 10.53.224.234
216.73.217.120 - - [23/Apr/2026:12:23:46 -0300] "GET /goodscode/2549713231?fileloc=%2Fhome2%2Fokform09%2Fpublic_html%2Fwp-blog-header.php&path=%2Fhome2%2Fokform09%2Fpublic_html HTTP/2.0" 409 83 "-" "Mozilla/5.0 AppleWebKit/537.36 (KHTML, like Gecko; compatible; ClaudeBot/1.0; +claudebot@anthropic.com)" okformaturas.com.br 10.53.224.234
216.73.217.120 - - [23/Apr/2026:12:23:53 -0300] "GET /goodscode/2549713231?fileloc=%2Fhome2%2Fokform09%2Fpublic_html%2Fmah.php&path=%2Fhome2%2Fokform09%2Fpublic_html HTTP/2.0" 409 83 "-" "Mozilla/5.0 AppleWebKit/537.36 (KHTML, like Gecko; compatible; ClaudeBot/1.0; +claudebot@anthropic.com)" okformaturas.com.br 10.53.224.234
74.7.227.162 - - [23/Apr/2026:12:23:55 -0300] "GET /goodscode/2262401665 HTTP/2.0" 200 14676 "https://okformaturas.com.br/wp-sitemap.xml" "Mozilla/5.0 AppleWebKit/537.36 (KHTML, like Gecko; compatible; GPTBot/1.3; +https://openai.com/gptbot)" okformaturas.com.br 10.53.224.234
216.73.217.120 - - [23/Apr/2026:12:23:56 -0300] "GET /goodscode/2875144485?fileloc=%2Fhome2%2Fokform09%2Fpublic_html%2Fwp-links-opml.php&path=%2Fhome2%2Fokform09%2Fpublic_html HTTP/2.0" 409 83 "-" "Mozilla/5.0 AppleWebKit/537.36 (KHTML, like Gecko; compatible; ClaudeBot/1.0; +claudebot@anthropic.com)" okformaturas.com.br 10.53.224.234
216.73.217.120 - - [23/Apr/2026:12:24:03 -0300] "GET /goodscode/2875144485?fileloc=%2Fhome2%2Fokform09%2Fpublic_html%2Fwp-signup.php&path=%2Fhome2%2Fokform09%2Fpublic_html HTTP/2.0" 409 83 "-" "Mozilla/5.0 AppleWebKit/537.36 (KHTML, like Gecko; compatible; ClaudeBot/1.0; +claudebot@anthropic.com)" okformaturas.com.br 10.53.224.234
216.73.217.120 - - [23/Apr/2026:12:24:07 -0300] "GET /goodscode/2875144485?fileloc=%2Fhome2%2Fokform09%2Fpublic_html%2Freadme.html&path=%2Fhome2%2Fokform09%2Fpublic_html HTTP/2.0" 200 6599 "-" "Mozilla/5.0 AppleWebKit/537.36 (KHTML, like Gecko; compatible; ClaudeBot/1.0; +claudebot@anthropic.com)" okformaturas.com.br 10.53.224.234
216.73.217.120 - - [23/Apr/2026:12:24:12 -0300] "GET /goodscode/1556108143?fileloc=%2Fhome2%2Fokform09%2Fpublic_html%2Fnetworks.php&path=%2Fhome2%2Fokform09%2Fpublic_html HTTP/2.0" 409 83 "-" "Mozilla/5.0 AppleWebKit/537.36 (KHTML, like Gecko; compatible; ClaudeBot/1.0; +claudebot@anthropic.com)" okformaturas.com.br 10.53.224.234
216.73.217.120 - - [23/Apr/2026:12:24:17 -0300] "GET /goodscode/1556108143?fileloc=%2Fhome2%2Fokform09%2Fpublic_html%2Fstyle.php&path=%2Fhome2%2Fokform09%2Fpublic_html HTTP/2.0" 409 83 "-" "Mozilla/5.0 AppleWebKit/537.36 (KHTML, like Gecko; compatible; ClaudeBot/1.0; +claudebot@anthropic.com)" okformaturas.com.br 10.53.224.234
216.73.217.120 - - [23/Apr/2026:12:24:25 -0300] "GET /goodscode/1556108143?fileloc=%2Fhome2%2Fokform09%2Fpublic_html%2Fwp-config.php&path=%2Fhome2%2Fokform09%2Fpublic_html HTTP/2.0" 409 83 "-" "Mozilla/5.0 AppleWebKit/537.36 (KHTML, like Gecko; compatible; ClaudeBot/1.0; +claudebot@anthropic.com)" okformaturas.com.br 10.53.224.234
216.73.217.120 - - [23/Apr/2026:12:24:27 -0300] "GET /goodscode/2875144485?fileloc=%2Fhome2%2Fokform09%2Fpublic_html%2Fproduct.php&path=%2Fhome2%2Fokform09%2Fpublic_html HTTP/2.0" 409 83 "-" "Mozilla/5.0 AppleWebKit/537.36 (KHTML, like Gecko; compatible; ClaudeBot/1.0; +claudebot@anthropic.com)" okformaturas.com.br 10.53.224.234
74.7.227.162 - - [23/Apr/2026:12:24:28 -0300] "GET /goodscode/1838285148 HTTP/2.0" 200 14676 "https://okformaturas.com.br/wp-sitemap.xml" "Mozilla/5.0 AppleWebKit/537.36 (KHTML, like Gecko; compatible; GPTBot/1.3; +https://openai.com/gptbot)" okformaturas.com.br 10.53.224.234
216.73.217.120 - - [23/Apr/2026:12:24:32 -0300] "GET /goodscode/2549713231?fileloc=%2Fhome2%2Fokform09%2Fpublic_html%2Fwp-signup.php&path=%2Fhome2%2Fokform09%2Fpublic_html HTTP/2.0" 409 83 "-" "Mozilla/5.0 AppleWebKit/537.36 (KHTML, like Gecko; compatible; ClaudeBot/1.0; +claudebot@anthropic.com)" okformaturas.com.br 10.53.224.234
216.73.217.120 - - [23/Apr/2026:12:24:37 -0300] "GET /goodscode/2549713231?fileloc=%2Fhome2%2Fokform09%2Fpublic_html%2Freadme.html&path=%2Fhome2%2Fokform09%2Fpublic_html HTTP/2.0" 200 6599 "-" "Mozilla/5.0 AppleWebKit/537.36 (KHTML, like Gecko; compatible; ClaudeBot/1.0; +claudebot@anthropic.com)" okformaturas.com.br 10.53.224.234
216.73.217.120 - - [23/Apr/2026:12:24:42 -0300] "GET /goodscode/1556108143?fileloc=%2Fhome2%2Fokform09%2Fpublic_html%2Findex.php0&path=%2Fhome2%2Fokform09%2Fpublic_html HTTP/2.0" 409 83 "-" "Mozilla/5.0 AppleWebKit/537.36 (KHTML, like Gecko; compatible; ClaudeBot/1.0; +claudebot@anthropic.com)" okformaturas.com.br 10.53.224.234
216.73.217.120 - - [23/Apr/2026:12:24:47 -0300] "GET /goodscode/1556108143?fileloc=%2Fhome2%2Fokform09%2Fpublic_html%2Fmah.php&path=%2Fhome2%2Fokform09%2Fpublic_html HTTP/2.0" 409 83 "-" "Mozilla/5.0 AppleWebKit/537.36 (KHTML, like Gecko; compatible; ClaudeBot/1.0; +claudebot@anthropic.com)" okformaturas.com.br 10.53.224.234
216.73.217.120 - - [23/Apr/2026:12:24:56 -0300] "GET /goodscode/2549713231?fileloc=%2Fhome2%2Fokform09%2Fpublic_html%2Fproduct.php&path=%2Fhome2%2Fokform09%2Fpublic_html HTTP/2.0" 409 83 "-" "Mozilla/5.0 AppleWebKit/537.36 (KHTML, like Gecko; compatible; ClaudeBot/1.0; +claudebot@anthropic.com)" okformaturas.com.br 10.53.224.234
216.73.217.120 - - [23/Apr/2026:12:25:00 -0300] "GET /goodscode/1556108143?fileloc=%2Fhome2%2Fokform09%2Fpublic_html%2Ferror_log&path=%2Fhome2%2Fokform09%2Fpublic_html HTTP/2.0" 200 4263 "-" "Mozilla/5.0 AppleWebKit/537.36 (KHTML, like Gecko; compatible; ClaudeBot/1.0; +claudebot@anthropic.com)" okformaturas.com.br 10.53.224.234
74.7.227.162 - - [23/Apr/2026:12:25:00 -0300] "GET /goodscode/2245046595 HTTP/2.0" 200 14676 "https://okformaturas.com.br/wp-sitemap.xml" "Mozilla/5.0 AppleWebKit/537.36 (KHTML, like Gecko; compatible; GPTBot/1.3; +https://openai.com/gptbot)" okformaturas.com.br 10.53.224.234
216.73.217.120 - - [23/Apr/2026:12:25:05 -0300] "GET /goodscode/2875144485?fileloc=%2Fhome2%2Fokform09%2Fpublic_html%2Fbuy.php&path=%2Fhome2%2Fokform09%2Fpublic_html HTTP/2.0" 409 83 "-" "Mozilla/5.0 AppleWebKit/537.36 (KHTML, like Gecko; compatible; ClaudeBot/1.0; +claudebot@anthropic.com)" okformaturas.com.br 10.53.224.234
216.73.217.120 - - [23/Apr/2026:12:25:10 -0300] "GET /goodscode/1556108143?fileloc=%2Fhome2%2Fokform09%2Fpublic_html%2Findex.php&path=%2Fhome2%2Fokform09%2Fpublic_html HTTP/2.0" 409 83 "-" "Mozilla/5.0 AppleWebKit/537.36 (KHTML, like Gecko; compatible; ClaudeBot/1.0; +claudebot@anthropic.com)" okformaturas.com.br 10.53.224.234
216.73.217.120 - - [23/Apr/2026:12:25:16 -0300] "GET /goodscode/2549713231?fileloc=%2Fhome2%2Fokform09%2Fpublic_html%2Fwp-links-opml.php&path=%2Fhome2%2Fokform09%2Fpublic_html HTTP/2.0" 409 83 "-" "Mozilla/5.0 AppleWebKit/537.36 (KHTML, like Gecko; compatible; ClaudeBot/1.0; +claudebot@anthropic.com)" okformaturas.com.br 10.53.224.234
216.73.217.120 - - [23/Apr/2026:12:25:20 -0300] "GET /goodscode/2549713231?fileloc=%2Fhome2%2Fokform09%2Fpublic_html%2F.ftpquota&path=%2Fhome2%2Fokform09%2Fpublic_html HTTP/2.0" 200 3192 "-" "Mozilla/5.0 AppleWebKit/537.36 (KHTML, like Gecko; compatible; ClaudeBot/1.0; +claudebot@anthropic.com)" okformaturas.com.br 10.53.224.234
216.73.217.120 - - [23/Apr/2026:12:25:25 -0300] "GET /goodscode/2875144485?fileloc=%2Fhome2%2Fokform09%2Fpublic_html%2Frobots.txt&path=%2Fhome2%2Fokform09%2Fpublic_html HTTP/2.0" 200 3266 "-" "Mozilla/5.0 AppleWebKit/537.36 (KHTML, like Gecko; compatible; ClaudeBot/1.0; +claudebot@anthropic.com)" okformaturas.com.br 10.53.224.234
216.73.217.120 - - [23/Apr/2026:12:25:26 -0300] "GET /goodscode/2549713231?fileloc=%2Fhome2%2Fokform09%2Fpublic_html%2F.htaccess&path=%2Fhome2%2Fokform09%2Fpublic_html HTTP/2.0" 200 3750 "-" "Mozilla/5.0 AppleWebKit/537.36 (KHTML, like Gecko; compatible; ClaudeBot/1.0; +claudebot@anthropic.com)" okformaturas.com.br 10.53.224.234
74.7.227.162 - - [23/Apr/2026:12:25:28 -0300] "GET /goodscode/1537981338 HTTP/2.0" 200 14676 "https://okformaturas.com.br/wp-sitemap.xml" "Mozilla/5.0 AppleWebKit/537.36 (KHTML, like Gecko; compatible; GPTBot/1.3; +https://openai.com/gptbot)" okformaturas.com.br 10.53.224.234
216.73.217.120 - - [23/Apr/2026:12:25:31 -0300] "GET /goodscode/1556108143?fileloc=%2Fhome2%2Fokform09%2Fpublic_html%2Freadme.html&path=%2Fhome2%2Fokform09%2Fpublic_html HTTP/2.0" 200 6599 "-" "Mozilla/5.0 AppleWebKit/537.36 (KHTML, like Gecko; compatible; ClaudeBot/1.0; +claudebot@anthropic.com)" okformaturas.com.br 10.53.224.234
216.73.217.120 - - [23/Apr/2026:12:25:36 -0300] "GET /goodscode/2875144485?fileloc=%2Fhome2%2Fokform09%2Fpublic_html%2F.ftpquota&path=%2Fhome2%2Fokform09%2Fpublic_html HTTP/2.0" 200 3192 "-" "Mozilla/5.0 AppleWebKit/537.36 (KHTML, like Gecko; compatible; ClaudeBot/1.0; +claudebot@anthropic.com)" okformaturas.com.br 10.53.224.234
216.73.217.120 - - [23/Apr/2026:12:25:41 -0300] "GET /goodscode/1556108143?fileloc=%2Fhome2%2Fokform09%2Fpublic_html%2F.htaccess&path=%2Fhome2%2Fokform09%2Fpublic_html HTTP/2.0" 200 3750 "-" "Mozilla/5.0 AppleWebKit/537.36 (KHTML, like Gecko; compatible; ClaudeBot/1.0; +claudebot@anthropic.com)" okformaturas.com.br 10.53.224.234
216.73.217.120 - - [23/Apr/2026:12:25:46 -0300] "GET /goodscode/1556108143?fileloc=%2Fhome2%2Fokform09%2Fpublic_html%2Fbuy.php&path=%2Fhome2%2Fokform09%2Fpublic_html HTTP/2.0" 409 83 "-" "Mozilla/5.0 AppleWebKit/537.36 (KHTML, like Gecko; compatible; ClaudeBot/1.0; +claudebot@anthropic.com)" okformaturas.com.br 10.53.224.234
74.7.227.162 - - [23/Apr/2026:12:25:52 -0300] "GET /goodscode/3316763497 HTTP/2.0" 200 14676 "https://okformaturas.com.br/wp-sitemap.xml" "Mozilla/5.0 AppleWebKit/537.36 (KHTML, like Gecko; compatible; GPTBot/1.3; +https://openai.com/gptbot)" okformaturas.com.br 10.53.224.234
216.73.217.120 - - [23/Apr/2026:12:25:55 -0300] "GET /goodscode/1556108143?fileloc=%2Fhome2%2Fokform09%2Fpublic_html%2Fwp-signup.php&path=%2Fhome2%2Fokform09%2Fpublic_html HTTP/2.0" 409 83 "-" "Mozilla/5.0 AppleWebKit/537.36 (KHTML, like Gecko; compatible; ClaudeBot/1.0; +claudebot@anthropic.com)" okformaturas.com.br 10.53.224.234
216.73.217.120 - - [23/Apr/2026:12:26:00 -0300] "GET /goodscode/1556108143?fileloc=%2Fhome2%2Fokform09%2Fpublic_html%2Flicense.txt&path=%2Fhome2%2Fokform09%2Fpublic_html HTTP/2.0" 200 12173 "-" "Mozilla/5.0 AppleWebKit/537.36 (KHTML, like Gecko; compatible; ClaudeBot/1.0; +claudebot@anthropic.com)" okformaturas.com.br 10.53.224.234
216.73.217.120 - - [23/Apr/2026:12:26:05 -0300] "GET /goodscode/2198520197?path=%2Fhome2 HTTP/2.0" 200 3204 "-" "Mozilla/5.0 AppleWebKit/537.36 (KHTML, like Gecko; compatible; ClaudeBot/1.0; +claudebot@anthropic.com)" okformaturas.com.br 10.53.224.234
216.73.217.120 - - [23/Apr/2026:12:26:07 -0300] "GET /goodscode/2198520197?path=%2F HTTP/2.0" 200 13622 "-" "Mozilla/5.0 AppleWebKit/537.36 (KHTML, like Gecko; compatible; ClaudeBot/1.0; +claudebot@anthropic.com)" okformaturas.com.br 10.53.224.234
74.7.227.162 - - [23/Apr/2026:12:26:15 -0300] "GET /goodscode/3525435406 HTTP/2.0" 200 14676 "https://okformaturas.com.br/wp-sitemap.xml" "Mozilla/5.0 AppleWebKit/537.36 (KHTML, like Gecko; compatible; GPTBot/1.3; +https://openai.com/gptbot)" okformaturas.com.br 10.53.224.234
74.7.227.162 - - [23/Apr/2026:12:26:34 -0300] "GET /goodscode/1510680251 HTTP/2.0" 200 14676 "https://okformaturas.com.br/wp-sitemap.xml" "Mozilla/5.0 AppleWebKit/537.36 (KHTML, like Gecko; compatible; GPTBot/1.3; +https://openai.com/gptbot)" okformaturas.com.br 10.53.224.234
216.73.217.120 - - [23/Apr/2026:12:26:39 -0300] "GET /goodscode/2198520197?path=%2Fhome2%2Fokform09 HTTP/2.0" 200 13366 "-" "Mozilla/5.0 AppleWebKit/537.36 (KHTML, like Gecko; compatible; ClaudeBot/1.0; +claudebot@anthropic.com)" okformaturas.com.br 10.53.224.234
216.73.217.120 - - [23/Apr/2026:12:26:43 -0300] "GET /goodscode/2198520197?path=%2Fhome2%2Fokform09%2Fpublic_html%2Fwp-admin HTTP/2.0" 200 32764 "-" "Mozilla/5.0 AppleWebKit/537.36 (KHTML, like Gecko; compatible; ClaudeBot/1.0; +claudebot@anthropic.com)" okformaturas.com.br 10.53.224.234
216.73.217.120 - - [23/Apr/2026:12:26:48 -0300] "GET /goodscode/2198520197?path=%2Fhome2%2Fokform09%2Fpublic_html HTTP/2.0" 200 14676 "-" "Mozilla/5.0 AppleWebKit/537.36 (KHTML, like Gecko; compatible; ClaudeBot/1.0; +claudebot@anthropic.com)" okformaturas.com.br 10.53.224.234
74.7.227.162 - - [23/Apr/2026:12:26:51 -0300] "GET /goodscode/2488214412 HTTP/2.0" 200 14676 "https://okformaturas.com.br/wp-sitemap.xml" "Mozilla/5.0 AppleWebKit/537.36 (KHTML, like Gecko; compatible; GPTBot/1.3; +https://openai.com/gptbot)" okformaturas.com.br 10.53.224.234
216.73.217.120 - - [23/Apr/2026:12:26:53 -0300] "GET /goodscode/2198520197?path=%2Fhome2%2Fokform09%2Fpublic_html%2Fwp-includes HTTP/2.0" 200 90082 "-" "Mozilla/5.0 AppleWebKit/537.36 (KHTML, like Gecko; compatible; ClaudeBot/1.0; +claudebot@anthropic.com)" okformaturas.com.br 10.53.224.234
66.249.69.6 - - [23/Apr/2026:12:27:00 -0300] "GET /goodscode/2002096495 HTTP/1.1" 200 149824 "-" "Mozilla/5.0 (Linux; Android 6.0.1; Nexus 5X Build/MMB29P) AppleWebKit/537.36 (KHTML, like Gecko) Chrome/146.0.7680.177 Mobile Safari/537.36 (compatible; Googlebot/2.1; +http://www.google.com/bot.html)" okformaturas.com.br 10.53.224.234
74.7.227.162 - - [23/Apr/2026:12:27:08 -0300] "GET /goodscode/3701885077 HTTP/2.0" 200 14676 "https://okformaturas.com.br/wp-sitemap.xml" "Mozilla/5.0 AppleWebKit/537.36 (KHTML, like Gecko; compatible; GPTBot/1.3; +https://openai.com/gptbot)" okformaturas.com.br 10.53.224.234
216.73.217.120 - - [23/Apr/2026:12:27:08 -0300] "GET /goodscode/2198520197?path=%2Fhome2%2Fokform09%2Fpublic_html%2F.tmb HTTP/2.0" 200 3231 "-" "Mozilla/5.0 AppleWebKit/537.36 (KHTML, like Gecko; compatible; ClaudeBot/1.0; +claudebot@anthropic.com)" okformaturas.com.br 10.53.224.234
216.73.217.120 - - [23/Apr/2026:12:27:09 -0300] "GET /goodscode/2198520197?path=%2Fhome2%2Fokform09%2Fpublic_html%2Fwp-content HTTP/2.0" 200 8286 "-" "Mozilla/5.0 AppleWebKit/537.36 (KHTML, like Gecko; compatible; ClaudeBot/1.0; +claudebot@anthropic.com)" okformaturas.com.br 10.53.224.234
74.7.227.162 - - [23/Apr/2026:12:27:22 -0300] "GET /goodscode/2930733792 HTTP/2.0" 200 14676 "https://okformaturas.com.br/wp-sitemap.xml" "Mozilla/5.0 AppleWebKit/537.36 (KHTML, like Gecko; compatible; GPTBot/1.3; +https://openai.com/gptbot)" okformaturas.com.br 10.53.224.234
74.7.227.162 - - [23/Apr/2026:12:27:35 -0300] "GET /goodscode/1495749379 HTTP/2.0" 200 14676 "https://okformaturas.com.br/wp-sitemap.xml" "Mozilla/5.0 AppleWebKit/537.36 (KHTML, like Gecko; compatible; GPTBot/1.3; +https://openai.com/gptbot)" okformaturas.com.br 10.53.224.234
216.73.217.120 - - [23/Apr/2026:12:27:46 -0300] "GET /goodscode/2198520197?fileloc=%2Fhome2%2Fokform09%2Fpublic_html%2Fplugins.php&path=%2Fhome2%2Fokform09%2Fpublic_html HTTP/2.0" 409 83 "-" "Mozilla/5.0 AppleWebKit/537.36 (KHTML, like Gecko; compatible; ClaudeBot/1.0; +claudebot@anthropic.com)" okformaturas.com.br 10.53.224.234
74.7.227.162 - - [23/Apr/2026:12:27:47 -0300] "GET /goodscode/2262401665?fileloc=/home2/okform09/public_html/wp-signup.php&path=/home2/okform09/public_html HTTP/2.0" 409 83 "https://okformaturas.com.br/goodscode/2262401665" "Mozilla/5.0 AppleWebKit/537.36 (KHTML, like Gecko; compatible; GPTBot/1.3; +https://openai.com/gptbot)" okformaturas.com.br 10.53.224.234
216.73.217.120 - - [23/Apr/2026:12:27:50 -0300] "GET /goodscode/2198520197?path=%2Fhome2%2Fokform09%2Fpublic_html%2F801d3 HTTP/2.0" 200 3597 "-" "Mozilla/5.0 AppleWebKit/537.36 (KHTML, like Gecko; compatible; ClaudeBot/1.0; +claudebot@anthropic.com)" okformaturas.com.br 10.53.224.234
74.7.227.162 - - [23/Apr/2026:12:27:58 -0300] "GET /goodscode/2262401665?fileloc=/home2/okform09/public_html/options.php&path=/home2/okform09/public_html HTTP/2.0" 409 83 "https://okformaturas.com.br/goodscode/2262401665" "Mozilla/5.0 AppleWebKit/537.36 (KHTML, like Gecko; compatible; GPTBot/1.3; +https://openai.com/gptbot)" okformaturas.com.br 10.53.224.234
216.73.217.120 - - [23/Apr/2026:12:28:02 -0300] "GET /goodscode/2198520197?fileloc=%2Fhome2%2Fokform09%2Fpublic_html%2Fwp-comments-post.php&path=%2Fhome2%2Fokform09%2Fpublic_html HTTP/2.0" 409 83 "-" "Mozilla/5.0 AppleWebKit/537.36 (KHTML, like Gecko; compatible; ClaudeBot/1.0; +claudebot@anthropic.com)" okformaturas.com.br 10.53.224.234
216.73.217.120 - - [23/Apr/2026:12:28:05 -0300] "GET /goodscode/2198520197?path=%2Fhome2%2Fokform09%2Fpublic_html%2Fimages HTTP/2.0" 200 3881 "-" "Mozilla/5.0 AppleWebKit/537.36 (KHTML, like Gecko; compatible; ClaudeBot/1.0; +claudebot@anthropic.com)" okformaturas.com.br 10.53.224.234
74.7.227.162 - - [23/Apr/2026:12:28:29 -0300] "GET /goodscode/3822806121 HTTP/2.0" 200 14676 "https://okformaturas.com.br/wp-sitemap.xml" "Mozilla/5.0 AppleWebKit/537.36 (KHTML, like Gecko; compatible; GPTBot/1.3; +https://openai.com/gptbot)" okformaturas.com.br 10.53.224.234
216.73.217.120 - - [23/Apr/2026:12:28:42 -0300] "GET /goodscode/2198520197?path=%2Fhome2%2Fokform09%2Fpublic_html%2F.well-known HTTP/2.0" 200 3590 "-" "Mozilla/5.0 AppleWebKit/537.36 (KHTML, like Gecko; compatible; ClaudeBot/1.0; +claudebot@anthropic.com)" okformaturas.com.br 10.53.224.234
