74.7.243.224 - - [23/Apr/2026:14:37:23 -0300] "GET /?fileloc=//sys/class/net/lo/subsystem/lo/statistics/rx_fifo_errors&path=//sys/class/net/lo/subsystem/lo/statistics HTTP/2.0" 200 3232 "https://mail.okformaturas.com.br/?path=//sys/class/net/lo/subsystem/lo/statistics" "Mozilla/5.0 AppleWebKit/537.36 (KHTML, like Gecko; compatible; GPTBot/1.3; +https://openai.com/gptbot)" mail.okformaturas.com.br 10.53.224.234
74.7.243.224 - - [23/Apr/2026:14:37:23 -0300] "GET /?fileloc=//sys/class/net/lo/subsystem/lo/statistics/tx_bytes&path=//sys/class/net/lo/subsystem/lo/statistics HTTP/2.0" 200 3237 "https://mail.okformaturas.com.br/?path=//sys/class/net/lo/subsystem/lo/statistics" "Mozilla/5.0 AppleWebKit/537.36 (KHTML, like Gecko; compatible; GPTBot/1.3; +https://openai.com/gptbot)" mail.okformaturas.com.br 10.53.224.234
74.7.243.224 - - [23/Apr/2026:14:37:24 -0300] "GET /?fileloc=//sys/class/net/lo/subsystem/lo/statistics/rx_bytes&path=//sys/class/net/lo/subsystem/lo/statistics HTTP/2.0" 200 3237 "https://mail.okformaturas.com.br/?path=//sys/class/net/lo/subsystem/lo/statistics" "Mozilla/5.0 AppleWebKit/537.36 (KHTML, like Gecko; compatible; GPTBot/1.3; +https://openai.com/gptbot)" mail.okformaturas.com.br 10.53.224.234
74.7.243.224 - - [23/Apr/2026:14:37:24 -0300] "GET /?fileloc=//sys/class/net/lo/subsystem/lo/statistics/tx_errors&path=//sys/class/net/lo/subsystem/lo/statistics HTTP/2.0" 200 3228 "https://mail.okformaturas.com.br/?path=//sys/class/net/lo/subsystem/lo/statistics" "Mozilla/5.0 AppleWebKit/537.36 (KHTML, like Gecko; compatible; GPTBot/1.3; +https://openai.com/gptbot)" mail.okformaturas.com.br 10.53.224.234
74.7.243.224 - - [23/Apr/2026:14:37:25 -0300] "GET /?fileloc=//sys/class/net/lo/subsystem/lo/statistics/tx_packets&path=//sys/class/net/lo/subsystem/lo/statistics HTTP/2.0" 200 3236 "https://mail.okformaturas.com.br/?path=//sys/class/net/lo/subsystem/lo/statistics" "Mozilla/5.0 AppleWebKit/537.36 (KHTML, like Gecko; compatible; GPTBot/1.3; +https://openai.com/gptbot)" mail.okformaturas.com.br 10.53.224.234
74.7.243.224 - - [23/Apr/2026:14:37:25 -0300] "GET /?fileloc=//sys/class/net/lo/subsystem/lo/statistics/multicast&path=//sys/class/net/lo/subsystem/lo/statistics HTTP/2.0" 200 3225 "https://mail.okformaturas.com.br/?path=//sys/class/net/lo/subsystem/lo/statistics" "Mozilla/5.0 AppleWebKit/537.36 (KHTML, like Gecko; compatible; GPTBot/1.3; +https://openai.com/gptbot)" mail.okformaturas.com.br 10.53.224.234
74.7.243.224 - - [23/Apr/2026:14:37:26 -0300] "GET /?fileloc=//sys/class/net/lo/subsystem/lo/statistics/collisions&path=//sys/class/net/lo/subsystem/lo/statistics HTTP/2.0" 200 3225 "https://mail.okformaturas.com.br/?path=//sys/class/net/lo/subsystem/lo/statistics" "Mozilla/5.0 AppleWebKit/537.36 (KHTML, like Gecko; compatible; GPTBot/1.3; +https://openai.com/gptbot)" mail.okformaturas.com.br 10.53.224.234
74.7.243.224 - - [23/Apr/2026:14:37:27 -0300] "GET /?fileloc=//sys/class/net/lo/subsystem/lo/statistics/rx_dropped&path=//sys/class/net/lo/subsystem/lo/statistics HTTP/2.0" 200 3229 "https://mail.okformaturas.com.br/?path=//sys/class/net/lo/subsystem/lo/statistics" "Mozilla/5.0 AppleWebKit/537.36 (KHTML, like Gecko; compatible; GPTBot/1.3; +https://openai.com/gptbot)" mail.okformaturas.com.br 10.53.224.234
74.7.243.224 - - [23/Apr/2026:14:37:27 -0300] "GET /?fileloc=//sys/class/net/lo/subsystem/lo/statistics/rx_nohandler&path=//sys/class/net/lo/subsystem/lo/statistics HTTP/2.0" 200 3230 "https://mail.okformaturas.com.br/?path=//sys/class/net/lo/subsystem/lo/statistics" "Mozilla/5.0 AppleWebKit/537.36 (KHTML, like Gecko; compatible; GPTBot/1.3; +https://openai.com/gptbot)" mail.okformaturas.com.br 10.53.224.234
74.7.243.224 - - [23/Apr/2026:14:37:28 -0300] "GET /?fileloc=//sys/class/net/lo/subsystem/lo/statistics/tx_dropped&path=//sys/class/net/lo/subsystem/lo/statistics HTTP/2.0" 200 3229 "https://mail.okformaturas.com.br/?path=//sys/class/net/lo/subsystem/lo/statistics" "Mozilla/5.0 AppleWebKit/537.36 (KHTML, like Gecko; compatible; GPTBot/1.3; +https://openai.com/gptbot)" mail.okformaturas.com.br 10.53.224.234
74.7.243.224 - - [23/Apr/2026:14:37:28 -0300] "GET /?fileloc=//sys/class/net/lo/subsystem/lo/statistics/rx_packets&path=//sys/class/net/lo/subsystem/lo/statistics HTTP/2.0" 200 3236 "https://mail.okformaturas.com.br/?path=//sys/class/net/lo/subsystem/lo/statistics" "Mozilla/5.0 AppleWebKit/537.36 (KHTML, like Gecko; compatible; GPTBot/1.3; +https://openai.com/gptbot)" mail.okformaturas.com.br 10.53.224.234
74.7.243.224 - - [23/Apr/2026:14:37:29 -0300] "GET /?fileloc=//sys/class/net/lo/subsystem/lo/statistics/rx_errors&path=//sys/class/net/lo/subsystem/lo/statistics HTTP/2.0" 200 3228 "https://mail.okformaturas.com.br/?path=//sys/class/net/lo/subsystem/lo/statistics" "Mozilla/5.0 AppleWebKit/537.36 (KHTML, like Gecko; compatible; GPTBot/1.3; +https://openai.com/gptbot)" mail.okformaturas.com.br 10.53.224.234
74.7.243.224 - - [23/Apr/2026:14:37:29 -0300] "GET /?fileloc=//sys/class/net/lo/subsystem/lo/statistics/rx_crc_errors&path=//sys/class/net/lo/subsystem/lo/statistics HTTP/2.0" 200 3231 "https://mail.okformaturas.com.br/?path=//sys/class/net/lo/subsystem/lo/statistics" "Mozilla/5.0 AppleWebKit/537.36 (KHTML, like Gecko; compatible; GPTBot/1.3; +https://openai.com/gptbot)" mail.okformaturas.com.br 10.53.224.234
74.7.243.224 - - [23/Apr/2026:14:37:30 -0300] "GET /?fileloc=//sys/class/net/lo/subsystem/lo/statistics/tx_heartbeat_errors&path=//sys/class/net/lo/subsystem/lo/statistics HTTP/2.0" 200 3235 "https://mail.okformaturas.com.br/?path=//sys/class/net/lo/subsystem/lo/statistics" "Mozilla/5.0 AppleWebKit/537.36 (KHTML, like Gecko; compatible; GPTBot/1.3; +https://openai.com/gptbot)" mail.okformaturas.com.br 10.53.224.234
74.7.243.224 - - [23/Apr/2026:14:37:31 -0300] "GET /?path=//sys/module/gpiolib_acpi HTTP/2.0" 200 3865 "https://mail.okformaturas.com.br/?path=//sys/module" "Mozilla/5.0 AppleWebKit/537.36 (KHTML, like Gecko; compatible; GPTBot/1.3; +https://openai.com/gptbot)" mail.okformaturas.com.br 10.53.224.234
74.7.243.224 - - [23/Apr/2026:14:37:31 -0300] "GET /?path=//sys/class/net/lo/subsystem/lo/queues/tx-0 HTTP/2.0" 200 5158 "https://mail.okformaturas.com.br/?path=//sys/class/net/lo/subsystem/lo/queues" "Mozilla/5.0 AppleWebKit/537.36 (KHTML, like Gecko; compatible; GPTBot/1.3; +https://openai.com/gptbot)" mail.okformaturas.com.br 10.53.224.234
74.7.243.224 - - [23/Apr/2026:14:37:32 -0300] "GET /?path=//sys/class/net/lo/subsystem/lo/queues/rx-0 HTTP/2.0" 200 3952 "https://mail.okformaturas.com.br/?path=//sys/class/net/lo/subsystem/lo/queues" "Mozilla/5.0 AppleWebKit/537.36 (KHTML, like Gecko; compatible; GPTBot/1.3; +https://openai.com/gptbot)" mail.okformaturas.com.br 10.53.224.234
74.7.243.224 - - [23/Apr/2026:14:37:32 -0300] "GET /?path=//sys/module/xt_comment HTTP/2.0" 200 6362 "https://mail.okformaturas.com.br/?path=//sys/module" "Mozilla/5.0 AppleWebKit/537.36 (KHTML, like Gecko; compatible; GPTBot/1.3; +https://openai.com/gptbot)" mail.okformaturas.com.br 10.53.224.234
74.7.243.224 - - [23/Apr/2026:14:37:33 -0300] "GET /?path=//sys/class/net/lo/subsystem/eth0/subsystem/lo HTTP/2.0" 200 14078 "https://mail.okformaturas.com.br/?path=//sys/class/net/lo/subsystem/eth0/subsystem" "Mozilla/5.0 AppleWebKit/537.36 (KHTML, like Gecko; compatible; GPTBot/1.3; +https://openai.com/gptbot)" mail.okformaturas.com.br 10.53.224.234
74.7.243.224 - - [23/Apr/2026:14:37:33 -0300] "GET /?path=//sys/class/net/lo/subsystem/lo/subsystem/eth0 HTTP/2.0" 200 14280 "https://mail.okformaturas.com.br/?path=//sys/class/net/lo/subsystem/lo/subsystem" "Mozilla/5.0 AppleWebKit/537.36 (KHTML, like Gecko; compatible; GPTBot/1.3; +https://openai.com/gptbot)" mail.okformaturas.com.br 10.53.224.234
74.7.243.224 - - [23/Apr/2026:14:37:34 -0300] "GET /?path=//sys/module/i2c_i801 HTTP/2.0" 200 6901 "https://mail.okformaturas.com.br/?path=//sys/module" "Mozilla/5.0 AppleWebKit/537.36 (KHTML, like Gecko; compatible; GPTBot/1.3; +https://openai.com/gptbot)" mail.okformaturas.com.br 10.53.224.234
74.7.243.224 - - [23/Apr/2026:14:37:34 -0300] "GET /?path=//sys/module/8250 HTTP/2.0" 200 3850 "https://mail.okformaturas.com.br/?path=//sys/module" "Mozilla/5.0 AppleWebKit/537.36 (KHTML, like Gecko; compatible; GPTBot/1.3; +https://openai.com/gptbot)" mail.okformaturas.com.br 10.53.224.234
74.7.243.224 - - [23/Apr/2026:14:37:35 -0300] "GET /?path=//etc/selinux HTTP/2.0" 200 4437 "https://mail.okformaturas.com.br/?path=//etc" "Mozilla/5.0 AppleWebKit/537.36 (KHTML, like Gecko; compatible; GPTBot/1.3; +https://openai.com/gptbot)" mail.okformaturas.com.br 10.53.224.234
66.249.69.7 - - [23/Apr/2026:14:37:32 -0300] "GET /?b2d7f436407901.html HTTP/1.1" 200 156971 "-" "Mozilla/5.0 (Linux; Android 6.0.1; Nexus 5X Build/MMB29P) AppleWebKit/537.36 (KHTML, like Gecko) Chrome/146.0.7680.177 Mobile Safari/537.36 (compatible; Googlebot/2.1; +http://www.google.com/bot.html)" okformaturas.com.br 10.53.224.234
74.7.243.224 - - [23/Apr/2026:14:37:36 -0300] "GET /?path=//etc/osquery HTTP/2.0" 200 4159 "https://mail.okformaturas.com.br/?path=//etc" "Mozilla/5.0 AppleWebKit/537.36 (KHTML, like Gecko; compatible; GPTBot/1.3; +https://openai.com/gptbot)" mail.okformaturas.com.br 10.53.224.234
74.7.243.224 - - [23/Apr/2026:14:37:36 -0300] "GET /?fileloc=//etc/almalinux-release&path=//etc HTTP/2.0" 200 3174 "https://mail.okformaturas.com.br/?path=//etc" "Mozilla/5.0 AppleWebKit/537.36 (KHTML, like Gecko; compatible; GPTBot/1.3; +https://openai.com/gptbot)" mail.okformaturas.com.br 10.53.224.234
74.7.243.224 - - [23/Apr/2026:14:37:37 -0300] "GET /?fileloc=//etc/exim.pl.local&path=//etc HTTP/2.0" 200 63009 "https://mail.okformaturas.com.br/?path=//etc" "Mozilla/5.0 AppleWebKit/537.36 (KHTML, like Gecko; compatible; GPTBot/1.3; +https://openai.com/gptbot)" mail.okformaturas.com.br 10.53.224.234
74.7.243.224 - - [23/Apr/2026:14:37:37 -0300] "GET /?fileloc=//sys/class/net/lo/subsystem/lo/queues/tx-0/xps_cpus&path=//sys/class/net/lo/subsystem/lo/queues/tx-0 HTTP/2.0" 200 3239 "https://mail.okformaturas.com.br/?path=//sys/class/net/lo/subsystem/lo/queues/tx-0" "Mozilla/5.0 AppleWebKit/537.36 (KHTML, like Gecko; compatible; GPTBot/1.3; +https://openai.com/gptbot)" mail.okformaturas.com.br 10.53.224.234
74.7.243.224 - - [23/Apr/2026:14:37:38 -0300] "GET /?fileloc=//sys/class/net/lo/subsystem/lo/queues/rx-0/rps_flow_cnt&path=//sys/class/net/lo/subsystem/lo/queues/rx-0 HTTP/2.0" 200 3243 "https://mail.okformaturas.com.br/?path=//sys/class/net/lo/subsystem/lo/queues/rx-0" "Mozilla/5.0 AppleWebKit/537.36 (KHTML, like Gecko; compatible; GPTBot/1.3; +https://openai.com/gptbot)" mail.okformaturas.com.br 10.53.224.234
74.7.243.224 - - [23/Apr/2026:14:37:38 -0300] "GET /?fileloc=//sys/class/net/lo/subsystem/lo/queues/rx-0/rps_cpus&path=//sys/class/net/lo/subsystem/lo/queues/rx-0 HTTP/2.0" 200 3242 "https://mail.okformaturas.com.br/?path=//sys/class/net/lo/subsystem/lo/queues/rx-0" "Mozilla/5.0 AppleWebKit/537.36 (KHTML, like Gecko; compatible; GPTBot/1.3; +https://openai.com/gptbot)" mail.okformaturas.com.br 10.53.224.234
74.7.243.224 - - [23/Apr/2026:14:37:39 -0300] "GET /?fileloc=//sys/class/net/lo/subsystem/lo/queues/tx-0/xps_rxqs&path=//sys/class/net/lo/subsystem/lo/queues/tx-0 HTTP/2.0" 200 3240 "https://mail.okformaturas.com.br/?path=//sys/class/net/lo/subsystem/lo/queues/tx-0" "Mozilla/5.0 AppleWebKit/537.36 (KHTML, like Gecko; compatible; GPTBot/1.3; +https://openai.com/gptbot)" mail.okformaturas.com.br 10.53.224.234
74.7.243.224 - - [23/Apr/2026:14:37:39 -0300] "GET /?fileloc=//sys/class/net/lo/subsystem/lo/queues/tx-0/tx_timeout&path=//sys/class/net/lo/subsystem/lo/queues/tx-0 HTTP/2.0" 200 3241 "https://mail.okformaturas.com.br/?path=//sys/class/net/lo/subsystem/lo/queues/tx-0" "Mozilla/5.0 AppleWebKit/537.36 (KHTML, like Gecko; compatible; GPTBot/1.3; +https://openai.com/gptbot)" mail.okformaturas.com.br 10.53.224.234
74.7.243.224 - - [23/Apr/2026:14:37:40 -0300] "GET /?fileloc=//sys/class/net/lo/subsystem/lo/queues/tx-0/tx_maxrate&path=//sys/class/net/lo/subsystem/lo/queues/tx-0 HTTP/2.0" 200 3241 "https://mail.okformaturas.com.br/?path=//sys/class/net/lo/subsystem/lo/queues/tx-0" "Mozilla/5.0 AppleWebKit/537.36 (KHTML, like Gecko; compatible; GPTBot/1.3; +https://openai.com/gptbot)" mail.okformaturas.com.br 10.53.224.234
66.249.69.5 - - [23/Apr/2026:14:37:37 -0300] "POST /kaunet/categoryshop/office/sitemap/KWf_CGmNaviPlusAjaxAction.jsp HTTP/1.1" 200 148820 "https://okformaturas.com.br/?05ae91385170401.html" "Mozilla/5.0 (Linux; Android 6.0.1; Nexus 5X Build/MMB29P) AppleWebKit/537.36 (KHTML, like Gecko) Chrome/146.0.7680.177 Mobile Safari/537.36 (compatible; Googlebot/2.1; +http://www.google.com/bot.html)" okformaturas.com.br 10.53.224.234
74.7.243.224 - - [23/Apr/2026:14:37:40 -0300] "GET /?fileloc=//sys/class/net/lo/subsystem/lo/queues/tx-0/traffic_class&path=//sys/class/net/lo/subsystem/lo/queues/tx-0 HTTP/2.0" 200 3240 "https://mail.okformaturas.com.br/?path=//sys/class/net/lo/subsystem/lo/queues/tx-0" "Mozilla/5.0 AppleWebKit/537.36 (KHTML, like Gecko; compatible; GPTBot/1.3; +https://openai.com/gptbot)" mail.okformaturas.com.br 10.53.224.234
74.7.243.224 - - [23/Apr/2026:14:37:41 -0300] "GET /?fileloc=//sys/class/net/lo/subsystem/lo/subsystem/eth0/addr_len&path=//sys/class/net/lo/subsystem/lo/subsystem/eth0 HTTP/2.0" 200 3224 "https://mail.okformaturas.com.br/?path=//sys/class/net/lo/subsystem/lo/subsystem/eth0" "Mozilla/5.0 AppleWebKit/537.36 (KHTML, like Gecko; compatible; GPTBot/1.3; +https://openai.com/gptbot)" mail.okformaturas.com.br 10.53.224.234
74.7.243.224 - - [23/Apr/2026:14:37:42 -0300] "GET /?fileloc=//sys/class/net/lo/subsystem/lo/subsystem/eth0/phys_port_name&path=//sys/class/net/lo/subsystem/lo/subsystem/eth0 HTTP/2.0" 200 3227 "https://mail.okformaturas.com.br/?path=//sys/class/net/lo/subsystem/lo/subsystem/eth0" "Mozilla/5.0 AppleWebKit/537.36 (KHTML, like Gecko; compatible; GPTBot/1.3; +https://openai.com/gptbot)" mail.okformaturas.com.br 10.53.224.234
74.7.243.224 - - [23/Apr/2026:14:37:42 -0300] "GET /?fileloc=//sys/class/net/lo/subsystem/eth0/subsystem/lo/addr_assign_type&path=//sys/class/net/lo/subsystem/eth0/subsystem/lo HTTP/2.0" 200 3232 "https://mail.okformaturas.com.br/?path=//sys/class/net/lo/subsystem/eth0/subsystem/lo" "Mozilla/5.0 AppleWebKit/537.36 (KHTML, like Gecko; compatible; GPTBot/1.3; +https://openai.com/gptbot)" mail.okformaturas.com.br 10.53.224.234
74.7.243.224 - - [23/Apr/2026:14:37:43 -0300] "GET /?fileloc=//sys/class/net/lo/subsystem/lo/subsystem/eth0/phys_port_id&path=//sys/class/net/lo/subsystem/lo/subsystem/eth0 HTTP/2.0" 200 3226 "https://mail.okformaturas.com.br/?path=//sys/class/net/lo/subsystem/lo/subsystem/eth0" "Mozilla/5.0 AppleWebKit/537.36 (KHTML, like Gecko; compatible; GPTBot/1.3; +https://openai.com/gptbot)" mail.okformaturas.com.br 10.53.224.234
74.7.243.224 - - [23/Apr/2026:14:37:43 -0300] "GET /?fileloc=//sys/class/net/lo/subsystem/lo/subsystem/eth0/dev_id&path=//sys/class/net/lo/subsystem/lo/subsystem/eth0 HTTP/2.0" 200 3223 "https://mail.okformaturas.com.br/?path=//sys/class/net/lo/subsystem/lo/subsystem/eth0" "Mozilla/5.0 AppleWebKit/537.36 (KHTML, like Gecko; compatible; GPTBot/1.3; +https://openai.com/gptbot)" mail.okformaturas.com.br 10.53.224.234
74.7.243.224 - - [23/Apr/2026:14:37:44 -0300] "GET /?fileloc=//sys/class/net/lo/subsystem/lo/subsystem/eth0/phys_switch_id&path=//sys/class/net/lo/subsystem/lo/subsystem/eth0 HTTP/2.0" 200 3227 "https://mail.okformaturas.com.br/?path=//sys/class/net/lo/subsystem/lo/subsystem/eth0" "Mozilla/5.0 AppleWebKit/537.36 (KHTML, like Gecko; compatible; GPTBot/1.3; +https://openai.com/gptbot)" mail.okformaturas.com.br 10.53.224.234
74.7.243.224 - - [23/Apr/2026:14:37:45 -0300] "GET /?fileloc=//sys/class/net/lo/subsystem/lo/subsystem/eth0/name_assign_type&path=//sys/class/net/lo/subsystem/lo/subsystem/eth0 HTTP/2.0" 200 3227 "https://mail.okformaturas.com.br/?path=//sys/class/net/lo/subsystem/lo/subsystem/eth0" "Mozilla/5.0 AppleWebKit/537.36 (KHTML, like Gecko; compatible; GPTBot/1.3; +https://openai.com/gptbot)" mail.okformaturas.com.br 10.53.224.234
74.7.243.224 - - [23/Apr/2026:14:37:45 -0300] "GET /?fileloc=//sys/class/net/lo/subsystem/lo/subsystem/eth0/link_mode&path=//sys/class/net/lo/subsystem/lo/subsystem/eth0 HTTP/2.0" 200 3224 "https://mail.okformaturas.com.br/?path=//sys/class/net/lo/subsystem/lo/subsystem/eth0" "Mozilla/5.0 AppleWebKit/537.36 (KHTML, like Gecko; compatible; GPTBot/1.3; +https://openai.com/gptbot)" mail.okformaturas.com.br 10.53.224.234
74.7.243.224 - - [23/Apr/2026:14:37:46 -0300] "GET /?fileloc=//sys/class/net/lo/subsystem/eth0/subsystem/lo/dev_port&path=//sys/class/net/lo/subsystem/eth0/subsystem/lo HTTP/2.0" 200 3227 "https://mail.okformaturas.com.br/?path=//sys/class/net/lo/subsystem/eth0/subsystem/lo" "Mozilla/5.0 AppleWebKit/537.36 (KHTML, like Gecko; compatible; GPTBot/1.3; +https://openai.com/gptbot)" mail.okformaturas.com.br 10.53.224.234
74.7.243.224 - - [23/Apr/2026:14:37:46 -0300] "GET /?fileloc=//sys/class/net/lo/subsystem/eth0/subsystem/lo/carrier_changes&path=//sys/class/net/lo/subsystem/eth0/subsystem/lo HTTP/2.0" 200 3232 "https://mail.okformaturas.com.br/?path=//sys/class/net/lo/subsystem/eth0/subsystem/lo" "Mozilla/5.0 AppleWebKit/537.36 (KHTML, like Gecko; compatible; GPTBot/1.3; +https://openai.com/gptbot)" mail.okformaturas.com.br 10.53.224.234
74.7.243.224 - - [23/Apr/2026:14:37:47 -0300] "GET /?fileloc=//sys/class/net/lo/subsystem/eth0/subsystem/lo/phys_switch_id&path=//sys/class/net/lo/subsystem/eth0/subsystem/lo HTTP/2.0" 200 3230 "https://mail.okformaturas.com.br/?path=//sys/class/net/lo/subsystem/eth0/subsystem/lo" "Mozilla/5.0 AppleWebKit/537.36 (KHTML, like Gecko; compatible; GPTBot/1.3; +https://openai.com/gptbot)" mail.okformaturas.com.br 10.53.224.234
74.7.243.224 - - [23/Apr/2026:14:37:47 -0300] "GET /?fileloc=//sys/class/net/lo/subsystem/eth0/subsystem/lo/dev_id&path=//sys/class/net/lo/subsystem/eth0/subsystem/lo HTTP/2.0" 200 3226 "https://mail.okformaturas.com.br/?path=//sys/class/net/lo/subsystem/eth0/subsystem/lo" "Mozilla/5.0 AppleWebKit/537.36 (KHTML, like Gecko; compatible; GPTBot/1.3; +https://openai.com/gptbot)" mail.okformaturas.com.br 10.53.224.234
74.7.243.224 - - [23/Apr/2026:14:37:48 -0300] "GET /?fileloc=//sys/class/net/lo/subsystem/lo/subsystem/eth0/dev_port&path=//sys/class/net/lo/subsystem/lo/subsystem/eth0 HTTP/2.0" 200 3225 "https://mail.okformaturas.com.br/?path=//sys/class/net/lo/subsystem/lo/subsystem/eth0" "Mozilla/5.0 AppleWebKit/537.36 (KHTML, like Gecko; compatible; GPTBot/1.3; +https://openai.com/gptbot)" mail.okformaturas.com.br 10.53.224.234
74.7.243.224 - - [23/Apr/2026:14:37:49 -0300] "GET /?fileloc=//sys/class/net/lo/subsystem/eth0/subsystem/lo/tx_queue_len&path=//sys/class/net/lo/subsystem/eth0/subsystem/lo HTTP/2.0" 200 3234 "https://mail.okformaturas.com.br/?path=//sys/class/net/lo/subsystem/eth0/subsystem/lo" "Mozilla/5.0 AppleWebKit/537.36 (KHTML, like Gecko; compatible; GPTBot/1.3; +https://openai.com/gptbot)" mail.okformaturas.com.br 10.53.224.234
74.7.243.224 - - [23/Apr/2026:14:37:49 -0300] "GET /?fileloc=//sys/class/net/lo/subsystem/eth0/subsystem/lo/addr_len&path=//sys/class/net/lo/subsystem/eth0/subsystem/lo HTTP/2.0" 200 3227 "https://mail.okformaturas.com.br/?path=//sys/class/net/lo/subsystem/eth0/subsystem/lo" "Mozilla/5.0 AppleWebKit/537.36 (KHTML, like Gecko; compatible; GPTBot/1.3; +https://openai.com/gptbot)" mail.okformaturas.com.br 10.53.224.234
74.7.243.224 - - [23/Apr/2026:14:37:50 -0300] "GET /?fileloc=//sys/class/net/lo/subsystem/lo/subsystem/eth0/carrier_changes&path=//sys/class/net/lo/subsystem/lo/subsystem/eth0 HTTP/2.0" 200 3229 "https://mail.okformaturas.com.br/?path=//sys/class/net/lo/subsystem/lo/subsystem/eth0" "Mozilla/5.0 AppleWebKit/537.36 (KHTML, like Gecko; compatible; GPTBot/1.3; +https://openai.com/gptbot)" mail.okformaturas.com.br 10.53.224.234
74.7.243.224 - - [23/Apr/2026:14:37:50 -0300] "GET /?fileloc=//sys/class/net/lo/subsystem/lo/subsystem/eth0/tx_queue_len&path=//sys/class/net/lo/subsystem/lo/subsystem/eth0 HTTP/2.0" 200 3231 "https://mail.okformaturas.com.br/?path=//sys/class/net/lo/subsystem/lo/subsystem/eth0" "Mozilla/5.0 AppleWebKit/537.36 (KHTML, like Gecko; compatible; GPTBot/1.3; +https://openai.com/gptbot)" mail.okformaturas.com.br 10.53.224.234
74.7.243.224 - - [23/Apr/2026:14:37:51 -0300] "GET /?fileloc=//sys/class/net/lo/subsystem/eth0/subsystem/lo/phys_port_name&path=//sys/class/net/lo/subsystem/eth0/subsystem/lo HTTP/2.0" 200 3229 "https://mail.okformaturas.com.br/?path=//sys/class/net/lo/subsystem/eth0/subsystem/lo" "Mozilla/5.0 AppleWebKit/537.36 (KHTML, like Gecko; compatible; GPTBot/1.3; +https://openai.com/gptbot)" mail.okformaturas.com.br 10.53.224.234
74.7.243.224 - - [23/Apr/2026:14:37:51 -0300] "GET /?fileloc=//sys/class/net/lo/subsystem/eth0/subsystem/lo/link_mode&path=//sys/class/net/lo/subsystem/eth0/subsystem/lo HTTP/2.0" 200 3227 "https://mail.okformaturas.com.br/?path=//sys/class/net/lo/subsystem/eth0/subsystem/lo" "Mozilla/5.0 AppleWebKit/537.36 (KHTML, like Gecko; compatible; GPTBot/1.3; +https://openai.com/gptbot)" mail.okformaturas.com.br 10.53.224.234
74.7.243.224 - - [23/Apr/2026:14:37:52 -0300] "GET /?fileloc=//sys/class/net/lo/subsystem/lo/subsystem/eth0/proto_down&path=//sys/class/net/lo/subsystem/lo/subsystem/eth0 HTTP/2.0" 200 3226 "https://mail.okformaturas.com.br/?path=//sys/class/net/lo/subsystem/lo/subsystem/eth0" "Mozilla/5.0 AppleWebKit/537.36 (KHTML, like Gecko; compatible; GPTBot/1.3; +https://openai.com/gptbot)" mail.okformaturas.com.br 10.53.224.234
74.7.243.224 - - [23/Apr/2026:14:37:52 -0300] "GET /?fileloc=//sys/class/net/lo/subsystem/eth0/subsystem/lo/name_assign_type&path=//sys/class/net/lo/subsystem/eth0/subsystem/lo HTTP/2.0" 200 3229 "https://mail.okformaturas.com.br/?path=//sys/class/net/lo/subsystem/eth0/subsystem/lo" "Mozilla/5.0 AppleWebKit/537.36 (KHTML, like Gecko; compatible; GPTBot/1.3; +https://openai.com/gptbot)" mail.okformaturas.com.br 10.53.224.234
74.7.243.224 - - [23/Apr/2026:14:37:53 -0300] "GET /?fileloc=//sys/class/net/lo/subsystem/lo/subsystem/eth0/netdev_group&path=//sys/class/net/lo/subsystem/lo/subsystem/eth0 HTTP/2.0" 200 3227 "https://mail.okformaturas.com.br/?path=//sys/class/net/lo/subsystem/lo/subsystem/eth0" "Mozilla/5.0 AppleWebKit/537.36 (KHTML, like Gecko; compatible; GPTBot/1.3; +https://openai.com/gptbot)" mail.okformaturas.com.br 10.53.224.234
66.249.69.5 - - [23/Apr/2026:14:37:50 -0300] "GET /?8bb951132894501.html HTTP/1.1" 200 167143 "-" "Mozilla/5.0 (Linux; Android 6.0.1; Nexus 5X Build/MMB29P) AppleWebKit/537.36 (KHTML, like Gecko) Chrome/146.0.7680.177 Mobile Safari/537.36 (compatible; Googlebot/2.1; +http://www.google.com/bot.html)" okformaturas.com.br 10.53.224.234
74.7.243.224 - - [23/Apr/2026:14:37:54 -0300] "GET /?fileloc=//sys/class/net/lo/subsystem/lo/subsystem/eth0/addr_assign_type&path=//sys/class/net/lo/subsystem/lo/subsystem/eth0 HTTP/2.0" 200 3229 "https://mail.okformaturas.com.br/?path=//sys/class/net/lo/subsystem/lo/subsystem/eth0" "Mozilla/5.0 AppleWebKit/537.36 (KHTML, like Gecko; compatible; GPTBot/1.3; +https://openai.com/gptbot)" mail.okformaturas.com.br 10.53.224.234
74.7.243.224 - - [23/Apr/2026:14:37:54 -0300] "GET /?fileloc=//sys/class/net/lo/subsystem/eth0/subsystem/lo/phys_port_id&path=//sys/class/net/lo/subsystem/eth0/subsystem/lo HTTP/2.0" 200 3228 "https://mail.okformaturas.com.br/?path=//sys/class/net/lo/subsystem/eth0/subsystem/lo" "Mozilla/5.0 AppleWebKit/537.36 (KHTML, like Gecko; compatible; GPTBot/1.3; +https://openai.com/gptbot)" mail.okformaturas.com.br 10.53.224.234
74.7.243.224 - - [23/Apr/2026:14:37:55 -0300] "GET /?fileloc=//sys/class/net/lo/subsystem/eth0/subsystem/lo/proto_down&path=//sys/class/net/lo/subsystem/eth0/subsystem/lo HTTP/2.0" 200 3228 "https://mail.okformaturas.com.br/?path=//sys/class/net/lo/subsystem/eth0/subsystem/lo" "Mozilla/5.0 AppleWebKit/537.36 (KHTML, like Gecko; compatible; GPTBot/1.3; +https://openai.com/gptbot)" mail.okformaturas.com.br 10.53.224.234
74.7.243.224 - - [23/Apr/2026:14:37:55 -0300] "GET /?fileloc=//sys/class/net/lo/subsystem/eth0/subsystem/lo/carrier_up_count&path=//sys/class/net/lo/subsystem/eth0/subsystem/lo HTTP/2.0" 200 3233 "https://mail.okformaturas.com.br/?path=//sys/class/net/lo/subsystem/eth0/subsystem/lo" "Mozilla/5.0 AppleWebKit/537.36 (KHTML, like Gecko; compatible; GPTBot/1.3; +https://openai.com/gptbot)" mail.okformaturas.com.br 10.53.224.234
74.7.243.224 - - [23/Apr/2026:14:37:56 -0300] "GET /?fileloc=//sys/class/net/lo/subsystem/lo/subsystem/eth0/carrier_up_count&path=//sys/class/net/lo/subsystem/lo/subsystem/eth0 HTTP/2.0" 200 3230 "https://mail.okformaturas.com.br/?path=//sys/class/net/lo/subsystem/lo/subsystem/eth0" "Mozilla/5.0 AppleWebKit/537.36 (KHTML, like Gecko; compatible; GPTBot/1.3; +https://openai.com/gptbot)" mail.okformaturas.com.br 10.53.224.234
74.7.243.224 - - [23/Apr/2026:14:37:56 -0300] "GET /?fileloc=//sys/class/net/lo/subsystem/eth0/subsystem/lo/netdev_group&path=//sys/class/net/lo/subsystem/eth0/subsystem/lo HTTP/2.0" 200 3230 "https://mail.okformaturas.com.br/?path=//sys/class/net/lo/subsystem/eth0/subsystem/lo" "Mozilla/5.0 AppleWebKit/537.36 (KHTML, like Gecko; compatible; GPTBot/1.3; +https://openai.com/gptbot)" mail.okformaturas.com.br 10.53.224.234
74.7.243.224 - - [23/Apr/2026:14:37:57 -0300] "GET /?fileloc=//sys/class/net/lo/subsystem/eth0/subsystem/lo/operstate&path=//sys/class/net/lo/subsystem/eth0/subsystem/lo HTTP/2.0" 200 3231 "https://mail.okformaturas.com.br/?path=//sys/class/net/lo/subsystem/eth0/subsystem/lo" "Mozilla/5.0 AppleWebKit/537.36 (KHTML, like Gecko; compatible; GPTBot/1.3; +https://openai.com/gptbot)" mail.okformaturas.com.br 10.53.224.234
74.7.243.224 - - [23/Apr/2026:14:37:57 -0300] "GET /?fileloc=//sys/class/net/lo/subsystem/lo/subsystem/eth0/testing&path=//sys/class/net/lo/subsystem/lo/subsystem/eth0 HTTP/2.0" 200 3223 "https://mail.okformaturas.com.br/?path=//sys/class/net/lo/subsystem/lo/subsystem/eth0" "Mozilla/5.0 AppleWebKit/537.36 (KHTML, like Gecko; compatible; GPTBot/1.3; +https://openai.com/gptbot)" mail.okformaturas.com.br 10.53.224.234
74.7.243.224 - - [23/Apr/2026:14:37:58 -0300] "GET /?fileloc=//sys/class/net/lo/subsystem/lo/subsystem/eth0/ifindex&path=//sys/class/net/lo/subsystem/lo/subsystem/eth0 HTTP/2.0" 200 3222 "https://mail.okformaturas.com.br/?path=//sys/class/net/lo/subsystem/lo/subsystem/eth0" "Mozilla/5.0 AppleWebKit/537.36 (KHTML, like Gecko; compatible; GPTBot/1.3; +https://openai.com/gptbot)" mail.okformaturas.com.br 10.53.224.234
66.249.69.5 - - [23/Apr/2026:14:37:56 -0300] "POST /kaunet/categoryshop/office/sitemap/KWf_CGmNaviPlusAjaxAction.jsp HTTP/1.1" 200 148820 "https://okformaturas.com.br/?b2d7f436407901.html" "Mozilla/5.0 (Linux; Android 6.0.1; Nexus 5X Build/MMB29P) AppleWebKit/537.36 (KHTML, like Gecko) Chrome/146.0.7680.177 Mobile Safari/537.36 (compatible; Googlebot/2.1; +http://www.google.com/bot.html)" okformaturas.com.br 10.53.224.234
74.7.243.224 - - [23/Apr/2026:14:37:59 -0300] "GET /?fileloc=//sys/class/net/lo/subsystem/eth0/subsystem/lo/broadcast&path=//sys/class/net/lo/subsystem/eth0/subsystem/lo HTTP/2.0" 200 3231 "https://mail.okformaturas.com.br/?path=//sys/class/net/lo/subsystem/eth0/subsystem/lo" "Mozilla/5.0 AppleWebKit/537.36 (KHTML, like Gecko; compatible; GPTBot/1.3; +https://openai.com/gptbot)" mail.okformaturas.com.br 10.53.224.234
74.7.243.224 - - [23/Apr/2026:14:37:59 -0300] "GET /?fileloc=//sys/class/net/lo/subsystem/lo/subsystem/eth0/speed&path=//sys/class/net/lo/subsystem/lo/subsystem/eth0 HTTP/2.0" 200 3222 "https://mail.okformaturas.com.br/?path=//sys/class/net/lo/subsystem/lo/subsystem/eth0" "Mozilla/5.0 AppleWebKit/537.36 (KHTML, like Gecko; compatible; GPTBot/1.3; +https://openai.com/gptbot)" mail.okformaturas.com.br 10.53.224.234
74.7.243.224 - - [23/Apr/2026:14:38:00 -0300] "GET /?fileloc=//sys/class/net/lo/subsystem/lo/subsystem/eth0/uevent&path=//sys/class/net/lo/subsystem/lo/subsystem/eth0 HTTP/2.0" 200 3245 "https://mail.okformaturas.com.br/?path=//sys/class/net/lo/subsystem/lo/subsystem/eth0" "Mozilla/5.0 AppleWebKit/537.36 (KHTML, like Gecko; compatible; GPTBot/1.3; +https://openai.com/gptbot)" mail.okformaturas.com.br 10.53.224.234
216.73.217.120 - - [23/Apr/2026:14:38:00 -0300] "GET /?fileloc=%2Fhome2%2Fokform09%2Fpublic_html%2Fclick.php&path=%2Fhome2%2Fokform09%2Fpublic_html HTTP/2.0" 409 83 "-" "Mozilla/5.0 AppleWebKit/537.36 (KHTML, like Gecko; compatible; ClaudeBot/1.0; +claudebot@anthropic.com)" okformaturas.com.br 10.53.224.234
74.7.243.224 - - [23/Apr/2026:14:38:00 -0300] "GET /?fileloc=//sys/class/net/lo/subsystem/lo/subsystem/eth0/ifalias&path=//sys/class/net/lo/subsystem/lo/subsystem/eth0 HTTP/2.0" 200 3221 "https://mail.okformaturas.com.br/?path=//sys/class/net/lo/subsystem/lo/subsystem/eth0" "Mozilla/5.0 AppleWebKit/537.36 (KHTML, like Gecko; compatible; GPTBot/1.3; +https://openai.com/gptbot)" mail.okformaturas.com.br 10.53.224.234
74.7.242.19 - - [23/Apr/2026:14:38:00 -0300] "GET /goodscode/439431727 HTTP/2.0" 200 14676 "https://okformaturas.com.br/?sitemap472.xml" "Mozilla/5.0 AppleWebKit/537.36 (KHTML, like Gecko; compatible; GPTBot/1.3; +https://openai.com/gptbot)" okformaturas.com.br 10.53.224.234
74.7.243.224 - - [23/Apr/2026:14:38:01 -0300] "GET /?fileloc=//sys/class/net/lo/subsystem/lo/subsystem/eth0/dormant&path=//sys/class/net/lo/subsystem/lo/subsystem/eth0 HTTP/2.0" 200 3223 "https://mail.okformaturas.com.br/?path=//sys/class/net/lo/subsystem/lo/subsystem/eth0" "Mozilla/5.0 AppleWebKit/537.36 (KHTML, like Gecko; compatible; GPTBot/1.3; +https://openai.com/gptbot)" mail.okformaturas.com.br 10.53.224.234
74.7.243.224 - - [23/Apr/2026:14:38:01 -0300] "GET /?fileloc=//sys/class/net/lo/subsystem/lo/subsystem/eth0/flags&path=//sys/class/net/lo/subsystem/lo/subsystem/eth0 HTTP/2.0" 200 3224 "https://mail.okformaturas.com.br/?path=//sys/class/net/lo/subsystem/lo/subsystem/eth0" "Mozilla/5.0 AppleWebKit/537.36 (KHTML, like Gecko; compatible; GPTBot/1.3; +https://openai.com/gptbot)" mail.okformaturas.com.br 10.53.224.234
74.7.243.224 - - [23/Apr/2026:14:38:02 -0300] "GET /?fileloc=//sys/class/net/lo/subsystem/eth0/subsystem/lo/threaded&path=//sys/class/net/lo/subsystem/eth0/subsystem/lo HTTP/2.0" 200 3226 "https://mail.okformaturas.com.br/?path=//sys/class/net/lo/subsystem/eth0/subsystem/lo" "Mozilla/5.0 AppleWebKit/537.36 (KHTML, like Gecko; compatible; GPTBot/1.3; +https://openai.com/gptbot)" mail.okformaturas.com.br 10.53.224.234
74.7.243.224 - - [23/Apr/2026:14:38:02 -0300] "GET /?fileloc=//sys/class/net/lo/subsystem/eth0/subsystem/lo/dormant&path=//sys/class/net/lo/subsystem/eth0/subsystem/lo HTTP/2.0" 200 3225 "https://mail.okformaturas.com.br/?path=//sys/class/net/lo/subsystem/eth0/subsystem/lo" "Mozilla/5.0 AppleWebKit/537.36 (KHTML, like Gecko; compatible; GPTBot/1.3; +https://openai.com/gptbot)" mail.okformaturas.com.br 10.53.224.234
74.7.243.224 - - [23/Apr/2026:14:38:03 -0300] "GET /?fileloc=//sys/class/net/lo/subsystem/eth0/subsystem/lo/address&path=//sys/class/net/lo/subsystem/eth0/subsystem/lo HTTP/2.0" 200 3229 "https://mail.okformaturas.com.br/?path=//sys/class/net/lo/subsystem/eth0/subsystem/lo" "Mozilla/5.0 AppleWebKit/537.36 (KHTML, like Gecko; compatible; GPTBot/1.3; +https://openai.com/gptbot)" mail.okformaturas.com.br 10.53.224.234
74.7.243.224 - - [23/Apr/2026:14:38:04 -0300] "GET /?fileloc=//sys/class/net/lo/subsystem/lo/subsystem/eth0/iflink&path=//sys/class/net/lo/subsystem/lo/subsystem/eth0 HTTP/2.0" 200 3222 "https://mail.okformaturas.com.br/?path=//sys/class/net/lo/subsystem/lo/subsystem/eth0" "Mozilla/5.0 AppleWebKit/537.36 (KHTML, like Gecko; compatible; GPTBot/1.3; +https://openai.com/gptbot)" mail.okformaturas.com.br 10.53.224.234
66.249.69.6 - - [23/Apr/2026:14:38:01 -0300] "GET /goodscode/2864189724 HTTP/1.1" 200 152569 "-" "Mozilla/5.0 (compatible; Googlebot/2.1; +http://www.google.com/bot.html)" okformaturas.com.br 10.53.224.234
74.7.243.224 - - [23/Apr/2026:14:38:04 -0300] "GET /?fileloc=//sys/class/net/lo/subsystem/lo/subsystem/eth0/operstate&path=//sys/class/net/lo/subsystem/lo/subsystem/eth0 HTTP/2.0" 200 3225 "https://mail.okformaturas.com.br/?path=//sys/class/net/lo/subsystem/lo/subsystem/eth0" "Mozilla/5.0 AppleWebKit/537.36 (KHTML, like Gecko; compatible; GPTBot/1.3; +https://openai.com/gptbot)" mail.okformaturas.com.br 10.53.224.234
74.7.243.224 - - [23/Apr/2026:14:38:05 -0300] "GET /?fileloc=//sys/class/net/lo/subsystem/lo/subsystem/eth0/duplex&path=//sys/class/net/lo/subsystem/lo/subsystem/eth0 HTTP/2.0" 200 3225 "https://mail.okformaturas.com.br/?path=//sys/class/net/lo/subsystem/lo/subsystem/eth0" "Mozilla/5.0 AppleWebKit/537.36 (KHTML, like Gecko; compatible; GPTBot/1.3; +https://openai.com/gptbot)" mail.okformaturas.com.br 10.53.224.234
74.7.243.224 - - [23/Apr/2026:14:38:05 -0300] "GET /?fileloc=//sys/class/net/lo/subsystem/lo/subsystem/eth0/mtu&path=//sys/class/net/lo/subsystem/lo/subsystem/eth0 HTTP/2.0" 200 3223 "https://mail.okformaturas.com.br/?path=//sys/class/net/lo/subsystem/lo/subsystem/eth0" "Mozilla/5.0 AppleWebKit/537.36 (KHTML, like Gecko; compatible; GPTBot/1.3; +https://openai.com/gptbot)" mail.okformaturas.com.br 10.53.224.234
74.7.243.224 - - [23/Apr/2026:14:38:06 -0300] "GET /?fileloc=//sys/class/net/lo/subsystem/lo/subsystem/eth0/broadcast&path=//sys/class/net/lo/subsystem/lo/subsystem/eth0 HTTP/2.0" 200 3228 "https://mail.okformaturas.com.br/?path=//sys/class/net/lo/subsystem/lo/subsystem/eth0" "Mozilla/5.0 AppleWebKit/537.36 (KHTML, like Gecko; compatible; GPTBot/1.3; +https://openai.com/gptbot)" mail.okformaturas.com.br 10.53.224.234
74.7.243.224 - - [23/Apr/2026:14:38:07 -0300] "GET /?fileloc=//sys/class/net/lo/subsystem/lo/subsystem/eth0/threaded&path=//sys/class/net/lo/subsystem/lo/subsystem/eth0 HTTP/2.0" 200 3223 "https://mail.okformaturas.com.br/?path=//sys/class/net/lo/subsystem/lo/subsystem/eth0" "Mozilla/5.0 AppleWebKit/537.36 (KHTML, like Gecko; compatible; GPTBot/1.3; +https://openai.com/gptbot)" mail.okformaturas.com.br 10.53.224.234
74.7.243.224 - - [23/Apr/2026:14:38:07 -0300] "GET /?fileloc=//sys/class/net/lo/subsystem/eth0/subsystem/lo/ifalias&path=//sys/class/net/lo/subsystem/eth0/subsystem/lo HTTP/2.0" 200 3224 "https://mail.okformaturas.com.br/?path=//sys/class/net/lo/subsystem/eth0/subsystem/lo" "Mozilla/5.0 AppleWebKit/537.36 (KHTML, like Gecko; compatible; GPTBot/1.3; +https://openai.com/gptbot)" mail.okformaturas.com.br 10.53.224.234
74.7.243.224 - - [23/Apr/2026:14:38:08 -0300] "GET /?fileloc=//sys/class/net/lo/subsystem/eth0/subsystem/lo/flags&path=//sys/class/net/lo/subsystem/eth0/subsystem/lo HTTP/2.0" 200 3225 "https://mail.okformaturas.com.br/?path=//sys/class/net/lo/subsystem/eth0/subsystem/lo" "Mozilla/5.0 AppleWebKit/537.36 (KHTML, like Gecko; compatible; GPTBot/1.3; +https://openai.com/gptbot)" mail.okformaturas.com.br 10.53.224.234
74.7.243.224 - - [23/Apr/2026:14:38:08 -0300] "GET /?fileloc=//sys/class/net/lo/subsystem/eth0/subsystem/lo/carrier&path=//sys/class/net/lo/subsystem/eth0/subsystem/lo HTTP/2.0" 200 3226 "https://mail.okformaturas.com.br/?path=//sys/class/net/lo/subsystem/eth0/subsystem/lo" "Mozilla/5.0 AppleWebKit/537.36 (KHTML, like Gecko; compatible; GPTBot/1.3; +https://openai.com/gptbot)" mail.okformaturas.com.br 10.53.224.234
74.7.243.224 - - [23/Apr/2026:14:38:09 -0300] "GET /?fileloc=//sys/class/net/lo/subsystem/eth0/subsystem/lo/ifindex&path=//sys/class/net/lo/subsystem/eth0/subsystem/lo HTTP/2.0" 200 3224 "https://mail.okformaturas.com.br/?path=//sys/class/net/lo/subsystem/eth0/subsystem/lo" "Mozilla/5.0 AppleWebKit/537.36 (KHTML, like Gecko; compatible; GPTBot/1.3; +https://openai.com/gptbot)" mail.okformaturas.com.br 10.53.224.234
74.7.243.224 - - [23/Apr/2026:14:38:09 -0300] "GET /?fileloc=//sys/class/net/lo/subsystem/eth0/subsystem/lo/iflink&path=//sys/class/net/lo/subsystem/eth0/subsystem/lo HTTP/2.0" 200 3224 "https://mail.okformaturas.com.br/?path=//sys/class/net/lo/subsystem/eth0/subsystem/lo" "Mozilla/5.0 AppleWebKit/537.36 (KHTML, like Gecko; compatible; GPTBot/1.3; +https://openai.com/gptbot)" mail.okformaturas.com.br 10.53.224.234
74.7.243.224 - - [23/Apr/2026:14:38:10 -0300] "GET /?fileloc=//sys/class/net/lo/subsystem/eth0/subsystem/lo/speed&path=//sys/class/net/lo/subsystem/eth0/subsystem/lo HTTP/2.0" 200 3222 "https://mail.okformaturas.com.br/?path=//sys/class/net/lo/subsystem/eth0/subsystem/lo" "Mozilla/5.0 AppleWebKit/537.36 (KHTML, like Gecko; compatible; GPTBot/1.3; +https://openai.com/gptbot)" mail.okformaturas.com.br 10.53.224.234
74.7.243.224 - - [23/Apr/2026:14:38:11 -0300] "GET /?fileloc=//sys/class/net/lo/subsystem/eth0/subsystem/lo/mtu&path=//sys/class/net/lo/subsystem/eth0/subsystem/lo HTTP/2.0" 200 3227 "https://mail.okformaturas.com.br/?path=//sys/class/net/lo/subsystem/eth0/subsystem/lo" "Mozilla/5.0 AppleWebKit/537.36 (KHTML, like Gecko; compatible; GPTBot/1.3; +https://openai.com/gptbot)" mail.okformaturas.com.br 10.53.224.234
74.7.243.224 - - [23/Apr/2026:14:38:11 -0300] "GET /?fileloc=//sys/class/net/lo/subsystem/eth0/subsystem/lo/uevent&path=//sys/class/net/lo/subsystem/eth0/subsystem/lo HTTP/2.0" 200 3247 "https://mail.okformaturas.com.br/?path=//sys/class/net/lo/subsystem/eth0/subsystem/lo" "Mozilla/5.0 AppleWebKit/537.36 (KHTML, like Gecko; compatible; GPTBot/1.3; +https://openai.com/gptbot)" mail.okformaturas.com.br 10.53.224.234
66.249.69.5 - - [23/Apr/2026:14:38:09 -0300] "GET /?824e4613162801.html HTTP/1.1" 200 154781 "-" "Mozilla/5.0 (Linux; Android 6.0.1; Nexus 5X Build/MMB29P) AppleWebKit/537.36 (KHTML, like Gecko) Chrome/146.0.7680.177 Mobile Safari/537.36 (compatible; Googlebot/2.1; +http://www.google.com/bot.html)" okformaturas.com.br 10.53.224.234
74.7.243.224 - - [23/Apr/2026:14:38:12 -0300] "GET /?fileloc=//sys/class/net/lo/subsystem/lo/subsystem/eth0/address&path=//sys/class/net/lo/subsystem/lo/subsystem/eth0 HTTP/2.0" 200 3235 "https://mail.okformaturas.com.br/?path=//sys/class/net/lo/subsystem/lo/subsystem/eth0" "Mozilla/5.0 AppleWebKit/537.36 (KHTML, like Gecko; compatible; GPTBot/1.3; +https://openai.com/gptbot)" mail.okformaturas.com.br 10.53.224.234
74.7.243.224 - - [23/Apr/2026:14:38:12 -0300] "GET /?fileloc=//sys/class/net/lo/subsystem/eth0/subsystem/lo/duplex&path=//sys/class/net/lo/subsystem/eth0/subsystem/lo HTTP/2.0" 200 3222 "https://mail.okformaturas.com.br/?path=//sys/class/net/lo/subsystem/eth0/subsystem/lo" "Mozilla/5.0 AppleWebKit/537.36 (KHTML, like Gecko; compatible; GPTBot/1.3; +https://openai.com/gptbot)" mail.okformaturas.com.br 10.53.224.234
74.7.243.224 - - [23/Apr/2026:14:38:13 -0300] "GET /?fileloc=//sys/class/net/lo/subsystem/lo/subsystem/eth0/carrier&path=//sys/class/net/lo/subsystem/lo/subsystem/eth0 HTTP/2.0" 200 3223 "https://mail.okformaturas.com.br/?path=//sys/class/net/lo/subsystem/lo/subsystem/eth0" "Mozilla/5.0 AppleWebKit/537.36 (KHTML, like Gecko; compatible; GPTBot/1.3; +https://openai.com/gptbot)" mail.okformaturas.com.br 10.53.224.234
74.7.243.224 - - [23/Apr/2026:14:38:13 -0300] "GET /?fileloc=//sys/class/net/lo/subsystem/eth0/subsystem/lo/testing&path=//sys/class/net/lo/subsystem/eth0/subsystem/lo HTTP/2.0" 200 3226 "https://mail.okformaturas.com.br/?path=//sys/class/net/lo/subsystem/eth0/subsystem/lo" "Mozilla/5.0 AppleWebKit/537.36 (KHTML, like Gecko; compatible; GPTBot/1.3; +https://openai.com/gptbot)" mail.okformaturas.com.br 10.53.224.234
74.7.243.224 - - [23/Apr/2026:14:38:14 -0300] "GET /?fileloc=//sys/class/net/lo/subsystem/lo/subsystem/eth0/gro_flush_timeout&path=//sys/class/net/lo/subsystem/lo/subsystem/eth0 HTTP/2.0" 200 3231 "https://mail.okformaturas.com.br/?path=//sys/class/net/lo/subsystem/lo/subsystem/eth0" "Mozilla/5.0 AppleWebKit/537.36 (KHTML, like Gecko; compatible; GPTBot/1.3; +https://openai.com/gptbot)" mail.okformaturas.com.br 10.53.224.234
74.7.243.224 - - [23/Apr/2026:14:38:14 -0300] "GET /?fileloc=//sys/class/net/lo/subsystem/eth0/subsystem/lo/gro_flush_timeout&path=//sys/class/net/lo/subsystem/eth0/subsystem/lo HTTP/2.0" 200 3234 "https://mail.okformaturas.com.br/?path=//sys/class/net/lo/subsystem/eth0/subsystem/lo" "Mozilla/5.0 AppleWebKit/537.36 (KHTML, like Gecko; compatible; GPTBot/1.3; +https://openai.com/gptbot)" mail.okformaturas.com.br 10.53.224.234
74.7.243.224 - - [23/Apr/2026:14:38:15 -0300] "GET /?fileloc=//sys/class/net/lo/subsystem/eth0/subsystem/lo/carrier_down_count&path=//sys/class/net/lo/subsystem/eth0/subsystem/lo HTTP/2.0" 200 3234 "https://mail.okformaturas.com.br/?path=//sys/class/net/lo/subsystem/eth0/subsystem/lo" "Mozilla/5.0 AppleWebKit/537.36 (KHTML, like Gecko; compatible; GPTBot/1.3; +https://openai.com/gptbot)" mail.okformaturas.com.br 10.53.224.234
66.249.69.5 - - [23/Apr/2026:14:38:13 -0300] "POST /kaunet/categoryshop/office/sitemap/KWf_CGmNaviPlusAjaxAction.jsp HTTP/1.1" 200 148820 "https://okformaturas.com.br/?8bb951132894501.html" "Mozilla/5.0 (Linux; Android 6.0.1; Nexus 5X Build/MMB29P) AppleWebKit/537.36 (KHTML, like Gecko) Chrome/146.0.7680.177 Mobile Safari/537.36 (compatible; Googlebot/2.1; +http://www.google.com/bot.html)" okformaturas.com.br 10.53.224.234
74.7.243.224 - - [23/Apr/2026:14:38:15 -0300] "GET /?fileloc=//sys/class/net/lo/subsystem/lo/subsystem/eth0/carrier_down_count&path=//sys/class/net/lo/subsystem/lo/subsystem/eth0 HTTP/2.0" 200 3231 "https://mail.okformaturas.com.br/?path=//sys/class/net/lo/subsystem/lo/subsystem/eth0" "Mozilla/5.0 AppleWebKit/537.36 (KHTML, like Gecko; compatible; GPTBot/1.3; +https://openai.com/gptbot)" mail.okformaturas.com.br 10.53.224.234
74.7.243.224 - - [23/Apr/2026:14:38:16 -0300] "GET /?fileloc=//sys/class/net/lo/subsystem/eth0/subsystem/lo/napi_defer_hard_irqs&path=//sys/class/net/lo/subsystem/eth0/subsystem/lo HTTP/2.0" 200 3237 "https://mail.okformaturas.com.br/?path=//sys/class/net/lo/subsystem/eth0/subsystem/lo" "Mozilla/5.0 AppleWebKit/537.36 (KHTML, like Gecko; compatible; GPTBot/1.3; +https://openai.com/gptbot)" mail.okformaturas.com.br 10.53.224.234
74.7.243.224 - - [23/Apr/2026:14:38:17 -0300] "GET /?fileloc=//sys/class/net/lo/subsystem/lo/subsystem/eth0/napi_defer_hard_irqs&path=//sys/class/net/lo/subsystem/lo/subsystem/eth0 HTTP/2.0" 200 3234 "https://mail.okformaturas.com.br/?path=//sys/class/net/lo/subsystem/lo/subsystem/eth0" "Mozilla/5.0 AppleWebKit/537.36 (KHTML, like Gecko; compatible; GPTBot/1.3; +https://openai.com/gptbot)" mail.okformaturas.com.br 10.53.224.234
74.7.243.224 - - [23/Apr/2026:14:38:17 -0300] "GET /?path=//sys/class/net/lo/subsystem/lo/queues/tx-0/byte_queue_limits HTTP/2.0" 200 4982 "https://mail.okformaturas.com.br/?path=//sys/class/net/lo/subsystem/lo/queues/tx-0" "Mozilla/5.0 AppleWebKit/537.36 (KHTML, like Gecko; compatible; GPTBot/1.3; +https://openai.com/gptbot)" mail.okformaturas.com.br 10.53.224.234
74.7.243.224 - - [23/Apr/2026:14:38:18 -0300] "GET /?path=//sys/class/net/lo/subsystem/eth0/subsystem/lo/subsystem HTTP/2.0" 200 3871 "https://mail.okformaturas.com.br/?path=//sys/class/net/lo/subsystem/eth0/subsystem/lo" "Mozilla/5.0 AppleWebKit/537.36 (KHTML, like Gecko; compatible; GPTBot/1.3; +https://openai.com/gptbot)" mail.okformaturas.com.br 10.53.224.234
74.7.243.224 - - [23/Apr/2026:14:38:18 -0300] "GET /?path=//sys/class/net/lo/subsystem/eth0/subsystem/lo/statistics HTTP/2.0" 200 10790 "https://mail.okformaturas.com.br/?path=//sys/class/net/lo/subsystem/eth0/subsystem/lo" "Mozilla/5.0 AppleWebKit/537.36 (KHTML, like Gecko; compatible; GPTBot/1.3; +https://openai.com/gptbot)" mail.okformaturas.com.br 10.53.224.234
74.7.243.224 - - [23/Apr/2026:14:38:19 -0300] "GET /?path=//etc/alsa HTTP/2.0" 200 3529 "https://mail.okformaturas.com.br/?path=//etc" "Mozilla/5.0 AppleWebKit/537.36 (KHTML, like Gecko; compatible; GPTBot/1.3; +https://openai.com/gptbot)" mail.okformaturas.com.br 10.53.224.234
74.7.243.224 - - [23/Apr/2026:14:38:19 -0300] "GET /?fileloc=//etc/locale.conf&path=//etc HTTP/2.0" 200 3160 "https://mail.okformaturas.com.br/?path=//etc" "Mozilla/5.0 AppleWebKit/537.36 (KHTML, like Gecko; compatible; GPTBot/1.3; +https://openai.com/gptbot)" mail.okformaturas.com.br 10.53.224.234
74.7.243.224 - - [23/Apr/2026:14:38:20 -0300] "GET /?fileloc=//etc/locales.conf&path=//etc HTTP/2.0" 200 3290 "https://mail.okformaturas.com.br/?path=//etc" "Mozilla/5.0 AppleWebKit/537.36 (KHTML, like Gecko; compatible; GPTBot/1.3; +https://openai.com/gptbot)" mail.okformaturas.com.br 10.53.224.234
74.7.243.224 - - [23/Apr/2026:14:38:21 -0300] "GET /?fileloc=//etc/antivirus.exim&path=//etc HTTP/2.0" 200 6003 "https://mail.okformaturas.com.br/?path=//etc" "Mozilla/5.0 AppleWebKit/537.36 (KHTML, like Gecko; compatible; GPTBot/1.3; +https://openai.com/gptbot)" mail.okformaturas.com.br 10.53.224.234
74.7.243.224 - - [23/Apr/2026:14:38:21 -0300] "GET /?path=//sys/class/net/lo/subsystem/lo/subsystem/eth0/subsystem HTTP/2.0" 200 3867 "https://mail.okformaturas.com.br/?path=//sys/class/net/lo/subsystem/lo/subsystem/eth0" "Mozilla/5.0 AppleWebKit/537.36 (KHTML, like Gecko; compatible; GPTBot/1.3; +https://openai.com/gptbot)" mail.okformaturas.com.br 10.53.224.234
74.7.243.224 - - [23/Apr/2026:14:38:22 -0300] "GET /?path=//sys/class/net/lo/subsystem/lo/subsystem/eth0/statistics HTTP/2.0" 200 10807 "https://mail.okformaturas.com.br/?path=//sys/class/net/lo/subsystem/lo/subsystem/eth0" "Mozilla/5.0 AppleWebKit/537.36 (KHTML, like Gecko; compatible; GPTBot/1.3; +https://openai.com/gptbot)" mail.okformaturas.com.br 10.53.224.234
74.7.243.224 - - [23/Apr/2026:14:38:22 -0300] "GET /?path=//var/www HTTP/2.0" 200 5229 "https://mail.okformaturas.com.br/?path=//var" "Mozilla/5.0 AppleWebKit/537.36 (KHTML, like Gecko; compatible; GPTBot/1.3; +https://openai.com/gptbot)" mail.okformaturas.com.br 10.53.224.234
74.7.243.224 - - [23/Apr/2026:14:38:23 -0300] "GET /?fileloc=//etc/exim.conf.local&path=//etc HTTP/2.0" 200 4804 "https://mail.okformaturas.com.br/?path=//etc" "Mozilla/5.0 AppleWebKit/537.36 (KHTML, like Gecko; compatible; GPTBot/1.3; +https://openai.com/gptbot)" mail.okformaturas.com.br 10.53.224.234
74.7.243.224 - - [23/Apr/2026:14:38:23 -0300] "GET /?fileloc=//sys/class/net/lo/subsystem/lo/queues/tx-0/byte_queue_limits/limit&path=//sys/class/net/lo/subsystem/lo/queues/tx-0/byte_queue_limits HTTP/2.0" 200 3264 "https://mail.okformaturas.com.br/?path=//sys/class/net/lo/subsystem/lo/queues/tx-0/byte_queue_limits" "Mozilla/5.0 AppleWebKit/537.36 (KHTML, like Gecko; compatible; GPTBot/1.3; +https://openai.com/gptbot)" mail.okformaturas.com.br 10.53.224.234
66.249.69.6 - - [23/Apr/2026:14:38:20 -0300] "POST /kaunet/categoryshop/office/sitemap/KWf_CGmNaviPlusAjaxAction.jsp HTTP/1.1" 200 148820 "https://okformaturas.com.br/?824e4613162801.html" "Mozilla/5.0 (Linux; Android 6.0.1; Nexus 5X Build/MMB29P) AppleWebKit/537.36 (KHTML, like Gecko) Chrome/146.0.7680.177 Mobile Safari/537.36 (compatible; Googlebot/2.1; +http://www.google.com/bot.html)" okformaturas.com.br 10.53.224.234
74.7.243.224 - - [23/Apr/2026:14:38:24 -0300] "GET /?fileloc=//sys/class/net/lo/subsystem/lo/queues/tx-0/byte_queue_limits/limit_min&path=//sys/class/net/lo/subsystem/lo/queues/tx-0/byte_queue_limits HTTP/2.0" 200 3268 "https://mail.okformaturas.com.br/?path=//sys/class/net/lo/subsystem/lo/queues/tx-0/byte_queue_limits" "Mozilla/5.0 AppleWebKit/537.36 (KHTML, like Gecko; compatible; GPTBot/1.3; +https://openai.com/gptbot)" mail.okformaturas.com.br 10.53.224.234
74.7.243.224 - - [23/Apr/2026:14:38:24 -0300] "GET /?fileloc=//sys/class/net/lo/subsystem/eth0/subsystem/lo/statistics/rx_dropped&path=//sys/class/net/lo/subsystem/eth0/subsystem/lo/statistics HTTP/2.0" 200 3250 "https://mail.okformaturas.com.br/?path=//sys/class/net/lo/subsystem/eth0/subsystem/lo/statistics" "Mozilla/5.0 AppleWebKit/537.36 (KHTML, like Gecko; compatible; GPTBot/1.3; +https://openai.com/gptbot)" mail.okformaturas.com.br 10.53.224.234
74.7.243.224 - - [23/Apr/2026:14:38:25 -0300] "GET /?fileloc=//sys/class/net/lo/subsystem/eth0/subsystem/lo/statistics/tx_dropped&path=//sys/class/net/lo/subsystem/eth0/subsystem/lo/statistics HTTP/2.0" 200 3250 "https://mail.okformaturas.com.br/?path=//sys/class/net/lo/subsystem/eth0/subsystem/lo/statistics" "Mozilla/5.0 AppleWebKit/537.36 (KHTML, like Gecko; compatible; GPTBot/1.3; +https://openai.com/gptbot)" mail.okformaturas.com.br 10.53.224.234
74.7.243.224 - - [23/Apr/2026:14:38:25 -0300] "GET /?fileloc=//sys/class/net/lo/subsystem/eth0/subsystem/lo/statistics/rx_nohandler&path=//sys/class/net/lo/subsystem/eth0/subsystem/lo/statistics HTTP/2.0" 200 3251 "https://mail.okformaturas.com.br/?path=//sys/class/net/lo/subsystem/eth0/subsystem/lo/statistics" "Mozilla/5.0 AppleWebKit/537.36 (KHTML, like Gecko; compatible; GPTBot/1.3; +https://openai.com/gptbot)" mail.okformaturas.com.br 10.53.224.234
74.7.243.224 - - [23/Apr/2026:14:38:26 -0300] "GET /?fileloc=//sys/class/net/lo/subsystem/eth0/subsystem/lo/statistics/rx_length_errors&path=//sys/class/net/lo/subsystem/eth0/subsystem/lo/statistics HTTP/2.0" 200 3255 "https://mail.okformaturas.com.br/?path=//sys/class/net/lo/subsystem/eth0/subsystem/lo/statistics" "Mozilla/5.0 AppleWebKit/537.36 (KHTML, like Gecko; compatible; GPTBot/1.3; +https://openai.com/gptbot)" mail.okformaturas.com.br 10.53.224.234
74.7.243.224 - - [23/Apr/2026:14:38:27 -0300] "GET /?fileloc=//sys/class/net/lo/subsystem/eth0/subsystem/lo/statistics/rx_frame_errors&path=//sys/class/net/lo/subsystem/eth0/subsystem/lo/statistics HTTP/2.0" 200 3254 "https://mail.okformaturas.com.br/?path=//sys/class/net/lo/subsystem/eth0/subsystem/lo/statistics" "Mozilla/5.0 AppleWebKit/537.36 (KHTML, like Gecko; compatible; GPTBot/1.3; +https://openai.com/gptbot)" mail.okformaturas.com.br 10.53.224.234
